-- https://www.phpmyadmin.net/
--
-- Anamakine: localhost:3306
-- Üretim Zamanı: 23 Mar 2021, 21:53:43
-- Sunucu sürümü: 10.3.28-MariaDB
-- PHP Sürümü: 7.3.27

START TRANSACTION;



--
-- Veritabanı: `Veritabanı`
--

-- --------------------------------------------------------

--
-- Tablo için tablo yapısı `api`
--

CREATE TABLE `api` (
  `api_id` int(1) NOT NULL DEFAULT 0,
  `api_analytics` text COLLATE utf8_turkish_ci DEFAULT NULL,
  `api_recaptchasitekey` text COLLATE utf8_turkish_ci DEFAULT NULL,
  `api_recaptchasecretkey` text COLLATE utf8_turkish_ci DEFAULT NULL,
  `api_maps` text COLLATE utf8_turkish_ci DEFAULT NULL,
  `api_sitedogrula` text COLLATE utf8_turkish_ci DEFAULT NULL,
  `api_chat` text COLLATE utf8_turkish_ci DEFAULT NULL
) ENGINE=InnoDB DEFAULT CHARSET=utf8 COLLATE=utf8_turkish_ci;

--
-- Tablo döküm verisi `api`
--

INSERT INTO `api` (`api_id`, `api_analytics`, `api_recaptchasitekey`, `api_recaptchasecretkey`, `api_maps`, `api_sitedogrula`, `api_chat`) VALUES
(0, '', 'demo', 'demo', '', '', '');

-- --------------------------------------------------------

--
-- Tablo için tablo yapısı `ayar`
--

CREATE TABLE `ayar` (
  `ayar_id` int(11) NOT NULL,
  `ayar_logo` varchar(250) COLLATE utf8_turkish_ci DEFAULT NULL,
  `ayar_favicon` varchar(250) COLLATE utf8_turkish_ci DEFAULT NULL,
  `ayar_preloader` varchar(250) COLLATE utf8_turkish_ci DEFAULT NULL,
  `ayar_footer_logo` varchar(250) COLLATE utf8_turkish_ci DEFAULT NULL,
  `ayar_footer_arkaplan` varchar(250) COLLATE utf8_turkish_ci DEFAULT NULL,
  `ayar_smtpserver` varchar(100) COLLATE utf8_turkish_ci DEFAULT NULL,
  `ayar_smtpport` varchar(10) COLLATE utf8_turkish_ci DEFAULT NULL,
  `ayar_smtpprotokol` enum('0','1','2') COLLATE utf8_turkish_ci NOT NULL DEFAULT '0',
  `ayar_smtpemail` varchar(100) COLLATE utf8_turkish_ci DEFAULT NULL,
  `ayar_smtpdurum` enum('0','1') COLLATE utf8_turkish_ci NOT NULL DEFAULT '0',
  `ayar_smtpsifre` varchar(100) COLLATE utf8_turkish_ci DEFAULT NULL,
  `ayar_eposta` varchar(100) COLLATE utf8_turkish_ci DEFAULT NULL,
  `ayar_temarenk` varchar(10) COLLATE utf8_turkish_ci NOT NULL DEFAULT '#ed1c40',
  `ayar_header_tip` enum('1','2','3','4','5','6','7','8','9','10','11','12','13','14','15','16','17','18','19','20','21','22','23','24','25','26') COLLATE utf8_turkish_ci NOT NULL DEFAULT '1',
  `ayar_footer_tip` enum('1','2','3','4','5','6','7','8','9','10','11','12','13','14','15') COLLATE utf8_turkish_ci NOT NULL DEFAULT '1',
  `ayar_slider_tip` enum('1','2','3','4','5') COLLATE utf8_turkish_ci NOT NULL DEFAULT '1',
  `ayar_ekip_tip` enum('1','2','3','4','5','6') COLLATE utf8_turkish_ci NOT NULL DEFAULT '1',
  `ayar_paket_tip` enum('1','2','3') COLLATE utf8_turkish_ci NOT NULL DEFAULT '1',
  `ayar_iletisim_tip` enum('1','2','3') COLLATE utf8_turkish_ci NOT NULL DEFAULT '1',
  `ayar_yorum_tip` enum('1','2','3','4') COLLATE utf8_turkish_ci NOT NULL DEFAULT '1',
  `ayar_counter_tip` enum('1','2','3') COLLATE utf8_turkish_ci NOT NULL DEFAULT '1',
  `ayar_hizmet_tip` enum('1','2','3','4','5','6','7') COLLATE utf8_turkish_ci NOT NULL DEFAULT '1',
  `ayar_urunkategori_tip` enum('1','2','3') COLLATE utf8_turkish_ci NOT NULL DEFAULT '1',
  `ayar_bakimmod` enum('0','1') COLLATE utf8_turkish_ci NOT NULL DEFAULT '0',
  `ayar_slidergridwidth` int(4) NOT NULL DEFAULT 1170,
  `ayar_slidergridheight` int(4) NOT NULL DEFAULT 790,
  `ayar_limit` varchar(60) COLLATE utf8_turkish_ci NOT NULL DEFAULT '3,3,4,4,3,4,4,3,3,3,5,3,5,5,4,4,16,12,12'
) ENGINE=InnoDB DEFAULT CHARSET=utf8 COLLATE=utf8_turkish_ci;

--
-- Tablo döküm verisi `ayar`
--

INSERT INTO `ayar` (`ayar_id`, `ayar_logo`, `ayar_favicon`, `ayar_preloader`, `ayar_footer_logo`, `ayar_footer_arkaplan`, `ayar_smtpserver`, `ayar_smtpport`, `ayar_smtpprotokol`, `ayar_smtpemail`, `ayar_smtpdurum`, `ayar_smtpsifre`, `ayar_eposta`, `ayar_temarenk`, `ayar_header_tip`, `ayar_footer_tip`, `ayar_slider_tip`, `ayar_ekip_tip`, `ayar_paket_tip`, `ayar_iletisim_tip`, `ayar_yorum_tip`, `ayar_counter_tip`, `ayar_hizmet_tip`, `ayar_urunkategori_tip`, `ayar_bakimmod`, `ayar_slidergridwidth`, `ayar_slidergridheight`, `ayar_limit`) VALUES
(0, 'https://demobu.com/riov2/images/22768-logo.png', 'https://demobu.com/riov2/images/40451-footer-logo.png', 'https://demobu.com/riov2/images/favicon.ico?v=1616523871', 'https://demobu.com/riov2/images/40451-footer-logo.png', 'https://demobu.com/riov2/images/27695-footer.jpg', 'mail.domain.com', '465', '2', 'ornek@domain.com', '0', '1234', 'ornek2@domain.com', '#ed1c40', '6', '14', '1', '1', '3', '3', '4', '1', '6', '2', '0', 1170, 790, '3,3,4,3,3,4,4,3,3,3,5,3,5,5,4,4,16,12,12');

-- --------------------------------------------------------

--
-- Tablo için tablo yapısı `banner`
--

CREATE TABLE `banner` (
  `banner_id` int(11) NOT NULL,
  `banner_urunler` varchar(250) COLLATE utf8_turkish_ci DEFAULT NULL,
  `banner_paketler` varchar(250) COLLATE utf8_turkish_ci DEFAULT NULL,
  `banner_projeler` varchar(250) COLLATE utf8_turkish_ci DEFAULT NULL,
  `banner_hizmetler` varchar(250) COLLATE utf8_turkish_ci DEFAULT NULL,
  `banner_sayfalar` varchar(250) COLLATE utf8_turkish_ci DEFAULT NULL,
  `banner_blog` varchar(250) COLLATE utf8_turkish_ci DEFAULT NULL,
  `banner_duyuru` varchar(250) COLLATE utf8_turkish_ci DEFAULT NULL,
  `banner_fotogaleri` varchar(250) COLLATE utf8_turkish_ci DEFAULT NULL,
  `banner_videogaleri` varchar(250) COLLATE utf8_turkish_ci DEFAULT NULL,
  `banner_ekibimiz` varchar(250) COLLATE utf8_turkish_ci DEFAULT NULL,
  `banner_sss` varchar(250) COLLATE utf8_turkish_ci DEFAULT NULL,
  `banner_banka` varchar(250) COLLATE utf8_turkish_ci DEFAULT NULL,
  `banner_sube` varchar(250) COLLATE utf8_turkish_ci DEFAULT NULL,
  `banner_bayi` varchar(250) COLLATE utf8_turkish_ci DEFAULT NULL,
  `banner_referans` varchar(250) COLLATE utf8_turkish_ci DEFAULT NULL,
  `banner_marka` varchar(250) COLLATE utf8_turkish_ci DEFAULT NULL,
  `banner_belge` varchar(250) COLLATE utf8_turkish_ci DEFAULT NULL,
  `banner_ekatalog` varchar(250) COLLATE utf8_turkish_ci DEFAULT NULL,
  `banner_insankaynak` varchar(250) COLLATE utf8_turkish_ci DEFAULT NULL,
  `banner_iletisim` varchar(250) COLLATE utf8_turkish_ci DEFAULT NULL
) ENGINE=InnoDB DEFAULT CHARSET=utf8 COLLATE=utf8_turkish_ci;

--
-- Tablo döküm verisi `banner`
--

INSERT INTO `banner` (`banner_id`, `banner_urunler`, `banner_paketler`, `banner_projeler`, `banner_hizmetler`, `banner_sayfalar`, `banner_blog`, `banner_duyuru`, `banner_fotogaleri`, `banner_videogaleri`, `banner_ekibimiz`, `banner_sss`, `banner_banka`, `banner_sube`, `banner_bayi`, `banner_referans`, `banner_marka`, `banner_belge`, `banner_ekatalog`, `banner_insankaynak`, `banner_iletisim`) VALUES
(0, 'images/banner/4977511079-header-furniture.jpg', 'images/banner/3179138389-hosting-banner-1.jpg', 'images/banner/3916820575-pro.jpeg', 'images/banner/3351443765-Services-08.jpg', 'images/banner/4005537932-cc.jpg', 'images/banner/3921825405-turizm.jpg', 'images/banner/4090849064-news-banner.jpg', 'images/banner/2980234765-banner-4.jpg', 'images/banner/1895516173-video.jpg', 'images/banner/2095231354-our-team.jpg', 'images/banner/3442422267-faq-header.jpg', 'images/banner/2353943926-Bank.jpg', 'images/banner/3458826346-banner.jpg', 'images/banner/2531129624-banner.jpg', 'images/banner/2001449167-banner-4.jpg', 'images/banner/4604349950-banner-4.jpg', 'images/banner/2885122988-creativity-workplace.jpg', 'images/banner/4267014189-d.jpg', 'images/banner/3417647132-hr.jpg', 'images/banner/4627217464-contact-banner.jpeg');

-- --------------------------------------------------------

--
-- Tablo için tablo yapısı `bayi`
--

CREATE TABLE `bayi` (
  `bayi_id` int(11) NOT NULL,
  `bayi_ad` varchar(250) COLLATE utf8_turkish_ci DEFAULT NULL,
  `bayi_adres` varchar(500) COLLATE utf8_turkish_ci DEFAULT NULL,
  `bayi_tel` varchar(50) COLLATE utf8_turkish_ci DEFAULT NULL,
  `bayi_email` varchar(100) COLLATE utf8_turkish_ci DEFAULT NULL,
  `bayi_harita` text COLLATE utf8_turkish_ci DEFAULT NULL,
  `bayi_sira` int(4) NOT NULL DEFAULT 0,
  `bayi_durum` enum('0','1') COLLATE utf8_turkish_ci NOT NULL DEFAULT '1',
  `bayi_dil` int(11) NOT NULL DEFAULT 0
) ENGINE=InnoDB DEFAULT CHARSET=utf8 COLLATE=utf8_turkish_ci;

--
-- Tablo döküm verisi `bayi`
--

INSERT INTO `bayi` (`bayi_id`, `bayi_ad`, `bayi_adres`, `bayi_tel`, `bayi_email`, `bayi_harita`, `bayi_sira`, `bayi_durum`, `bayi_dil`) VALUES
(1, 'İstanbul Bayi', 'Binbirdirek Mh., Sultan Ahmet Parkı No:2, 34122 Fatih/İstanbul', '0535 555 55 55', 'demo@demo.com', '&lt;&lt;iframe src=&quot;https://www.google.com/maps/embed?pb=!1m18!1m12!1m3!1d1505.4106010092594!2d28.97732605807152!3d41.007286494825216!2m3!1f0!2f0!3f0!3m2!1i1024!2i768!4f13.1!3m3!1m2!1s0x14cab9ed7c4b79d9%3A0x5ee51f40833177f0!2sSultanahmet+Meydan%C4%B1!5e0!3m2!1str!2str!4v1540230598090&quot; width=&quot;600&quot; height=&quot;450&quot; frameborder=&quot;0&quot; style=&quot;border:0&quot; allowfullscreen&gt;&lt;/iframe&gt;', 1, '1', 5),
(2, 'Ankara Bayi', 'Kızılay Mah., Atatürk Blv. No:96, 06420 Çankaya/Ankara', '0535 555 55 55', 'demo@demo.com', '&lt;iframe src=&quot;https://www.google.com/maps/embed?pb=!1m18!1m12!1m3!1d3059.886242366028!2d32.851208514799765!3d39.92156187942579!2m3!1f0!2f0!3f0!3m2!1i1024!2i768!4f13.1!3m3!1m2!1s0x14d34e4f53055555%3A0x130478f9cc41e467!2zS8SxesSxbGF5IEFWTQ!5e0!3m2!1str!2str!4v1540231672791&quot; width=&quot;600&quot; height=&quot;450&quot; frameborder=&quot;0&quot; style=&quot;border:0&quot; allowfullscreen&gt;&lt;/iframe&gt;', 2, '1', 5),
(3, 'İzmir Bayi', 'Konak Mahallesi, 35360 Konak/İzmir', '0535 555 55 55', 'demo@demo.com', '&lt;iframe src=&quot;https://www.google.com/maps/embed?pb=!1m18!1m12!1m3!1d3059.886242366028!2d32.851208514799765!3d39.92156187942579!2m3!1f0!2f0!3f0!3m2!1i1024!2i768!4f13.1!3m3!1m2!1s0x14d34e4f53055555%3A0x130478f9cc41e467!2zS8SxesSxbGF5IEFWTQ!5e0!3m2!1str!2str!4v1540231672791&quot; width=&quot;600&quot; height=&quot;450&quot; frameborder=&quot;0&quot; style=&quot;border:0&quot; allowfullscreen&gt;&lt;/iframe&gt;', 3, '1', 5);

-- --------------------------------------------------------

--
-- Tablo için tablo yapısı `belge`
--

CREATE TABLE `belge` (
  `belge_id` int(11) NOT NULL,
  `belge_ad` varchar(250) COLLATE utf8_turkish_ci DEFAULT NULL,
  `belge_sira` int(4) NOT NULL DEFAULT 0,
  `belge_resimyol` varchar(250) COLLATE utf8_turkish_ci DEFAULT NULL,
  `belge_durum` enum('0','1') COLLATE utf8_turkish_ci NOT NULL DEFAULT '1',
  `belge_dil` int(11) NOT NULL DEFAULT 0
) ENGINE=InnoDB DEFAULT CHARSET=utf8 COLLATE=utf8_turkish_ci;

--
-- Tablo döküm verisi `belge`
--

INSERT INTO `belge` (`belge_id`, `belge_ad`, `belge_sira`, `belge_resimyol`, `belge_durum`, `belge_dil`) VALUES
(1, 'Sertifika-2', 2, 'images/belge/1130424182-sertifika-2.jpg', '1', 5),
(2, 'Sertifaka-1', 1, 'images/belge/2915939019-sertifika-1.jpg', '1', 5),
(3, 'Sertifika-3', 3, 'images/belge/3059211477-sertifika-3.jpg', '1', 5),
(4, 'Sertifka-4', 4, 'images/belge/2692529275-sertifika-5.jpg', '1', 5);

-- --------------------------------------------------------

--
-- Tablo için tablo yapısı `blog`
--

CREATE TABLE `blog` (
  `blog_id` int(11) NOT NULL,
  `blog_zaman` timestamp NOT NULL DEFAULT current_timestamp(),
  `blog_resimyol` varchar(250) COLLATE utf8_turkish_ci DEFAULT NULL,
  `blog_thumbresimyol` varchar(250) COLLATE utf8_turkish_ci DEFAULT NULL,
  `blog_ad` varchar(250) COLLATE utf8_turkish_ci DEFAULT NULL,
  `blog_yazar` varchar(100) COLLATE utf8_turkish_ci DEFAULT NULL,
  `blog_kisaca` text COLLATE utf8_turkish_ci DEFAULT NULL,
  `blog_detay` text COLLATE utf8_turkish_ci DEFAULT NULL,
  `blog_title` varchar(250) COLLATE utf8_turkish_ci DEFAULT NULL,
  `blog_keywords` varchar(250) COLLATE utf8_turkish_ci DEFAULT NULL,
  `blog_description` varchar(500) COLLATE utf8_turkish_ci DEFAULT NULL,
  `blog_durum` enum('0','1') COLLATE utf8_turkish_ci NOT NULL DEFAULT '1',
  `blog_anasayfa` enum('0','1') COLLATE utf8_turkish_ci NOT NULL DEFAULT '1',
  `blog_goruntusay` int(11) NOT NULL DEFAULT 1,
  `blog_dil` int(11) NOT NULL DEFAULT 0
) ENGINE=InnoDB DEFAULT CHARSET=utf8 COLLATE=utf8_turkish_ci;

--
-- Tablo döküm verisi `blog`
--

INSERT INTO `blog` (`blog_id`, `blog_zaman`, `blog_resimyol`, `blog_thumbresimyol`, `blog_ad`, `blog_yazar`, `blog_kisaca`, `blog_detay`, `blog_title`, `blog_keywords`, `blog_description`, `blog_durum`, `blog_anasayfa`, `blog_goruntusay`, `blog_dil`) VALUES
(9, '2018-11-23 19:31:03', 'images/blog/3046129115-Prag.jpg', 'images/blog/thumb/3046129115-Prag.jpg', 'Prag\' da Gidilecek Yerler', 'Admin', 'Yinelenen bir sayfa içeriğinin okuyucunun dikkatini dağıttığı bilinen bir gerçektir. Lorem Ipsum kullanmanın amacı, sürekli \'buraya metin gelecek, buraya metin gelecek\' ', '<p>Yinelenen bir sayfa i&ccedil;eriğinin okuyucunun dikkatini dağıttığı bilinen bir ger&ccedil;ektir. Lorem Ipsum kullanmanın amacı, s&uuml;rekli \'buraya metin gelecek, buraya metin gelecek\' yazmaya kıyasla daha dengeli bir harf dağılımı sağlayarak okunurluğu artırmasıdır. Şu anda bir&ccedil;ok masa&uuml;st&uuml; yayıncılık paketi ve web sayfa d&uuml;zenleyicisi, varsayılan mıgır metinler olarak Lorem Ipsum kullanmaktadır.</p>\r\n<p>Yinelenen bir sayfa i&ccedil;eriğinin okuyucunun dikkatini dağıttığı bilinen bir ger&ccedil;ektir. Lorem Ipsum kullanmanın amacı, s&uuml;rekli \'buraya metin gelecek, buraya metin gelecek\' yazmaya kıyasla daha dengeli bir harf dağılımı sağlayarak okunurluğu artırmasıdır. Şu anda bir&ccedil;ok masa&uuml;st&uuml; yayıncılık paketi ve web sayfa d&uuml;zenleyicisi, varsayılan mıgır metinler olarak Lorem Ipsum kullanmaktadır.</p>', 'Prag\' da gidilecek yerler', 'lorem ipsum,Prag,Çek Cumhuriyeti', '', '1', '1', 5, 5),
(10, '2018-12-25 19:37:21', 'images/blog/1862848014-roma.jpg', 'images/blog/thumb/1862848014-roma.jpg', 'Roma\' ya Gidince Ne Yenir', 'Admin', 'Yinelenen bir sayfa içeriğinin okuyucunun dikkatini dağıttığı bilinen bir gerçektir. Lorem Ipsum kullanmanın amacı, sürekli \'buraya metin gelecek, buraya metin gelecek\'', '<p>Yinelenen bir sayfa i&ccedil;eriğinin okuyucunun dikkatini dağıttığı bilinen bir ger&ccedil;ektir. Lorem Ipsum kullanmanın amacı, s&uuml;rekli \'buraya metin gelecek, buraya metin gelecek\' yazmaya kıyasla daha dengeli bir harf dağılımı sağlayarak okunurluğu artırmasıdır. Şu anda bir&ccedil;ok masa&uuml;st&uuml; yayıncılık paketi ve web sayfa d&uuml;zenleyicisi, varsayılan mıgır metinler olarak Lorem Ipsum kullanmaktadır.</p>\r\n<p>Yinelenen bir sayfa i&ccedil;eriğinin okuyucunun dikkatini dağıttığı bilinen bir ger&ccedil;ektir. Lorem Ipsum kullanmanın amacı, s&uuml;rekli \'buraya metin gelecek, buraya metin gelecek\' yazmaya kıyasla daha dengeli bir harf dağılımı sağlayarak okunurluğu artırmasıdır. Şu anda bir&ccedil;ok masa&uuml;st&uuml; yayıncılık paketi ve web sayfa d&uuml;zenleyicisi, varsayılan mıgır metinler olarak Lorem Ipsum kullanmaktadır.</p>', 'Roma\' da ne yenir', 'lorem ipsum,lorem,roma,İtalya', '', '1', '1', 6, 5),
(11, '2018-11-12 20:10:54', 'images/blog/3507923093-istanbul.jpg', 'images/blog/thumb/3507923093-istanbul.jpg', 'İstanbul\'da Gezilecek Yerler', 'Admin', 'Yinelenen bir sayfa içeriğinin okuyucunun dikkatini dağıttığı bilinen bir gerçektir. Lorem Ipsum kullanmanın amacı, sürekli \'buraya metin gelecek, buraya metin gelecek\'', '<p>Yinelenen bir sayfa i&ccedil;eriğinin okuyucunun dikkatini dağıttığı bilinen bir ger&ccedil;ektir. Lorem Ipsum kullanmanın amacı, s&uuml;rekli \'buraya metin gelecek, buraya metin gelecek\' yazmaya kıyasla daha dengeli bir harf dağılımı sağlayarak okunurluğu artırmasıdır. Şu anda bir&ccedil;ok masa&uuml;st&uuml; yayıncılık paketi ve web sayfa d&uuml;zenleyicisi, varsayılan mıgır metinler olarak Lorem Ipsum kullanmaktadır.</p>\r\n<p>Yinelenen bir sayfa i&ccedil;eriğinin okuyucunun dikkatini dağıttığı bilinen bir ger&ccedil;ektir. Lorem Ipsum kullanmanın amacı, s&uuml;rekli \'buraya metin gelecek, buraya metin gelecek\' yazmaya kıyasla daha dengeli bir harf dağılımı sağlayarak okunurluğu artırmasıdır. Şu anda bir&ccedil;ok masa&uuml;st&uuml; yayıncılık paketi ve web sayfa d&uuml;zenleyicisi, varsayılan mıgır metinler olarak Lorem Ipsum kullanmaktadır.</p>', 'İstanbul\'da Gezilecek Yerler', 'blog,lorem,ipsum,istanbul', 'Yinelenen bir sayfa içeriğinin okuyucunun dikkatini dağıttığı bilinen bir gerçektir.', '1', '1', 8, 5),
(15, '2018-10-27 11:26:05', 'images/blog/2662022261-atina.jpg', 'images/blog/thumb/2662022261-atina.jpg', 'Atina\'da Ne Yapılır', 'Admin', 'Yinelenen bir sayfa içeriğinin okuyucunun dikkatini dağıttığı bilinen bir gerçektir. Lorem Ipsum kullanmanın amacı, sürekli \'buraya metin gelecek, buraya metin gelecek\'', '<p>Yinelenen bir sayfa i&ccedil;eriğinin okuyucunun dikkatini dağıttığı bilinen bir ger&ccedil;ektir. Lorem Ipsum kullanmanın amacı, s&uuml;rekli \'buraya metin gelecek, buraya metin gelecek\' yazmaya kıyasla daha dengeli bir harf dağılımı sağlayarak okunurluğu artırmasıdır. Şu anda bir&ccedil;ok masa&uuml;st&uuml; yayıncılık paketi ve web sayfa d&uuml;zenleyicisi, varsayılan mıgır metinler olarak Lorem Ipsum kullanmaktadır.</p>\r\n<p>Yinelenen bir sayfa i&ccedil;eriğinin okuyucunun dikkatini dağıttığı bilinen bir ger&ccedil;ektir. Lorem Ipsum kullanmanın amacı, s&uuml;rekli \'buraya metin gelecek, buraya metin gelecek\' yazmaya kıyasla daha dengeli bir harf dağılımı sağlayarak okunurluğu artırmasıdır. Şu anda bir&ccedil;ok masa&uuml;st&uuml; yayıncılık paketi ve web sayfa d&uuml;zenleyicisi, varsayılan mıgır metinler olarak Lorem Ipsum kullanmaktadır.</p>', 'Atina\'da ne yapılır', 'Atina,Yunanistan,lorem,ipsum,blog', '', '1', '1', 4, 5),
(16, '2018-11-19 15:56:20', 'images/blog/4665448487-bruksel.jpg', 'images/blog/thumb/4665448487-bruksel.jpg', 'Brüksel\'e Nasıl Gidilir', 'Admin', 'Yinelenen bir sayfa içeriğinin okuyucunun dikkatini dağıttığı bilinen bir gerçektir. Lorem Ipsum kullanmanın amacı, sürekli \'buraya metin gelecek, buraya metin gelecek\'', '<p>Yinelenen bir sayfa i&ccedil;eriğinin okuyucunun dikkatini dağıttığı bilinen bir ger&ccedil;ektir. Lorem Ipsum kullanmanın amacı, s&uuml;rekli \'buraya metin gelecek, buraya metin gelecek\' yazmaya kıyasla daha dengeli bir harf dağılımı sağlayarak okunurluğu artırmasıdır. Şu anda bir&ccedil;ok masa&uuml;st&uuml; yayıncılık paketi ve web sayfa d&uuml;zenleyicisi, varsayılan mıgır metinler olarak Lorem Ipsum kullanmaktadır.</p>\r\n<p>Yinelenen bir sayfa i&ccedil;eriğinin okuyucunun dikkatini dağıttığı bilinen bir ger&ccedil;ektir. Lorem Ipsum kullanmanın amacı, s&uuml;rekli \'buraya metin gelecek, buraya metin gelecek\' yazmaya kıyasla daha dengeli bir harf dağılımı sağlayarak okunurluğu artırmasıdır. Şu anda bir&ccedil;ok masa&uuml;st&uuml; yayıncılık paketi ve web sayfa d&uuml;zenleyicisi, varsayılan mıgır metinler olarak Lorem Ipsum kullanmaktadır.</p>', 'Brüksel\'e Nasıl Gidilir', 'Brüksel,Belçika,Avrupa,lorem,ipsum', '', '1', '1', 4, 5),
(17, '2018-11-18 16:03:43', 'images/blog/2399031907-viyana.jpg', 'images/blog/thumb/2399031907-viyana.jpg', 'Viyana\'da Tarihi Yerler', 'Admin', 'Yinelenen bir sayfa içeriğinin okuyucunun dikkatini dağıttığı bilinen bir gerçektir. Lorem Ipsum kullanmanın amacı, sürekli \'buraya metin gelecek, buraya metin gelecek\'', '<p>Yinelenen bir sayfa i&ccedil;eriğinin okuyucunun dikkatini dağıttığı bilinen bir ger&ccedil;ektir. Lorem Ipsum kullanmanın amacı, s&uuml;rekli \'buraya metin gelecek, buraya metin gelecek\' yazmaya kıyasla daha dengeli bir harf dağılımı sağlayarak okunurluğu artırmasıdır. Şu anda bir&ccedil;ok masa&uuml;st&uuml; yayıncılık paketi ve web sayfa d&uuml;zenleyicisi, varsayılan mıgır metinler olarak Lorem Ipsum kullanmaktadır.</p>\r\n<p>Yinelenen bir sayfa i&ccedil;eriğinin okuyucunun dikkatini dağıttığı bilinen bir ger&ccedil;ektir. Lorem Ipsum kullanmanın amacı, s&uuml;rekli \'buraya metin gelecek, buraya metin gelecek\' yazmaya kıyasla daha dengeli bir harf dağılımı sağlayarak okunurluğu artırmasıdır. Şu anda bir&ccedil;ok masa&uuml;st&uuml; yayıncılık paketi ve web sayfa d&uuml;zenleyicisi, varsayılan mıgır metinler olarak Lorem Ipsum kullanmaktadır.</p>', 'Viyana\'da Tarihi Yerler', 'Viyana,Avusturya,Lorem,ipsum,Blog', '', '1', '1', 4, 5);

-- --------------------------------------------------------

--
-- Tablo için tablo yapısı `bloggoruntu`
--

CREATE TABLE `bloggoruntu` (
  `bloggoruntu_id` int(11) NOT NULL,
  `bloggoruntu_blogid` int(11) NOT NULL DEFAULT 1,
  `bloggoruntu_ip` varchar(100) COLLATE utf8_turkish_ci DEFAULT NULL
) ENGINE=InnoDB DEFAULT CHARSET=utf8 COLLATE=utf8_turkish_ci;

-- --------------------------------------------------------

--
-- Tablo için tablo yapısı `counter`
--

CREATE TABLE `counter` (
  `counter_id` int(11) NOT NULL,
  `counter_ikon` varchar(100) COLLATE utf8_turkish_ci DEFAULT NULL,
  `counter_ad` varchar(100) COLLATE utf8_turkish_ci DEFAULT NULL,
  `counter_sayi` int(11) NOT NULL DEFAULT 0,
  `counter_sira` int(4) NOT NULL DEFAULT 0,
  `counter_durum` enum('0','1') COLLATE utf8_turkish_ci NOT NULL DEFAULT '1',
  `counter_dil` int(11) NOT NULL DEFAULT 0
) ENGINE=InnoDB DEFAULT CHARSET=utf8 COLLATE=utf8_turkish_ci;

--
-- Tablo döküm verisi `counter`
--

INSERT INTO `counter` (`counter_id`, `counter_ikon`, `counter_ad`, `counter_sayi`, `counter_sira`, `counter_durum`, `counter_dil`) VALUES
(2, 'fa-shopping-bag', 'Sipariş', 580, 1, '1', 5),
(3, 'fa-tags', 'Ürün', 1325, 2, '1', 5),
(4, 'fa-500px', 'Proje', 129, 3, '1', 5),
(5, 'fa-group', 'Müşteri', 1233, 4, '1', 5);

-- --------------------------------------------------------

--
-- Tablo için tablo yapısı `dil`
--

CREATE TABLE `dil` (
  `dil_id` int(11) NOT NULL,
  `dil_ad` varchar(25) COLLATE utf8_turkish_ci DEFAULT NULL,
  `dil_kisa` varchar(2) COLLATE utf8_turkish_ci DEFAULT NULL,
  `dil_sira` int(4) NOT NULL DEFAULT 0,
  `dil_icon` varchar(100) COLLATE utf8_turkish_ci DEFAULT NULL,
  `dil_varsayilan` enum('0','1') COLLATE utf8_turkish_ci NOT NULL DEFAULT '0',
  `dil_durum` enum('0','1') COLLATE utf8_turkish_ci NOT NULL DEFAULT '1',
  `dil_sitesabit` text COLLATE utf8_turkish_ci DEFAULT NULL,
  `dil_adminsabit` text COLLATE utf8_turkish_ci DEFAULT NULL,
  `dil_lock` enum('0','1') COLLATE utf8_turkish_ci NOT NULL DEFAULT '0'
) ENGINE=InnoDB DEFAULT CHARSET=utf8 COLLATE=utf8_turkish_ci;

--
-- Tablo döküm verisi `dil`
--

INSERT INTO `dil` (`dil_id`, `dil_ad`, `dil_kisa`, `dil_sira`, `dil_icon`, `dil_varsayilan`, `dil_durum`, `dil_sitesabit`, `dil_adminsabit`, `dil_lock`) VALUES
(5, 'Türkçe', 'tr', 1, '<i class=\"flag flag-icon-background flag-icon-TRY\"></i>', '1', '1', '<?php\r\n$site[\'menu-anasayfa\']= \"Anasayfa\";\r\n$site[\'banner-ekibimiz\']= \"Ekibimiz\";\r\n$site[\'banner-hizmetler\']= \"Tüm Hizmetler\";\r\n$site[\'banner-paketler\']= \"Tüm Paketler\";\r\n$site[\'banner-iletisim\']= \"İletişim\";\r\n$site[\'banner-subeler\']= \"Şubeler\";\r\n$site[\'banner-bayiler\']= \"Bayiler\";\r\n$site[\'banner-referanslar\']= \"Referanslar\";\r\n$site[\'banner-projeler\']= \"Projeler\";\r\n$site[\'banner-fotogaleri\']= \"Foto Galeri\";\r\n$site[\'banner-videogaleri\']= \"Video Galeri\";\r\n$site[\'banner-sss\']= \"Sık Sorulan Sorular\";\r\n$site[\'banner-banka\']= \"Banka Hesapları\";\r\n$site[\'banner-urunkategori\']= \"Kategoriler\";\r\n$site[\'banner-belgeler\']= \"Belgeler\";\r\n$site[\'banner-markalar\']= \"Markalar\";\r\n$site[\'banner-ekatalog\']= \"E-Katalog\";\r\n$site[\'banner-duyurular\']= \"Haber ve Duyurular\";\r\n$site[\'banner-blog\']= \"Blog\";\r\n$site[\'banner-insankaynak\']= \"İnsan Kaynakları\";\r\n$site[\'slider-btn-detay\']= \"Detaylar\";\r\n$site[\'slogan-buton\']= \"Bize Ulaşın\";\r\n$site[\'hizmetler-baslik\']= \"Hizmetlerimiz\";\r\n$site[\'hizmetler-icerik\']= \"Lorem Ipsum is simply dummy text ever sincehar the 1500s, when an unknownshil printer took a galley of type and scrambled it to make a type specimen book.It has survived not only five centuries.\";\r\n$site[\'referanslar-baslik\']= \"Referanslarımız\";\r\n$site[\'referanslar-icerik\']= \"Lorem Ipsum is simply dummy text ever sincehar the 1500s, when an unknownshil printer took a galley of type and scrambled it to make a type specimen book.It has survived not only five centuries.\";\r\n$site[\'projeler-baslik\']= \"Projelerimiz\";\r\n$site[\'projeler-icerik\']= \"\";\r\n$site[\'duyuru-baslik\']= \"Haber ve Duyurular\";\r\n$site[\'duyuru-icerik\']= \"\";\r\n$site[\'duyuru-tum\']= \"Tüm Duyurular\";\r\n$site[\'duyuru-digerleri\']= \"Diğer Duyurular\";\r\n$site[\'blog-baslik\']= \"Blog\";\r\n$site[\'blog-icerik\']= \"\";\r\n$site[\'blog-populer\']= \"Popüler Yazılar\";\r\n$site[\'blog-tum\']= \"Tüm Yazılar\";\r\n$site[\'blog-etiketler\']= \"Etiketler\";\r\n$site[\'subeler-baslik\']= \"Şubelerimiz\";\r\n$site[\'bayiler-baslik\']= \"Bayilerimiz\";\r\n$site[\'ekip-baslik\']= \"Profesyonel Takım\";\r\n$site[\'ekip-icerik\']= \"Lorem Ipsum is simply dummy text ever sincehar the 1500s, when an unknownshil printer took a galley of type and scrambled it to make a type specimen book.It has survived not only five centuries.\";\r\n$site[\'yorum-baslik\']= \"Müşteri Yorumları\";\r\n$site[\'paket-baslik\']= \"Paketlerimiz\";\r\n$site[\'paket-icerik\']= \"Lorem Ipsum is simply dummy text ever sincehar the 1500s, when an unknownshil printer took a galley of type and scrambled it to make a type specimen book.It has survived not only five centuries.\";\r\n$site[\'paket-btn-satinal\']= \"Satın Al\";\r\n$site[\'urunler-populer-ana\']= \"Popüler Ürünler\";\r\n$site[\'urun-aciklama\']= \"Açıklama\";\r\n$site[\'urun-video\']= \"Tanıtım Videosu\";\r\n$site[\'urun-kodu\']= \"Ürün Kodu\";\r\n$site[\'urun-kategori\']= \"Kategori\";\r\n$site[\'urun-stokdurum\']= \"Stok Durumu\";\r\n$site[\'urun-stokyok\']= \"Stokta Yok\";\r\n$site[\'urun-stokvar\']= \"Stokta Var\";\r\n$site[\'urun-kdvyok\']= \"+ KDV\";\r\n$site[\'urun-kdvvar\']= \"(Kdv Dahil)\";\r\n$site[\'urun-kategoriler\']= \"Kategoriler\";\r\n$site[\'urun-satinal-btn\']= \"Hemen Al\";\r\n$site[\'urun-siparisver-btn\']= \"Sipariş Ver\";\r\n$site[\'urun-siparisformu\']= \"Sipariş Formu\";\r\n$site[\'urun-benzerleri\']= \"Benzer Ürünler\";\r\n$site[\'banka-hesapsahip\']= \"Hesap Sahibi\";\r\n$site[\'banka-iban\']= \"IBAN\";\r\n$site[\'banka-sube\']= \"Şube Kodu\";\r\n$site[\'banka-hesapno\']= \"Hesap No\";\r\n$site[\'proje-adi\']= \"Proje Adı\";\r\n$site[\'proje-yer\']= \"Yer\";\r\n$site[\'proje-tarih\']= \"Tarih\";\r\n$site[\'proje-kategori\']= \"Kategori\";\r\n$site[\'proje-aciklama\']= \"Açıklama\";\r\n$site[\'proje-konum\']= \"Konum\";\r\n$site[\'proje-video\']= \"Tanıtım Videosu\";\r\n$site[\'proje-diger\']= \"Diğer Projeler\";\r\n$site[\'insankaynaklari\']= \"İnsan Kaynakları\";\r\n$site[\'insankaynak-isbasvuru\']= \"İş Başvuru Formu\";\r\n$site[\'insankaynak-adsoyad\']= \"Ad ve Soyad\";\r\n$site[\'insankaynak-email\']= \"E-Mail \";\r\n$site[\'insankaynak-telefon\']= \"Telefon\";\r\n$site[\'insankaynak-dtarih\']= \"Doğum Tarihi\";\r\n$site[\'insankaynak-ilce\']= \"İlçe\";\r\n$site[\'insankaynak-il\']= \"İl\";\r\n$site[\'insankaynak-cinsiyet\']= \"Cinsiyet\";\r\n$site[\'insankaynak-erkek\']= \"Erkek\";\r\n$site[\'insankaynak-kadin\']= \"Kadın\";\r\n$site[\'insankaynak-medeni\']= \"Medeni Haliniz\";\r\n$site[\'insankaynak-evli\']= \"Evli\";\r\n$site[\'insankaynak-bekar\']= \"Bekar\";\r\n$site[\'insankaynak-askerlikdurum\']= \"Askerlik Durumu\";\r\n$site[\'insankaynak-askerlikyapildi\']= \"Yapıldı\";\r\n$site[\'insankaynak-askerlikmuaf\']= \"Muaf\";\r\n$site[\'insankaynak-askerliktecilli\']= \"Tecilli\";\r\n$site[\'insankaynak-ehliyetdurum\']= \"Ehliyet\";\r\n$site[\'insankaynak-ehliyetvar\']= \"Var\";\r\n$site[\'insankaynak-ehliyetyok\']= \"Yok\";\r\n$site[\'insankaynak-egitim\']= \"Eğitim Bilgileri\";\r\n$site[\'insankaynak-dilbilgi\']= \"Yabancı Diller\";\r\n$site[\'insankaynak-istecrube\']= \"İş Tecrübeleriniz\";\r\n$site[\'insankaynak-hakkinizda\']= \"Hakkınızda\";\r\n$site[\'insankaynak-durum-ok\']= \"Başvurunuz gerçekleşmiştir. Size en yakın zamanda dönüş sağlanacaktır.\";\r\n$site[\'insankaynak-durum-no\']= \"Başvurunuz başarısız. Daha sonra tekrar deneyiniz.\";\r\n$site[\'insankaynak-basvur-btn\']= \"BAŞVUR\";\r\n$site[\'bakimmodu-tarih\']= \"%D Gün %H Saat %M Dakika %S Saniye\";\r\n$site[\'bakimmodu-acilis\']= \"Site Açılışına Kalan : \";\r\n$site[\'bakimmodu-tikla\']= \"TIKLAYINIZ !\";\r\n$site[\'bakimmodu-ebulten-email\']= \"E-Mail Adresi Giriniz.\";\r\n$site[\'bakimmodu-ebulten-emailuyarı\']= \"E-posta adresiniz yanlış.Lütfen kontrol edip tekrar deneyin.\";\r\n$site[\'bakimmodu-ebulten-baslik\']= \"Abone Ol\";\r\n$site[\'bakimmodu-ebulten-aciklama\']= \"Kampanya ve duyurularımızdan haberdar olmak için kaydolun.\";\r\n$site[\'bakimmodu-ebulten-gonder\']= \"Gönder\";\r\n$site[\'404-baslik\']= \"Sayfa Bulunamadı!\";\r\n$site[\'404-icerik-1\']= \"Aradığınız sayfa kaldırılmış veya URL değiştirilmiş olabilir.\";\r\n$site[\'404-icerik-2\']= \"Ana sayfaya dönerek aradığınız sayfaya tekrar ulaşmayı deneyebilirsiniz.\";\r\n$site[\'404-anasayfa-don\']= \"Anasayfa\";\r\n$site[\'footer-menu\']= \"Menü\";\r\n$site[\'footer-calismasaat\']= \"Çalışma Saatleri\";\r\n$site[\'footer-blog\']= \"Popüler Yazılar\";\r\n$site[\'footer-sayfalar\']= \"Sayfalar\";\r\n$site[\'footer-projeler\']= \"Çalışmalarımız\";\r\n$site[\'footer-ebulten\']= \"E-Bülten\";\r\n$site[\'footer-ebulten-buton\']= \"Kaydet\";\r\n$site[\'footer-ebulten-placeholder\']= \"E-Mail adresiniz\";\r\n$site[\'footer-ebulten-icerik\']= \"Haber, duyuru ve kampanyalarımızdan e-mail ile haberdar olmak isterseniz  e-posta adresinizi ekleyerek kaydolabilirsiniz.\";\r\n$site[\'iletisim-baslik\']= \"İletişime Geçin\";\r\n$site[\'iletisim-telefon-1\']= \"Telefon\";\r\n$site[\'iletisim-telefon-2\']= \"GSM\";\r\n$site[\'iletisim-email\']= \"E-Mail\";\r\n$site[\'iletisim-adres\']= \"Adres\";\r\n$site[\'iletisimform-baslik\']= \"Bize Ulaşın\";\r\n$site[\'iletisimform-ad\']= \"Adınız*\";\r\n$site[\'iletisimform-email\']= \"E-Mail*\";\r\n$site[\'iletisimform-telefon\']= \"Telefon\";\r\n$site[\'iletisimform-mesaj\']= \"Mesajınız*\";\r\n$site[\'iletisimform-gonder\']= \"Mesaj Gönder\";\r\n$site[\'iletisim-durum-ok\']= \"Mail gönderim işlemi başarılı\";\r\n$site[\'iletisim-durum-no\']= \"Mail gönderim işlemi başarısız\";\r\n$site[\'iletisim-durum-robot\']= \"Robot olmadığınızı doğrulayın\";\r\n$site[\'siparis-adsoyad\']= \"Adınız ve Soyadınız\";\r\n$site[\'siparis-email\']= \"E-mail adresiniz\";\r\n$site[\'siparis-telefon\']= \"Telefon numaranız\";\r\n$site[\'siparis-adres\']= \"Adres bilgilerini giriniz\";\r\n$site[\'siparis-not\']= \"Notunuz...\";\r\n$site[\'siparis-gonder-btn\']= \"Sipariş Gönder\";\r\n$site[\'siparis-tesekkur\']= \"Teşekkürler !\";\r\n$site[\'siparis-ileti\']= \"Siparişiniz Başarıyla Tamamlandı\";\r\n$site[\'siparis-numara\']= \"SİPARİŞ NUMARANIZ\";\r\n$site[\'siparis-basarisiz\']= \"İşleminiz Başarısız !\";\r\n$site[\'siparis-iletitekrar\']= \"Lütfen tekrar deneyiniz...\";\r\n$site[\'sayfalama-adi\']= \"sayfa\";\r\n$site[\'kisaltma-ocak\']= \"OCA\";\r\n$site[\'kisaltma-subat\']= \"ŞUB\";\r\n$site[\'kisaltma-mart\']= \"MAR\";\r\n$site[\'kisaltma-nisan\']= \"NİS\";\r\n$site[\'kisaltma-mayis\']= \"MAY\";\r\n$site[\'kisaltma-haziran\']= \"HAZ\";\r\n$site[\'kisaltma-temmuz\']= \"TEM\";\r\n$site[\'kisaltma-agustos\']= \"AĞU\";\r\n$site[\'kisaltma-eylul\']= \"EYL\";\r\n$site[\'kisaltma-ekim\']= \"EKİ\";\r\n$site[\'kisaltma-kasim\']= \"KAS\";\r\n$site[\'kisaltma-aralik\']= \"ARA\";\r\n$site[\'devami-btn\']= \"Devamı\";\r\n$site[\'tamam\']= \"Tamam\";\r\n$site[\'tumu\']= \"Tümü\";\r\n$site[\'islembasarili\']= \"İşlem Başarılı\";\r\n$site[\'islembasarisiz\']= \"İşlem Başarısız\";\r\n$login[\'yonetimpanel\']= \"Yönetim Paneli\";\r\n$login[\'kullaniciad\']= \"Kullanıcı Adı\";\r\n$login[\'sifre\']= \"Şifre\";\r\n$login[\'giris\']= \"GİRİŞ\";\r\n$login[\'ok\']= \"Tamam\";\r\n$login[\'oturumexit\']= \"Oturum Kapatıldı...\";\r\n$login[\'oturumerror\']= \"Kullanıcı bilgileri yanlış, Tekrar deneyiniz..\";\r\n?>', '<?php\r\n$admin[\'yonetimpanel\']= \"Yönetim Paneli\";\r\n$admin[\'menu\']= \"MENÜ\";\r\n$admin[\'menu-anasayfa\']= \"Anasayfa\";\r\n$admin[\'menu-siteyonetim\']= \"Site Yönetimi\";\r\n$admin[\'menu-genelayar\']= \"Genel Ayarlar\";\r\n$admin[\'menu-apiayar\']= \"Api Ayarları\";\r\n$admin[\'menu-sidebarayar\']= \"Sidebar Ayarları\";\r\n$admin[\'menu-limitayar\']= \"Limit Ayarları\";\r\n$admin[\'menu-resimoptimize\']= \"Resim Optimize\";\r\n$admin[\'menu-sitebakim\']= \"Site Bakım Modu\";\r\n$admin[\'menu-smtpayar\']= \"Smtp Ayarları\";\r\n$admin[\'menu-yonetici\']= \"Yönetici Ayarları\";\r\n$admin[\'menu-sitemap\']= \"Sitemap Ayarları\";\r\n$admin[\'menu-metatag\']= \"Meta Tag Ayarları\";\r\n$admin[\'menu-sosyal\']= \"Sosyal Medya\";\r\n$admin[\'menu-dilyonetim\']= \"Dil Yönetimi\";\r\n$admin[\'menu-dilekle\']= \"Dil Ekle\";\r\n$admin[\'menu-dilliste\']= \"Dil Listesi\";\r\n$admin[\'menu-menuyonetim\']= \"Menü Yönetimi\";\r\n$admin[\'menu-menuekle\']= \"Menü Ekle\";\r\n$admin[\'menu-menuliste\']= \"Menü Listesi\";\r\n$admin[\'menu-footermenu\']= \"Footer Menü\";\r\n$admin[\'menu-sms-email\']= \"SMS - Email\";\r\n$admin[\'menu-smsayar\']= \"SMS Ayarları\";\r\n$admin[\'menu-telefonrehber\']= \"Telefon Rehberi\";\r\n$admin[\'menu-toplusms\']= \"Toplu SMS\";\r\n$admin[\'menu-topluemail\']= \"Toplu E-Mail \";\r\n$admin[\'menu-tema\']= \"Tema Yönetimi\";\r\n$admin[\'menu-seo\']= \"Seo Yönetimi\";\r\n$admin[\'menu-modul\']= \"Modül Yönetimi\";\r\n$admin[\'menu-banner\']= \"Banner Yönetimi\";\r\n$admin[\'menu-insan-kaynaklari\']= \"İnsan Kaynakları\";\r\n$admin[\'menu-gelenmesaj\']= \"Gelen Mesajlar\";\r\n$admin[\'urunsiparisyonetim\']= \"ÜRÜN-SİPARİŞ YÖNETİMİ\";\r\n$admin[\'icerikyonetim\']= \"İÇERİK YÖNETİMİ\";\r\n$admin[\'menu-yorum\']= \"Müşteri Yorumları\";\r\n$admin[\'menu-marka\']= \"Markalar\";\r\n$admin[\'menu-referans\']= \"Referanslar\";\r\n$admin[\'menu-referansyonetim\']= \"Referans Yönetimi\";\r\n$admin[\'menu-referanskategori\']= \"Kategoriler\";\r\n$admin[\'menu-urunler\']= \"Ürünler\";\r\n$admin[\'menu-urunhizmet\']= \"Ürün Hizmetleri\";\r\n$admin[\'menu-urunyonetim\']= \"Ürün Yönetimi\";\r\n$admin[\'menu-urunekle\']= \"Ürün Ekle\";\r\n$admin[\'menu-urunkategori\']= \"Kategoriler\";\r\n$admin[\'menu-urunkategoriekle\']= \"Ürün Kategori Ekle\";\r\n$admin[\'menu-projeler\']= \"Projeler\";\r\n$admin[\'menu-projeekle\']= \"Proje Ekle\";\r\n$admin[\'menu-projeyonetim\']= \"Proje Yönetimi\";\r\n$admin[\'menu-projekategori\']= \"Kategoriler\";\r\n$admin[\'menu-projekategoriekle\']= \"Proje Kategori Ekle\";\r\n$admin[\'menu-paketyonetim\']= \"Paket Yönetimi\";\r\n$admin[\'menu-paketkategori\']= \"Kategoriler\";\r\n$admin[\'menu-paketkategoriekle\']= \"Paket Kategori Ekle\";\r\n$admin[\'menu-paketler\']= \"Paketler\";\r\n$admin[\'menu-paketekle\']= \"Paket Ekle\";\r\n$admin[\'menu-paket-ozellik\']= \"Paket Özellikleri\";\r\n$admin[\'menu-siparis\']= \"Sipariş Yönetimi\";\r\n$admin[\'menu-parabirim\']= \"Para Birimleri\";\r\n$admin[\'menu-counter\']= \"Counter Yönetimi\";\r\n$admin[\'menu-blog\']= \"Blog Yönetimi\";\r\n$admin[\'menu-blogekle\']= \"Blog Ekle\";\r\n$admin[\'menu-blogliste\']= \"Blog Listesi\";\r\n$admin[\'menu-iletisim\']= \"İletişim\";\r\n$admin[\'menu-sayfayonetim\']= \"Sayfa Yönetimi\";\r\n$admin[\'menu-sayfaekle\']= \"Sayfa Ekle\";\r\n$admin[\'menu-sayfaliste\']= \"Sayfa Listesi\";\r\n$admin[\'menu-hizmetyonetim\']= \"Hizmet Yönetimi\";\r\n$admin[\'menu-hizmetekle\']= \"Hizmet Ekle\";\r\n$admin[\'menu-hizmetliste\']= \"Hizmet Listesi\";\r\n$admin[\'menu-sube-bayi\']= \"Şubeler/Bayiler\";\r\n$admin[\'menu-subeler\']= \"Şubeler\";\r\n$admin[\'menu-bayiler\']= \"Bayiler\";\r\n$admin[\'menu-evrakyonetim\']= \"Evrak Yönetimi\";\r\n$admin[\'menu-ekatalog\']= \"E-Katalog\";\r\n$admin[\'menu-belge\']= \"Belgeler\";\r\n$admin[\'menu-duyuru\']= \"Duyurular\";\r\n$admin[\'menu-ekip\']= \"Ekibimiz\";\r\n$admin[\'menu-banka\']= \"Banka Hesapları\";\r\n$admin[\'menu-slider\']= \"Slider Yönetimi\";\r\n$admin[\'menu-galeriyonetim\']= \"Galeri Yönetimi\";\r\n$admin[\'menu-fotogaleri\']= \"Foto Galeri\";\r\n$admin[\'menu-videogaleri\']= \"Video Galeri\";\r\n$admin[\'menu-counter\']= \"Counter Yönetimi\";\r\n$admin[\'menu-sss\']= \"Sık Sorulan Sorular\";\r\n$admin[\'menu-ebulten\']= \"E-Bülten\";\r\n$admin[\'menu-logout\']= \"Oturumu Kapat\";\r\n$admin[\'ayarlar\']= \"Ayarlar\";\r\n$admin[\'profil\']= \"Profilim\";\r\n$admin[\'duzenlemedil\']= \"Düzenleme Dili\";\r\n$admin[\'dil-ara\']= \"Dil Ara\";\r\n$admin[\'kisi\']= \"Kişi\";\r\n$admin[\'online\']= \"Online\";\r\n$admin[\'bugun\']= \"Bugün\";\r\n$admin[\'dun\']= \"Dün\";\r\n$admin[\'bu-ay\']= \"Bu Ay\";\r\n$admin[\'gosterim\']= \"Gösterim\";\r\n$admin[\'tekilziyaret\']= \"Tekil Ziyaretçi\";\r\n$admin[\'toplamtekil\']= \"Toplam Tekil\";\r\n$admin[\'toplamgosterim\']= \"Toplam Gösterim\";\r\n$admin[\'hizli-sms\']= \"Hızlı SMS\";\r\n$admin[\'hizli-email\']= \"Hızlı E-Mail\";\r\n$admin[\'guncelle\']= \"Güncelle\";\r\n$admin[\'duzenle\']= \"duzenle\";\r\n$admin[\'sil\']= \"Sil\";\r\n$admin[\'tumunu-sil\']= \"Tümünü Sil\";\r\n$admin[\'iptal\']= \"İptal\";\r\n$admin[\'tamam\']= \"Tamam\";\r\n$admin[\'kapat\']= \"Kapat\";\r\n$admin[\'ip\']= \"ip\";\r\n$admin[\'mesaj\']= \"Mesaj\";\r\n$admin[\'sira\']= \"Sıra\";\r\n$admin[\'tarih\']= \"Tarih\";\r\n$admin[\'adsoyad\']= \"Adı Soyadı\";\r\n$admin[\'email\']= \"Email\";\r\n$admin[\'telefon\']= \"Telefon\";\r\n$admin[\'adres\']= \"Adres\";\r\n$admin[\'gorev\']= \"Görevi\";\r\n$admin[\'link\']= \"Link\";\r\n$admin[\'durum\']= \"Durum\";\r\n$admin[\'aktif\']= \"Aktif\";\r\n$admin[\'pasif\']= \"Pasif\";\r\n$admin[\'anasayfa-goster\']= \"Anasayfada Göster\";\r\n$admin[\'ikon\']= \"İkon\";\r\n$admin[\'ikon-sec\']= \"İkon Seçiniz\";\r\n$admin[\'ikon-yok\']= \"İkon Yok\";\r\n$admin[\'guncellemeislemi\']= \"Güncelleme İşlemi\";\r\n$admin[\'kayitislemi\']= \"Kayıt İşlemi\";\r\n$admin[\'islembasarili\']= \"İşlem Başarılı\";\r\n$admin[\'islembasarisiz\']= \"İşlem Başarısız\";\r\n$admin[\'sil-sor\']= \"Silmek istediğinden emin misin?\";\r\n$admin[\'menu-sil-sor\']= \"Silmek istediğinden emin misin? Menüye bağlı alt kategoriler varsa silinecek! \";\r\n$admin[\'tema-renk\']= \"Tema Renk\";\r\n$admin[\'logo\']= \"Logo\";\r\n$admin[\'favicon\']= \"Favicon\";\r\n$admin[\'preloader\']= \"Preloader\";\r\n$admin[\'seometa\']= \"Seo Meta Ayarları\";\r\n$admin[\'yaz-enter\']= \"Yaz ve Enter\'e bas\";\r\n$admin[\'sayfa-title\']= \"Sayfa Title ( Başlık )\";\r\n$admin[\'sayfa-keywords\']= \"Sayfa Keywords ( Örnek: Teknoloji, Oturma Odası, Mobilya )\";\r\n$admin[\'sayfa-description\']= \"Sayfa Description ( Açıklama )\";\r\n$admin[\'footer\']= \"Footer\";\r\n$admin[\'footer-logo\']= \"Footer Logo\";\r\n$admin[\'footer-arkaplan\']= \"Footer Arkaplan\";\r\n$admin[\'footer-copyright\']= \"Footer Copyright\";\r\n$admin[\'footer-kisabilgi\']= \"Kısa Bilgi\";\r\n$admin[\'footer-calisma\']= \"Çalışma Saatleri\";\r\n$admin[\'slogan\']= \"Slogan\";\r\n$admin[\'slogan-baslik\']= \"Slogan Başlık\";\r\n$admin[\'slogan-kisaca\']= \"Slogan Kısaca\";\r\n$admin[\'slogan-url\']= \"Url Adresi\";\r\n$admin[\'smtpserver\']= \"SMTP Server\";\r\n$admin[\'smtpport\']= \"SMTP Port\";\r\n$admin[\'smtpprotokol\']= \"SMTP Protokol\";\r\n$admin[\'yok\']= \"Yok\";\r\n$admin[\'tls\']= \"TLS\";\r\n$admin[\'ssl\']= \"SSL\";\r\n$admin[\'smtpemail\']= \"SMTP Email\";\r\n$admin[\'smtpemailsifre\']= \"SMTP Email Şifre\";\r\n$admin[\'mesajpostaadres\']= \"Mesajın Geleceği E-Posta Adresi\";\r\n$admin[\'kullaniciresim\']= \"Kullanıcı Resmi\";\r\n$admin[\'kullaniciad\']= \"Kullanıcı Adı\";\r\n$admin[\'kullanicisifre\']= \"Kullanıcı Şifresi\";\r\n$admin[\'eskisifre\']= \"Eski Şifre\";\r\n$admin[\'yenisifre\']= \"Yeni Şifre\";\r\n$admin[\'yenisifretekrar\']= \"Yeni Şifre Tekrar\";\r\n$admin[\'dogrulama\']= \"Doğrulama\";\r\n$admin[\'sifrehata\']= \"Şifre Hatalı\";\r\n$admin[\'sifreuyusma\']= \"Şifreler Uyuşmuyor. Tekrar Deneyiniz...\";\r\n$admin[\'eskisifrehata\']= \"Eski Şifreyi Doğru Giriniz...\";\r\n$admin[\'sayfalar\']= \"Sayfalar\";\r\n$admin[\'blogyazi\']= \"Blog Yazıları\";\r\n$admin[\'ekle\']= \"Ekle\";\r\n$admin[\'yenile\']= \"Yenile\";\r\n$admin[\'kaydet\']= \"Kaydet\";\r\n$admin[\'yenikaydet\']= \"Yeni Kaydet\";\r\n$admin[\'dil-duzenle\']= \"Dil Düzenle\";\r\n$admin[\'dil-ad\']= \"Dil Adı\";\r\n$admin[\'dil-kisaad\']= \"Kısa Ad\";\r\n$admin[\'dil-kisaad-ornek\']= \"Kısa ad giriniz. Örnek: en\";\r\n$admin[\'varsayilan\']= \"Varsayılan\";\r\n$admin[\'dilsil-uyari\']= \"Tüm içerik silinecek! Silmek istediğinden emin misin?\";\r\n$admin[\'dilsil-izin\']= \"Silmek için izniniz yok\";\r\n$admin[\'dil-bayrak-1\']= \"BAYRAK SEÇİNİZ\";\r\n$admin[\'dil-bayrak-2\']= \"Dil eklemek için önce bayrak seçiniz.\";\r\n$admin[\'dil-ekle-not\']= \"Not : Sabit yazıları değiştirmek için  Dil Düzenle  bölümünden ulaşabilirsiniz.\";\r\n$admin[\'site-sabityazi\']= \"Site Sabit Yazılar\";\r\n$admin[\'admin-sabityazi\']= \"Admin Sabit Yazılar\";\r\n$admin[\'menu-adi\']= \"Menü Adı\";\r\n$admin[\'menu-duzenle\']= \"Menü Düzenle\";\r\n$admin[\'menu-duzenle\']= \"Menü Düzenle\";\r\n$admin[\'menu-ust-sec\']= \"Üst Menü Seç\";\r\n$admin[\'menu-ikon-yok\']= \"Menü İkonu Yok\";\r\n$admin[\'menu-yon-acilis\']= \"Menü Açılış Yönü\";\r\n$admin[\'menu-yon-sag\']= \"Sağ\";\r\n$admin[\'menu-yon-sol\']= \"Sol\";\r\n$admin[\'footermenu-ekle\']= \"Footer Menü Ekle\";\r\n$admin[\'footermenu-duzenle\']= \"Footer Menü Düzenle\";\r\n$admin[\'baglantisayfa\']= \"Bağlantı Sayfası\";\r\n$admin[\'diger-manuel-link\']= \"Diğer( Manuel Link Ekle )\";\r\n$admin[\'baglanti-manuel-link\']= \"Bağlantı Adres ( Manuel Link Ekle )\";\r\n$admin[\'yenisekme\']= \"Tıklandığında yeni sekmeye gitsin mi ?\";\r\n$admin[\'baglanti-sabitsayfalar\']= \"SABİT SAYFALAR\";\r\n$admin[\'baglanti-sayfalarim\']= \"SAYFALARIM\";\r\n$admin[\'baglanti-urunkategori\']= \"ÜRÜN KATEGORİLERİ\";\r\n$admin[\'baglanti-paketkategori\']= \"PAKET KATEGORİLERİ\";\r\n$admin[\'baglanti-projekategori\']= \"PROJE KATEGORİLERİ\";\r\n$admin[\'baglanti-hizmet\']= \"HİZMETLERİMİZ\";\r\n$admin[\'baglanti-blog\']= \"BLOG YAZILARI\";\r\n$admin[\'baglanti-urun\']= \"ÜRÜNLER\";\r\n$admin[\'baglantisabit-urunkategori\']= \"Ürün Kategorileri\";\r\n$admin[\'baglantisabit-paketler\']= \"Tüm Paketler\";\r\n$admin[\'baglantisabit-projeler\']= \"Tüm Projeler\";\r\n$admin[\'baglantisabit-hizmetler\']= \"Tüm Hizmetler\";\r\n$admin[\'baglantisabit-blog\']= \"Tüm Blog Yazıları\";\r\n$admin[\'baglantisabit-duyurular\']= \"Tüm Duyurular\";\r\n$admin[\'baglantisabit-fotogaleri\']= \"Foto Galeri\";\r\n$admin[\'baglantisabit-videogaleri\']= \"Video Galeri\";\r\n$admin[\'baglantisabit-ekibimiz\']= \"Ekibimiz\";\r\n$admin[\'baglantisabit-sss\']= \"Sık Sorulan Sorular\";\r\n$admin[\'baglantisabit-banka\']= \"Banka Hesapları\";\r\n$admin[\'baglantisabit-sube\']= \"Şubeler\";\r\n$admin[\'baglantisabit-bayi\']= \"Bayiler\";\r\n$admin[\'baglantisabit-referans\']= \"Referanslar\";\r\n$admin[\'baglantisabit-marka\']= \"Markalar\";\r\n$admin[\'baglantisabit-belge\']= \"Belgeler\";\r\n$admin[\'baglantisabit-ekatalog\']= \"E-Katalog\";\r\n$admin[\'baglantisabit-insankaynak\']= \"İnsan Kaynakları\";\r\n$admin[\'baglantisabit-iletisim\']= \"İletişim\";\r\n$admin[\'seo-not\']= \"NOT : Sekmelerde ki tüm başlıkların doldulurması gerekir.\";\r\n$admin[\'api-analytics\']= \"Google Analytics .js Kodu\";\r\n$admin[\'api-sitedogrula\']= \"Webmaster Tools Site Doğrulama Kodu\";\r\n$admin[\'api-chat\']= \"Canlı Destek Kodu\";\r\n$admin[\'api-maps\']= \"İletişim Harita Embed Kodu\";\r\n$admin[\'api_recaptchasitekey\']= \"Recaptcha Site Key\";\r\n$admin[\'api_recaptchasecretkey\']= \"Recaptcha Secret Key\";\r\n$admin[\'sitebakim-onizleme\']= \"Önizleme\";\r\n$admin[\'sitebakim-acilisyazi\']= \"Sayfa Açılış Yazısı\";\r\n$admin[\'sitebakim-baslik\']= \"Başlık\";\r\n$admin[\'sitebakim-acilistarih\']= \"Site Açılış Tarihi\";\r\n$admin[\'sitebakim-aciliszaman\']= \"Site Açılış Zamanı\";\r\n$admin[\'sitebakim-temasec\']= \"Tema Seçiniz\";\r\n$admin[\'sitebakim-tema1\']= \"Tema 1\";\r\n$admin[\'sitebakim-tema2\']= \"Tema 2\";\r\n$admin[\'sitebakim-tema3\']= \"Tema 3\";\r\n$admin[\'bakim-modu\']= \"Site Bakım Modu\";\r\n$admin[\'kisaca\']= \"Kısaca\";\r\n$admin[\'aciklama\']= \"Açıklama\";\r\n$admin[\'aciklamagir\']= \"Açıklama Giriniz...\";\r\n$admin[\'kategori-ad\']= \"Kategori Adı\";\r\n$admin[\'kategori-duzenle\']= \"Kategori Düzenle\";\r\n$admin[\'kategori-sec\']= \"Kategori Seçiniz\";\r\n$admin[\'kategori-yok\']= \"Kategori Bulunamadı\";\r\n$admin[\'resim-sec\']= \"Resim Dosyası Seçiniz\";\r\n$admin[\'resim-sil\']= \"Resmi Sil\";\r\n$admin[\'hizmet-adi\']= \"Hizmet Adı\";\r\n$admin[\'hizmet-duzenle\']= \"Hizmet Düzenle\";\r\n$admin[\'yorum-duzenle\']= \"Yorum Düzenle\";\r\n$admin[\'referans-ad\']= \"Referans Adı\";\r\n$admin[\'referans-link\']= \"Referans Linki\";\r\n$admin[\'referans-duzenle\']= \"Referans Düzenle\";\r\n$admin[\'referanskategori-ad\']= \"Referans Kategori Adı\";\r\n$admin[\'referanskategori-duzenle\']= \"Referans Kategori Düzenle\";\r\n$admin[\'projekategori-ad\']= \"Proje Kategori Adı\";\r\n$admin[\'projekategori-duzenle\']= \"Proje Kategori Düzenle\";\r\n$admin[\'proje-ad\']= \"Proje Adı\";\r\n$admin[\'proje-duzenle\']= \"Proje Düzenle\";\r\n$admin[\'proje-yer\']= \"Proje Yeri\";\r\n$admin[\'proje-tarih\']= \"Proje Tarihi\";\r\n$admin[\'proje-video\']= \"Proje Video Url\";\r\n$admin[\'proje-maps\']= \"Proje Harita Embed Kodu\";\r\n$admin[\'proje-galeri\']= \"Galeri\";\r\n$admin[\'proje-galeri-gorsel\']= \"Proje Görselleri\";\r\n$admin[\'paket-ad\']= \"Paket Adı\";\r\n$admin[\'paket-fiyat\']= \"Paket Fiyatı\";\r\n$admin[\'paket-periyod\']= \"Periyod\";\r\n$admin[\'paket-satinal-link\']= \"Satın Alma Linki\";\r\n$admin[\'paket-ozellik\']= \"Paket Özellikleri\";\r\n$admin[\'paket-duzenle\']= \"Paket Düzenle\";\r\n$admin[\'paket-onecikar\']= \"Öne Çıkar\";\r\n$admin[\'paketkategori-ad\']= \"Paket Kategori Adı\";\r\n$admin[\'paketkategori-duzenle\']= \"Paket Kategori Düzenle\";\r\n$admin[\'paketozellik-ad\']= \"Paket Özellik Adı\";\r\n$admin[\'paketozellik-duzenle\']= \"Paket Özellik Düzenle\";\r\n$admin[\'urunkategori-ad\']= \"Ürün Kategori Adı\";\r\n$admin[\'urunkategori-duzenle\']= \"Ürün Kategori Düzenle\";\r\n$admin[\'urunkategori-kapakresim\']= \"Kapak Resmi\";\r\n$admin[\'urunkategori-headerresim\']= \"Header Resmi\";\r\n$admin[\'urun-ad\']= \"Ürün Adı\";\r\n$admin[\'urun-fiyat\']= \"Satış Fiyatı\";\r\n$admin[\'urun-indirimfiyat\']= \"İndirimli Fiyat\";\r\n$admin[\'urun-kodu\']= \"Ürün Kodu\";\r\n$admin[\'urun-yildiz\']= \"Yıldız Sayısı\";\r\n$admin[\'urun-satinal-link\']= \"Satın Alma Linki\";\r\n$admin[\'urun-shopier\']= \"Shopier ID\";\r\n$admin[\'urun-video-url\']= \"Ürün Video Url\";\r\n$admin[\'urun-kdvdurum\']= \"KDV Durumu\";\r\n$admin[\'urun-kdvyok\']= \"KDV Yok\";\r\n$admin[\'urun-kdvvar\']= \"KDV Var\";\r\n$admin[\'urun-stokdurum\']= \"Stok Durumu\";\r\n$admin[\'urun-stokbelirtme\']= \"Belirtilmemiş\";\r\n$admin[\'urun-stokyok\']= \"Stokta Yok\";\r\n$admin[\'urun-stokvar\']= \"Stokta Var\";\r\n$admin[\'urun-duzenle\']= \"Ürün Düzenle\";\r\n$admin[\'urun-galeri\']= \"Galeri\";\r\n$admin[\'urun-galeri-gorsel\']= \"Ürün Görseller\";\r\n$admin[\'urunhizmet-adi\']= \"Ürün Hizmet Adı\";\r\n$admin[\'urunhizmet-aciklama\']= \"Ürün Hizmet Açıklama\";\r\n$admin[\'urunhizmet-duzenle\']= \"Ürün Hizmet Düzenle\";\r\n$admin[\'siparis-no\']= \"Sipariş No\";\r\n$admin[\'siparis-incele\']= \"İncele\";\r\n$admin[\'siparis-durum-1\']= \"Hazırlanıyor\";\r\n$admin[\'siparis-durum-2\']= \"Tamamlandı\";\r\n$admin[\'siparis-durum-3\']= \"İptal Edildi\";\r\n$admin[\'siparis-durum-4\']= \"Tedarik Sürecinde\";\r\n$admin[\'siparis-durum-5\']= \"Kargoya Verildi\";\r\n$admin[\'siparis-durum-6\']= \"Ödeme Bekleniyor\";\r\n$admin[\'siparis-durum-sec\']= \"Sipariş Durumu Seçiniz\";\r\n$admin[\'siparis-yok\']= \"Sipariş Bulunamadı.\";\r\n$admin[\'siparis-not\']= \"Sipariş Notu\";\r\n$admin[\'siparis-aciklama\']= \"Sipariş Açıklama\";\r\n$admin[\'siparis-miktar\']= \"Miktar\";\r\n$admin[\'parabirim-ad\']= \"Kısa Adı\";\r\n$admin[\'parabirim-simge\']= \"Simge\";\r\n$admin[\'parabirim-duzenle\']= \"Para Birimi Düzenle\";\r\n$admin[\'parabirim-sec\']= \"Para Birimi\";\r\n$admin[\'parabirim-yok\']= \"Yok\";\r\n$admin[\'counter-ad\']= \"Counter adı giriniz...\";\r\n$admin[\'counter-sayi\']= \"Sayı giriniz...\";\r\n$admin[\'blog-adi\']= \"Blog Adı\";\r\n$admin[\'yazar-adi\']= \"Yazar Adı\";\r\n$admin[\'blog-duzenle\']= \"Blog Düzenle\";\r\n$admin[\'blog-hit\']= \"Hit\";\r\n$admin[\'duyuru-adi\']= \"Duyuru Adı\";\r\n$admin[\'duyuru-ekle\']= \"Duyuru Ekle\";\r\n$admin[\'duyuru-duzenle\']= \"Duyuru Düzenle\";\r\n$admin[\'harita-embed\']= \"Harita Embed Kodu\";\r\n$admin[\'sayfa-adi\']= \"Sayfa Adı\";\r\n$admin[\'sayfa-duzenle\']= \"Sayfa Düzenle\";\r\n$admin[\'soru-adi\']= \"Soru Adı\";\r\n$admin[\'sss-duzenle\']= \"S.S.S. Düzenle\";\r\n$admin[\'sube-adi\']= \"Şube Adı\";\r\n$admin[\'sube-telefon\']= \"Şube Telefon\";\r\n$admin[\'sube-duzenle\']= \"Şube Düzenle\";\r\n$admin[\'bayi-adi\']= \"Bayi Adı\";\r\n$admin[\'bayi-telefon\']= \"Bayi Telefon\";\r\n$admin[\'bayi-duzenle\']= \"Bayi Düzenle\";\r\n$admin[\'harita-kodu\']= \"Harita Embed Kodu\";\r\n$admin[\'banka-adi\']= \"Banka Adı\";\r\n$admin[\'banka-hesapsahip\']= \"Hesap Sahibi\";\r\n$admin[\'banka-subead\']= \"Şube Kodu - Şube Adı\";\r\n$admin[\'banka-hesap\']= \"Hesap Numarası\";\r\n$admin[\'banka-iban\']= \"IBAN\";\r\n$admin[\'banka-duzenle\']= \"Banka Düzenle\";\r\n$admin[\'slider-adi\']= \"Slider Adı\";\r\n$admin[\'slider-url\']= \"Slider URL\";\r\n$admin[\'slider-sekme\']= \"URL Yeni Sekme\";\r\n$admin[\'slider-duzenle\']= \"Slider Düzenle\";\r\n$admin[\'slider-ayarlar\']= \"Slider Ayarları\";\r\n$admin[\'slider-gridwidth\']= \"Grid Width\";\r\n$admin[\'slider-gridheight\']= \"Grid Height\";\r\n$admin[\'foto-galeri-islem\']= \"Fotoğraf İşlemleri\";\r\n$admin[\'fotogaleri-kategori\']= \"Kategori Adı\";\r\n$admin[\'fotokategori-duzenle\']= \"Kategori Düzenle\";\r\n$admin[\'foto-bilgi\']= \"Yükleme işlemi tamamlandığında  sayfayı yenileyiniz.\";\r\n$admin[\'foto-gorsel\']= \"Fotoğraflar\";\r\n$admin[\'video-adi\']= \"Video Adı\";\r\n$admin[\'video-url\']= \"Video URL\";\r\n$admin[\'video-url-ornek\']= \"Örn: https://www.youtube.com/watch?v=cJZoTqtwGzY\";\r\n$admin[\'video-duzenle\']= \"Video Düzenle\";\r\n$admin[\'counter-adi\']= \"Counter Adı\";\r\n$admin[\'counter-sayi\']= \"Counter Sayı\";\r\n$admin[\'counter-duzenle\']= \"Counter Düzenle\";\r\n$admin[\'belge-adi\']= \"Belge Adı\";\r\n$admin[\'belge-duzenle\']= \"Belge Düzenle\";\r\n$admin[\'ekatalog-adi\']= \"E-Katalog Adı\";\r\n$admin[\'ekatalog-resim\']= \"E-Katalog Kapak Resmi\";\r\n$admin[\'ekatalog-dosya\']= \"E-Katalog Dosya\";\r\n$admin[\'ekatalog-dosyayolu\']= \"E-Katalog Dosya Yolu\";\r\n$admin[\'ekatalog-dosyaguncelle\']= \"Dosya Güncelle\";\r\n$admin[\'ekatalog-duzenle\']= \"E-Katalog Düzenle\";\r\n$admin[\'ekip-duzenle\']= \"Ekip Düzenle\";\r\n$admin[\'ekip-sosyal\']= \"Sosyal Medya\";\r\n$admin[\'sosyal-duzenle\']= \"Sosyal Medya Düzenle\";\r\n$admin[\'marka-gorsel\']= \"Marka Görselleri\";\r\n$admin[\'galeri-bilgi\']= \"Yükleme işlemi tamamlandığında  sayfayı yenileyiniz.\";\r\n$admin[\'telefonrehber-duzenle\']= \"Rehber Düzenle\";\r\n$admin[\'sms-firma\']= \"İLETİ MERKEZİ\";\r\n$admin[\'sms-gonder\']= \"SMS Gönder\";\r\n$admin[\'sms-kullanici\']= \"Kullanıcı Adı\";\r\n$admin[\'sms-sifre\']= \"Şifre\";\r\n$admin[\'sms-orginator\']= \"Orginatör\";\r\n$admin[\'sms-kalan-bakiye\']= \"KALAN BAKİYE\";\r\n$admin[\'sms-siparis-id\']= \"Sipariş ID\";\r\n$admin[\'sms-mesaj-icerik\']= \"Mesaj İçeriği\";\r\n$admin[\'sms-tekli-sms\']= \"Tekli SMS\";\r\n$admin[\'ebulten-duzenle\']= \"E-Bülten Düzenle\";\r\n$admin[\'email-gonder\']= \"Email Gönder\";\r\n$admin[\'email-tekli-email\']= \"Tekli Email\";\r\n$admin[\'email-alici\']= \"Alıcı E-mail\";\r\n$admin[\'email-gonderen-mail\']= \"Gönderen E-mail\";\r\n$admin[\'email-gonderen-ad\']= \"Gönderen Ad\";\r\n$admin[\'email-konu\']= \"Konu\";\r\n$admin[\'email-mesaj-icerik\']= \"Mesaj İçeriği\";\r\n$admin[\'email-okunmadi\']= \"Okunmadı\";\r\n$admin[\'email-okundu\']= \"Okundu\";\r\n$admin[\'email-yeni\']= \"Yeni\";\r\n$admin[\'email-yok\']= \"Mesaj Bulunamadı\";\r\n$admin[\'mesaj-uygulama-yok\']= \"Mesaj Uygulaması Yok\";\r\n$admin[\'mesaj-uygulama-yonsag\']= \"Sağ\";\r\n$admin[\'mesaj-uygulama-yonsol\']= \"Sol\";\r\n$admin[\'mesaj-uygulama-messenger\']= \"Facebook-Messenger ( ör: www.facebook.com/whatshelpio )\";\r\n$admin[\'mesaj-uygulama-whatsapp\']= \"WhatsApp ( ör: +90 (555) 000-0000 )\";\r\n$admin[\'mesaj-uygulama-viber\']= \"Viber ( ör: Whatshelp )\";\r\n$admin[\'mesaj-uygulama-snapchat\']= \"Snapchat ( ör: teamsnapchat )\";\r\n$admin[\'mesaj-uygulama-line\']= \"Line ( ör: http://line.me/ti/p/2Y-7aApB8d )\";\r\n$admin[\'mesaj-uygulama-telegram\']= \"Telegram ( ör: whatshelpbot )\";\r\n$admin[\'mesaj-uygulama-vkontakte\']= \"Vkontakte ( ör: www.vk.com/live )\";\r\n$admin[\'mesaj-uygulama-sms\']= \"Sms ( ör: +905550000000 )\";\r\n$admin[\'mesaj-uygulama-telefon\']= \"Telefon ( ör: +90-555-000-0000 )\";\r\n$admin[\'mesaj-uygulama-email\']= \"Email ( ör: info@siteadi.com )\";\r\n$admin[\'insankaynak-incele\']= \"İncele\";\r\n$admin[\'insankaynak-aciklamalar\']= \"Açıklamalar\";\r\n$admin[\'insankaynak-aciklamabaslik\']= \"Başlık\";\r\n$admin[\'insankaynak-adsoyad\']= \"Ad ve Soyad\";\r\n$admin[\'insankaynak-email\']= \"E-Mail \";\r\n$admin[\'insankaynak-telefon\']= \"Telefon\";\r\n$admin[\'insankaynak-dtarih\']= \"Doğum Tarihi\";\r\n$admin[\'insankaynak-ilce\']= \"İlçe\";\r\n$admin[\'insankaynak-il\']= \"İl\";\r\n$admin[\'insankaynak-cinsiyet\']= \"Cinsiyet\";\r\n$admin[\'insankaynak-erkek\']= \"Erkek\";\r\n$admin[\'insankaynak-kadin\']= \"Kadın\";\r\n$admin[\'insankaynak-medeni\']= \"Medeni Hali\";\r\n$admin[\'insankaynak-evli\']= \"Evli\";\r\n$admin[\'insankaynak-bekar\']= \"Bekar\";\r\n$admin[\'insankaynak-askerlikdurum\']= \"Askerlik Durumu\";\r\n$admin[\'insankaynak-askerlikyapildi\']= \"Yapıldı\";\r\n$admin[\'insankaynak-askerlikmuaf\']= \"Muaf\";\r\n$admin[\'insankaynak-askerliktecilli\']= \"Tecilli\";\r\n$admin[\'insankaynak-ehliyetdurum\']= \"Ehliyet\";\r\n$admin[\'insankaynak-ehliyetvar\']= \"Var\";\r\n$admin[\'insankaynak-ehliyetyok\']= \"Yok\";\r\n$admin[\'insankaynak-egitim\']= \"Eğitim Bilgileri\";\r\n$admin[\'insankaynak-dilbilgi\']= \"Yabancı Diller\";\r\n$admin[\'insankaynak-istecrube\']= \"İş Tecrübeleri\";\r\n$admin[\'insankaynak-hakkinizda\']= \"Hakkında\";\r\n$admin[\'modulsort-baslik\']= \"Anasayfa Modül Sıralama\";\r\n$admin[\'modulsort-durumbaslik\']= \"Anasayfa Modül Durumu\";\r\n$admin[\'modulsort-digerbaslik\']= \"Diğer Modüller\";\r\n$admin[\'modulsort-1\']= \"Ürünler\";\r\n$admin[\'modulsort-2\']= \"Kategoriler\";\r\n$admin[\'modulsort-3\']= \"Hizmetler\";\r\n$admin[\'modulsort-4\']= \"Projeler\";\r\n$admin[\'modulsort-5\']= \"Paketler\";\r\n$admin[\'modulsort-6\']= \"Blog\";\r\n$admin[\'modulsort-7\']= \"Duyurular\";\r\n$admin[\'modulsort-8\']= \"Referanslar\";\r\n$admin[\'modulsort-9\']= \"Markalar\";\r\n$admin[\'modulsort-10\']= \"Ekibimiz\";\r\n$admin[\'modulsort-11\']= \"Counter\";\r\n$admin[\'modulsort-12\']= \"Yorumlar\";\r\n$admin[\'modulsort-13\']= \"Belgeler\";\r\n$admin[\'modul-recaptcha\']= \"Recaptcha\";\r\n$admin[\'modul-canlidestek\']= \"Canlı Destek\";\r\n$admin[\'modul-mesajuyg\']= \"Mesaj Uygulaması\";\r\n$admin[\'modul-slogan\']= \"Slogan\";\r\n$admin[\'modul-urunhizmet\']= \"Ürün Hizmetleri\";\r\n$admin[\'modul-siparisformu\']= \"Sipariş Formu\";\r\n$admin[\'modul-insankaynak\']= \"İnsan Kaynakları\";\r\n$admin[\'metatag-bilgi\']= \"Bu bölümde seo açısından etkili olacak sayfa içeriğiyle alakalı bilgiler giriniz.\";\r\n$admin[\'metatag-anasayfa\']= \"Anasayfa\";\r\n$admin[\'metatag-hizmetler\']= \"Hizmetler\";\r\n$admin[\'metatag-iletisim\']= \"İletişim\";\r\n$admin[\'metatag-ekip\']= \"Ekibimiz\";\r\n$admin[\'metatag-sss\']= \"S.S.S.\";\r\n$admin[\'metatag-paketler\']= \"Paketler\";\r\n$admin[\'metatag-subeler\']= \"Şubeler\";\r\n$admin[\'metatag-bayiler\']= \"Bayiler\";\r\n$admin[\'metatag-fotogaleri\']= \"Foto Galeri\";\r\n$admin[\'metatag-videogaleri\']= \"Video Galeri\";\r\n$admin[\'metatag-referanslar\']= \"Referanslar\";\r\n$admin[\'metatag-banka\']= \"Banka Hesapları\";\r\n$admin[\'metatag-belge\']= \"Belgeler\";\r\n$admin[\'metatag-ekatalog\']= \"E-Katalog\";\r\n$admin[\'metatag-projeler\']= \"Projeler\";\r\n$admin[\'metatag-duyurular\']= \"Duyurular\";\r\n$admin[\'metatag-blog\']= \"Blog\";\r\n$admin[\'metatag-marka\']= \"Markalar\";\r\n$admin[\'metatag-urunkategori\']= \"Ürün Kategori\";\r\n$admin[\'metatag-insankaynak\']= \"İnsan Kaynakları\";\r\n$admin[\'sitemap-bilgi\']= \"Bu bölümde yapacağınız ayarlar sitenizde var olan sayfaların indexlenmesi için kullanılır .\";\r\n$admin[\'sitemap-sabitsayfalar\']= \"Sabit Sayfalar\";\r\n$admin[\'sitemap-dinamiksayfalar\']= \"Dinamik Sayfalar\";\r\n$admin[\'sitemap-d-hizmetler\']= \"Hizmetler\";\r\n$admin[\'sitemap-d-urunkategori\']= \"Ürün Kategorileri\";\r\n$admin[\'sitemap-d-urunler\']= \"Ürünler\";\r\n$admin[\'sitemap-d-paketler\']= \"Paketler\";\r\n$admin[\'sitemap-d-projekategori\']= \"Proje Kategori\";\r\n$admin[\'sitemap-d-projeler\']= \"Projeler\";\r\n$admin[\'sitemap-d-blog\']= \"Blog\";\r\n$admin[\'sitemap-d-duyurular\']= \"Duyurular\";\r\n$admin[\'sitemap-d-sayfalar\']= \"Sayfalar\";\r\n$admin[\'optimize-normal\']= \"Normal (Genişlik)\";\r\n$admin[\'optimize-kucuk\']= \"Küçük (Genişlik)\";\r\n$admin[\'optimize-durum\']= \"Optimize Durum\";\r\n$admin[\'optimize-bilgi\']= \"Bu bölümdeki ayarlar resim yükleme işlemlerinde resimleri optimize etmek için kullanıılır. Optimize durumunu pasif hale getirirseniz gerçek boyutlu yükleme yapar.\";\r\n$admin[\'optimize-hizmetler\']= \"Hizmetler\";\r\n$admin[\'optimize-banner\']= \"Banner\";\r\n$admin[\'optimize-marka\']= \"Markalar\";\r\n$admin[\'optimize-ekip\']= \"Ekibimiz\";\r\n$admin[\'optimize-sayfalar\']= \"Sayfalar\";\r\n$admin[\'optimize-yorum\']= \"Yorumlar\";\r\n$admin[\'optimize-referanslar\']= \"Referanslar\";\r\n$admin[\'optimize-fotogaleri\']= \"Foto Galeri\";\r\n$admin[\'optimize-videogaleri\']= \"Video Galeri\";\r\n$admin[\'optimize-banka\']= \"Banka Hesapları\";\r\n$admin[\'optimize-belge\']= \"Belgeler\";\r\n$admin[\'optimize-urunkategori\']= \"Ürün Kategori\";\r\n$admin[\'optimize-slider\']= \"Slider\";\r\n$admin[\'optimize-ekatalog\']= \"E-Katalog\";\r\n$admin[\'optimize-projeler\']= \"Projeler\";\r\n$admin[\'optimize-duyurular\']= \"Duyurular\";\r\n$admin[\'optimize-blog\']= \"Blog\";\r\n$admin[\'optimize-urunler\']= \"Ürünler\";\r\n$admin[\'banner-urunler\']= \"Ürünler\";\r\n$admin[\'banner-paketler\']= \"Paketler\";\r\n$admin[\'banner-projeler\']= \"Projeler\";\r\n$admin[\'banner-hizmetler\']= \"Hizmetler\";\r\n$admin[\'banner-sayfalar\']= \"Sayfalar\";\r\n$admin[\'banner-blog\']= \"Blog\";\r\n$admin[\'banner-duyuru\']= \"Duyurular\";\r\n$admin[\'banner-fotogaleri\']= \"Foto Galeri\";\r\n$admin[\'banner-videogaleri\']= \"Video Galeri\";\r\n$admin[\'banner-ekibimiz\']= \"Ekibimiz\";\r\n$admin[\'banner-sss\']= \"Sık Sorulan Sorular\";\r\n$admin[\'banner-banka\']= \"Banka Hesapları\";\r\n$admin[\'banner-sube\']= \"Şubeler\";\r\n$admin[\'banner-bayi\']= \"Bayiler\";\r\n$admin[\'banner-referans\']= \"Referanslar\";\r\n$admin[\'banner-marka\']= \"Markalar\";\r\n$admin[\'banner-belge\']= \"Belgeler\";\r\n$admin[\'banner-ekatalog\']= \"E-Katalog\";\r\n$admin[\'banner-insankaynak\']= \"İnsan Kaynakları\";\r\n$admin[\'banner-iletisim\']= \"İletişim\";\r\n$admin[\'limit-kolon-sayfalama\']= \"Kolon ve Sayfalama Limit Ayarları\";\r\n$admin[\'limit-urun\']= \"Ürünler\";\r\n$admin[\'limit-paket\']= \"Paketler\";\r\n$admin[\'limit-kategori\']= \"Kategoriler\";\r\n$admin[\'limit-hizmet\']= \"Hizmetler\";\r\n$admin[\'limit-ekip\']= \"Ekibimiz\";\r\n$admin[\'limit-blog\']= \"Blog\";\r\n$admin[\'limit-duyuru\']= \"Duyurular\";\r\n$admin[\'limit-counter\']= \"Counter\";\r\n$admin[\'limit-yorum\']= \"Yorumlar\";\r\n$admin[\'limit-proje\']= \"Projeler\";\r\n$admin[\'limit-foto\']= \"Foto-Galeri\";\r\n$admin[\'limit-video\']= \"Video-Galeri\";\r\n$admin[\'limit-referans\']= \"Referanslar\";\r\n$admin[\'limit-marka\']= \"Markalar\";\r\n$admin[\'limit-belge\']= \"Belgeler\";\r\n$admin[\'limit-ekatalog\']= \"E-Katalog\";\r\n$admin[\'limit-sayfaurunler\']= \"Ürünler Sayfasındaki Kayıt Sayısı\";\r\n$admin[\'limit-sayfablog\']= \"Blog Sayfasındaki Kayıt Sayısı\";\r\n$admin[\'limit-sayfaduyuru\']= \"Duyuru Sayfasındaki Kayıt Sayısı\";\r\n$admin[\'header-footer-slider\']= \"Header - Footer - Slider\";\r\n$admin[\'tema-header-cesit\']= \"Header Çeşitleri\";\r\n$admin[\'tema-footer-cesit\']= \"Footer Çeşitleri\";\r\n$admin[\'tema-slider-cesit\']= \"Slider Çeşitleri\";\r\n$admin[\'tema-hizmet-cesit\']= \"Hizmetler\";\r\n$admin[\'tema-ekip-cesit\']= \"Ekibimiz\";\r\n$admin[\'tema-paket-cesit\']= \"Paketler\";\r\n$admin[\'tema-iletisim-cesit\']= \"İletişim\";\r\n$admin[\'tema-yorum-cesit\']= \"Yorumlar\";\r\n$admin[\'tema-urunkategori-cesit\']= \"Kategoriler\";\r\n$admin[\'tema-counter-cesit\']= \"Counter\";\r\n$admin[\'tema-header-1\']= \"Header - [ 1 ]\";\r\n$admin[\'tema-header-2\']= \"Header - [ 2 ]\";\r\n$admin[\'tema-header-3\']= \"Header - [ 3 ]\";\r\n$admin[\'tema-header-4\']= \"Header - [ 4 ]\";\r\n$admin[\'tema-header-5\']= \"Header - [ 5 ]\";\r\n$admin[\'tema-header-6\']= \"Header - [ 6 ]\";\r\n$admin[\'tema-header-7\']= \"Header - [ 7 ]\";\r\n$admin[\'tema-header-8\']= \"Header - [ 8 ]\";\r\n$admin[\'tema-header-9\']= \"Header - [ 9 ]\";\r\n$admin[\'tema-header-10\']= \"Header - [ 10 ]\";\r\n$admin[\'tema-header-11\']= \"Header - [ 11 ]\";\r\n$admin[\'tema-header-12\']= \"Header - [ 12 ]\";\r\n$admin[\'tema-header-13\']= \"Header - [ 13 ]\";\r\n$admin[\'tema-header-14\']= \"Header - [ 14 ]\";\r\n$admin[\'tema-header-15\']= \"Header - [ 15 ]\";\r\n$admin[\'tema-header-16\']= \"Header - [ 16 ]\";\r\n$admin[\'tema-header-17\']= \"Header - [ 17 ]\";\r\n$admin[\'tema-header-18\']= \"Header - [ 18 ]\";\r\n$admin[\'tema-header-19\']= \"Header - [ 19 ]\";\r\n$admin[\'tema-header-20\']= \"Header - [ 20 ]\";\r\n$admin[\'tema-header-21\']= \"Header - [ 21 ]\";\r\n$admin[\'tema-header-22\']= \"Header - [ 22 ]\";\r\n$admin[\'tema-header-23\']= \"Header - [ 23 ]\";\r\n$admin[\'tema-header-24\']= \"Header - [ 24 ]\";\r\n$admin[\'tema-header-25\']= \"Header - [ 25 ]\";\r\n$admin[\'tema-header-26\']= \"Header - [ 26 ]\";\r\n$admin[\'tema-footer-1\']= \"Footer - [ 1 ]\";\r\n$admin[\'tema-footer-2\']= \"Footer - [ 2 ]\";\r\n$admin[\'tema-footer-3\']= \"Footer - [ 3 ]\";\r\n$admin[\'tema-footer-4\']= \"Footer - [ 4 ]\";\r\n$admin[\'tema-footer-5\']= \"Footer - [ 5 ]\";\r\n$admin[\'tema-footer-6\']= \"Footer - [ 6 ]\";\r\n$admin[\'tema-footer-7\']= \"Footer - [ 7 ]\";\r\n$admin[\'tema-footer-8\']= \"Footer - [ 8 ]\";\r\n$admin[\'tema-footer-9\']= \"Footer - [ 9 ]\";\r\n$admin[\'tema-footer-10\']= \"Footer - [ 10 ]\";\r\n$admin[\'tema-footer-11\']= \"Footer - [ 11 ]\";\r\n$admin[\'tema-footer-12\']= \"Footer - [ 12 ]\";\r\n$admin[\'tema-footer-13\']= \"Footer - [ 13 ]\";\r\n$admin[\'tema-footer-14\']= \"Footer - [ 14 ]\";\r\n$admin[\'tema-footer-15\']= \"Footer - [ 15 ]\";\r\n$admin[\'tema-slider-1\']= \"Slider - [ 1 ]\";\r\n$admin[\'tema-slider-2\']= \"Slider - [ 2 ]\";\r\n$admin[\'tema-slider-3\']= \"Slider - [ 3 ]\";\r\n$admin[\'tema-slider-4\']= \"Slider - [ 4 ]\";\r\n$admin[\'tema-slider-5\']= \"Slider - [ 5 ]\";\r\n$admin[\'tema-hizmet-1\']= \"Hizmetler - [ 1 ]\";\r\n$admin[\'tema-hizmet-2\']= \"Hizmetler - [ 2 ]\";\r\n$admin[\'tema-hizmet-3\']= \"Hizmetler - [ 3 ]\";\r\n$admin[\'tema-hizmet-4\']= \"Hizmetler - [ 4 ]\";\r\n$admin[\'tema-hizmet-5\']= \"Hizmetler - [ 5 ]\";\r\n$admin[\'tema-hizmet-6\']= \"Hizmetler - [ 6 ]\";\r\n$admin[\'tema-hizmet-7\']= \"Hizmetler - [ 7 ]\";\r\n$admin[\'tema-ekip-1\']= \"Ekibimiz - [ 1 ]\";\r\n$admin[\'tema-ekip-2\']= \"Ekibimiz - [ 2 ]\";\r\n$admin[\'tema-ekip-3\']= \"Ekibimiz - [ 3 ]\";\r\n$admin[\'tema-ekip-4\']= \"Ekibimiz - [ 4 ]\";\r\n$admin[\'tema-ekip-5\']= \"Ekibimiz - [ 5 ]\";\r\n$admin[\'tema-ekip-6\']= \"Ekibimiz - [ 6 ]\";\r\n$admin[\'tema-paket-1\']= \"Paketler - [ 1 ]\";\r\n$admin[\'tema-paket-2\']= \"Paketler - [ 2 ]\";\r\n$admin[\'tema-paket-3\']= \"Paketler - [ 3 ]\";\r\n$admin[\'tema-iletisim-1\']= \"İletişim - [ 1 ]\";\r\n$admin[\'tema-iletisim-2\']= \"İletişim - [ 2 ]\";\r\n$admin[\'tema-iletisim-3\']= \"İletişim - [ 3 ]\";\r\n$admin[\'tema-yorum-1\']= \"Yorumlar - [ 1 ]\";\r\n$admin[\'tema-yorum-2\']= \"Yorumlar - [ 2 ]\";\r\n$admin[\'tema-yorum-3\']= \"Yorumlar - [ 3 ]\";\r\n$admin[\'tema-yorum-4\']= \"Yorumlar - [ 4 ]\";\r\n$admin[\'tema-urunkategori-1\']= \"Kategoriler - [ 1 ]\";\r\n$admin[\'tema-urunkategori-2\']= \"Kategoriler - [ 2 ]\";\r\n$admin[\'tema-urunkategori-3\']= \"Kategoriler - [ 3 ]\";\r\n$admin[\'tema-counter-1\']= \"Counter - [ 1 ]\";\r\n$admin[\'tema-counter-2\']= \"Counter - [ 2 ]\";\r\n$admin[\'tema-counter-3\']= \"Counter - [ 3 ]\";\r\n$admin[\'dt-sDecimal\']= \",\";\r\n$admin[\'dt-sEmptyTable\']= \"Tabloda herhangi bir veri mevcut değil\";\r\n$admin[\'dt-sInfo\']= \"_TOTAL_ kayıttan _START_ - _END_ arasındaki kayıtlar gösteriliyor\";\r\n$admin[\'dt-sInfoEmpty\']= \"Kayıt yok\";\r\n$admin[\'dt-sInfoFiltered\']= \"(_MAX_ kayıt içerisinden bulunan)\";\r\n$admin[\'dt-sInfoPostFix\']= \"\";\r\n$admin[\'dt-sInfoThousands\']= \".\";\r\n$admin[\'dt-sLengthMenu\']= \"Sayfada _MENU_ kayıt göster\";\r\n$admin[\'dt-sLoadingRecords\']= \"Yükleniyor...\";\r\n$admin[\'dt-sProcessing\']= \"İşleniyor...\";\r\n$admin[\'dt-sSearch\']= \"Ara:\";\r\n$admin[\'dt-sZeroRecords\']= \"Eşleşen kayıt bulunamadı\";\r\n$admin[\'dt-sFirst\']= \"İlk\";\r\n$admin[\'dt-sLast\']= \"Son\";\r\n$admin[\'dt-sNext\']= \"Sonraki\";\r\n$admin[\'dt-sPrevious\']= \"Önceki\";\r\n$admin[\'dt-sSortAscending\']= \": artan sütun sıralamasını aktifleştir\";\r\n$admin[\'dt-sSortDescending\']= \": azalan sütun sıralamasını aktifleştir\";\r\n$admin[\'dt-_\']= \"%d kayıt seçildi\";\r\n$admin[\'dt-0\']= \"\";\r\n$admin[\'dt-1\']= \"1 kayıt seçildi\";\r\n?>', '1');

-- --------------------------------------------------------

--
-- Tablo için tablo yapısı `duyuru`
--

CREATE TABLE `duyuru` (
  `duyuru_id` int(11) NOT NULL,
  `duyuru_zaman` timestamp NOT NULL DEFAULT current_timestamp(),
  `duyuru_resimyol` varchar(250) COLLATE utf8_turkish_ci DEFAULT NULL,
  `duyuru_thumbresimyol` varchar(250) COLLATE utf8_turkish_ci DEFAULT NULL,
  `duyuru_ad` varchar(250) COLLATE utf8_turkish_ci DEFAULT NULL,
  `duyuru_yazar` varchar(100) COLLATE utf8_turkish_ci DEFAULT NULL,
  `duyuru_kisaca` text COLLATE utf8_turkish_ci DEFAULT NULL,
  `duyuru_detay` text COLLATE utf8_turkish_ci DEFAULT NULL,
  `duyuru_title` varchar(250) COLLATE utf8_turkish_ci DEFAULT NULL,
  `duyuru_keywords` varchar(250) COLLATE utf8_turkish_ci DEFAULT NULL,
  `duyuru_description` varchar(500) COLLATE utf8_turkish_ci DEFAULT NULL,
  `duyuru_durum` enum('0','1') COLLATE utf8_turkish_ci NOT NULL DEFAULT '1',
  `duyuru_anasayfa` enum('0','1') COLLATE utf8_turkish_ci NOT NULL DEFAULT '1',
  `duyuru_goruntusay` int(11) NOT NULL DEFAULT 1,
  `duyuru_dil` int(11) NOT NULL DEFAULT 0
) ENGINE=InnoDB DEFAULT CHARSET=utf8 COLLATE=utf8_turkish_ci;

--
-- Tablo döküm verisi `duyuru`
--

INSERT INTO `duyuru` (`duyuru_id`, `duyuru_zaman`, `duyuru_resimyol`, `duyuru_thumbresimyol`, `duyuru_ad`, `duyuru_yazar`, `duyuru_kisaca`, `duyuru_detay`, `duyuru_title`, `duyuru_keywords`, `duyuru_description`, `duyuru_durum`, `duyuru_anasayfa`, `duyuru_goruntusay`, `duyuru_dil`) VALUES
(2, '2018-09-09 23:38:03', 'images/duyuru/3919315244-d2.jpg', 'images/duyuru/thumb/3919315244-d2.jpg', 'Duyuru - 1', 'Admin', 'Yinelenen bir sayfa içeriğinin okuyucunun dikkatini dağıttığı bilinen bir gerçektir. Lorem Ipsum kullanmanın amacı, sürekli \'buraya metin gelecek, buraya metin gelecek\'', '<p>Yinelenen bir sayfa i&ccedil;eriğinin okuyucunun dikkatini dağıttığı bilinen bir ger&ccedil;ektir. Lorem Ipsum kullanmanın amacı, s&uuml;rekli \'buraya metin gelecek, buraya metin gelecek\' yazmaya kıyasla daha dengeli bir harf dağılımı sağlayarak okunurluğu artırmasıdır. Şu anda bir&ccedil;ok masa&uuml;st&uuml; yayıncılık paketi ve web sayfa d&uuml;zenleyicisi, varsayılan mıgır metinler olarak Lorem Ipsum kullanmaktadır.</p>\r\n<p>Yinelenen bir sayfa i&ccedil;eriğinin okuyucunun dikkatini dağıttığı bilinen bir ger&ccedil;ektir. Lorem Ipsum kullanmanın amacı, s&uuml;rekli \'buraya metin gelecek, buraya metin gelecek\' yazmaya kıyasla daha dengeli bir harf dağılımı sağlayarak okunurluğu artırmasıdır. Şu anda bir&ccedil;ok masa&uuml;st&uuml; yayıncılık paketi ve web sayfa d&uuml;zenleyicisi, varsayılan mıgır metinler olarak Lorem Ipsum kullanmaktadır.</p>', 'Duyuru - 1', 'duyuru,haber', 'Yinelenen bir sayfa içeriğinin okuyucunun dikkatini dağıttığı bilinen bir gerçektir. Lorem Ipsum kullanmanın amacı', '1', '1', 3, 5),
(3, '2018-09-09 23:56:54', 'images/duyuru/1586048250-d2.jpg', 'images/duyuru/thumb/1586048250-d2.jpg', 'Duyuru-2', 'Admin', 'Yinelenen bir sayfa içeriğinin okuyucunun dikkatini dağıttığı bilinen bir gerçektir. Lorem Ipsum kullanmanın amacı, sürekli \'buraya metin gelecek, buraya metin gelecek\'', '<p>Yinelenen bir sayfa i&ccedil;eriğinin okuyucunun dikkatini dağıttığı bilinen bir ger&ccedil;ektir. Lorem Ipsum kullanmanın amacı, s&uuml;rekli \'buraya metin gelecek, buraya metin gelecek\' yazmaya kıyasla daha dengeli bir harf dağılımı sağlayarak okunurluğu artırmasıdır. Şu anda bir&ccedil;ok masa&uuml;st&uuml; yayıncılık paketi ve web sayfa d&uuml;zenleyicisi, varsayılan mıgır metinler olarak Lorem Ipsum kullanmaktadır.</p>\r\n<p>Yinelenen bir sayfa i&ccedil;eriğinin okuyucunun dikkatini dağıttığı bilinen bir ger&ccedil;ektir. Lorem Ipsum kullanmanın amacı, s&uuml;rekli \'buraya metin gelecek, buraya metin gelecek\' yazmaya kıyasla daha dengeli bir harf dağılımı sağlayarak okunurluğu artırmasıdır. Şu anda bir&ccedil;ok masa&uuml;st&uuml; yayıncılık paketi ve web sayfa d&uuml;zenleyicisi, varsayılan mıgır metinler olarak Lorem Ipsum kullanmaktadır.</p>', 'Duyuru-2', 'duyuru,haber', 'Yinelenen bir sayfa içeriğinin okuyucunun dikkatini dağıttığı bilinen bir gerçektir. Lorem Ipsum kullanmanın amacı', '1', '1', 2, 5),
(4, '2018-10-26 15:24:06', 'images/duyuru/1683321170-d2.jpg', 'images/duyuru/thumb/1683321170-d2.jpg', 'Duyuru - 3', 'Admin', 'Yinelenen bir sayfa içeriğinin okuyucunun dikkatini dağıttığı bilinen bir gerçektir. Lorem Ipsum kullanmanın amacı, sürekli \'buraya metin gelecek, buraya metin gelecek\'', '<p>Yinelenen bir sayfa i&ccedil;eriğinin okuyucunun dikkatini dağıttığı bilinen bir ger&ccedil;ektir. Lorem Ipsum kullanmanın amacı, s&uuml;rekli \'buraya metin gelecek, buraya metin gelecek\' yazmaya kıyasla daha dengeli bir harf dağılımı sağlayarak okunurluğu artırmasıdır. Şu anda bir&ccedil;ok masa&uuml;st&uuml; yayıncılık paketi ve web sayfa d&uuml;zenleyicisi, varsayılan mıgır metinler olarak Lorem Ipsum kullanmaktadır.</p>\r\n<p>Yinelenen bir sayfa i&ccedil;eriğinin okuyucunun dikkatini dağıttığı bilinen bir ger&ccedil;ektir. Lorem Ipsum kullanmanın amacı, s&uuml;rekli \'buraya metin gelecek, buraya metin gelecek\' yazmaya kıyasla daha dengeli bir harf dağılımı sağlayarak okunurluğu artırmasıdır. Şu anda bir&ccedil;ok masa&uuml;st&uuml; yayıncılık paketi ve web sayfa d&uuml;zenleyicisi, varsayılan mıgır metinler olarak Lorem Ipsum kullanmaktadır.</p>', 'Duyuru - 3', 'duyuru,haber', 'Yinelenen bir sayfa içeriğinin okuyucunun dikkatini dağıttığı bilinen bir gerçektir. Lorem Ipsum kullanmanın amacı', '1', '1', 3, 5);

-- --------------------------------------------------------

--
-- Tablo için tablo yapısı `duyurugoruntu`
--

CREATE TABLE `duyurugoruntu` (
  `duyurugoruntu_id` int(11) NOT NULL,
  `duyurugoruntu_duyuruid` int(11) NOT NULL DEFAULT 1,
  `duyurugoruntu_ip` varchar(100) COLLATE utf8_turkish_ci DEFAULT NULL
) ENGINE=InnoDB DEFAULT CHARSET=utf8 COLLATE=utf8_turkish_ci;

--
-- Tablo döküm verisi `duyurugoruntu`
--

INSERT INTO `duyurugoruntu` (`duyurugoruntu_id`, `duyurugoruntu_duyuruid`, `duyurugoruntu_ip`) VALUES
(1, 2, '::1'),
(2, 3, '::1'),
(3, 5, '::1'),
(4, 6, '::1'),
(5, 4, '::1'),
(6, 2, '66.249.69.62'),
(7, 4, '66.249.69.60');

-- --------------------------------------------------------

--
-- Tablo için tablo yapısı `ebulten`
--

CREATE TABLE `ebulten` (
  `ebulten_id` int(11) NOT NULL,
  `ebulten_email` varchar(100) COLLATE utf8_turkish_ci DEFAULT NULL,
  `ebulten_tarih` timestamp NOT NULL DEFAULT current_timestamp()
) ENGINE=InnoDB DEFAULT CHARSET=utf8 COLLATE=utf8_turkish_ci;

-- --------------------------------------------------------

--
-- Tablo için tablo yapısı `ekatalog`
--

CREATE TABLE `ekatalog` (
  `ekatalog_id` int(11) NOT NULL,
  `ekatalog_ad` varchar(250) COLLATE utf8_turkish_ci DEFAULT NULL,
  `ekatalog_sira` int(4) NOT NULL DEFAULT 0,
  `ekatalog_resimyol` varchar(250) COLLATE utf8_turkish_ci DEFAULT NULL,
  `ekatalog_dosya` varchar(250) COLLATE utf8_turkish_ci DEFAULT NULL,
  `ekatalog_durum` enum('0','1') COLLATE utf8_turkish_ci NOT NULL DEFAULT '1',
  `ekatalog_dil` int(11) NOT NULL DEFAULT 0
) ENGINE=InnoDB DEFAULT CHARSET=utf8 COLLATE=utf8_turkish_ci;

--
-- Tablo döküm verisi `ekatalog`
--

INSERT INTO `ekatalog` (`ekatalog_id`, `ekatalog_ad`, `ekatalog_sira`, `ekatalog_resimyol`, `ekatalog_dosya`, `ekatalog_durum`, `ekatalog_dil`) VALUES
(4, 'E-Katalog 1', 1, 'images/ekatalog/3981843369-164.jpg', 'images/ekatalog/dosya/1730625788-ornek.pdf', '1', 5),
(5, 'E-Katalog 2', 2, 'images/ekatalog/1227443579-165.jpg', 'images/ekatalog/dosya/1371712102-ornek.pdf', '1', 5),
(6, 'E-Katalog 3', 3, 'images/ekatalog/2794328994-133.jpg', 'images/ekatalog/dosya/2794328994-ornek.pdf', '1', 5),
(7, 'E-Katalog 4', 4, 'images/ekatalog/3269245335-190.jpg', 'images/ekatalog/dosya/1043036414-ornek.pdf', '1', 5);

-- --------------------------------------------------------

--
-- Tablo için tablo yapısı `ekip`
--

CREATE TABLE `ekip` (
  `ekip_id` int(11) NOT NULL,
  `ekip_ad` varchar(250) COLLATE utf8_turkish_ci DEFAULT NULL,
  `ekip_gorev` varchar(250) COLLATE utf8_turkish_ci DEFAULT NULL,
  `ekip_email` varchar(100) COLLATE utf8_turkish_ci DEFAULT NULL,
  `ekip_tel` varchar(50) COLLATE utf8_turkish_ci DEFAULT NULL,
  `ekip_sira` int(4) NOT NULL DEFAULT 0,
  `ekip_resimyol` varchar(250) COLLATE utf8_turkish_ci DEFAULT NULL,
  `ekip_durum` enum('0','1') COLLATE utf8_turkish_ci NOT NULL DEFAULT '1',
  `ekip_dil` int(11) NOT NULL DEFAULT 0
) ENGINE=InnoDB DEFAULT CHARSET=utf8 COLLATE=utf8_turkish_ci;

--
-- Tablo döküm verisi `ekip`
--

INSERT INTO `ekip` (`ekip_id`, `ekip_ad`, `ekip_gorev`, `ekip_email`, `ekip_tel`, `ekip_sira`, `ekip_resimyol`, `ekip_durum`, `ekip_dil`) VALUES
(8, 'Demo', ' Digital Marketing Expert', 'demo@demo.com', '0535 555 55 55', 1, 'images/ekip/1188610017-team3.jpg', '1', 5);

-- --------------------------------------------------------

--
-- Tablo için tablo yapısı `ekipsosyal`
--

CREATE TABLE `ekipsosyal` (
  `ekipsosyal_id` int(11) NOT NULL,
  `ekipsosyal_ekipid` int(11) NOT NULL DEFAULT 0,
  `ekipsosyal_ikon` varchar(100) COLLATE utf8_turkish_ci DEFAULT NULL,
  `ekipsosyal_link` varchar(250) COLLATE utf8_turkish_ci DEFAULT NULL,
  `ekipsosyal_sira` int(4) NOT NULL DEFAULT 0,
  `ekipsosyal_durum` enum('0','1') COLLATE utf8_turkish_ci NOT NULL DEFAULT '1'
) ENGINE=InnoDB DEFAULT CHARSET=utf8 COLLATE=utf8_turkish_ci;

--
-- Tablo döküm verisi `ekipsosyal`
--

INSERT INTO `ekipsosyal` (`ekipsosyal_id`, `ekipsosyal_ekipid`, `ekipsosyal_ikon`, `ekipsosyal_link`, `ekipsosyal_sira`, `ekipsosyal_durum`) VALUES
(13, 8, 'fa-facebook-f', 'https://www.facebook.com/', 1, '1'),
(16, 8, 'fa-twitter', 'https://twitter.com/', 2, '1'),
(17, 8, 'fa-instagram', 'https://www.instagram.com', 3, '1'),
(18, 8, 'fa-linkedin', 'https://linkedin.com/', 4, '1');

-- --------------------------------------------------------

--
-- Tablo için tablo yapısı `footer`
--

CREATE TABLE `footer` (
  `footer_id` int(11) NOT NULL,
  `footer_copy` varchar(100) COLLATE utf8_turkish_ci DEFAULT NULL,
  `footer_yazi` varchar(500) COLLATE utf8_turkish_ci DEFAULT NULL,
  `footer_kisabilgi` text COLLATE utf8_turkish_ci DEFAULT NULL,
  `footer_calisma` text COLLATE utf8_turkish_ci DEFAULT NULL,
  `footer_dil` int(11) NOT NULL DEFAULT 0
) ENGINE=InnoDB DEFAULT CHARSET=utf8 COLLATE=utf8_turkish_ci;

--
-- Tablo döküm verisi `footer`
--

INSERT INTO `footer` (`footer_id`, `footer_copy`, `footer_yazi`, `footer_kisabilgi`, `footer_calisma`, `footer_dil`) VALUES
(2, 'Demo', '', '', '', 5);

-- --------------------------------------------------------

--
-- Tablo için tablo yapısı `footermenu`
--

CREATE TABLE `footermenu` (
  `footermenu_id` int(11) NOT NULL,
  `footermenu_ad` varchar(100) COLLATE utf8_turkish_ci DEFAULT NULL,
  `footermenu_sayfatip` int(1) NOT NULL DEFAULT 0,
  `footermenu_url` varchar(250) COLLATE utf8_turkish_ci DEFAULT NULL,
  `footermenu_sira` int(4) NOT NULL DEFAULT 0,
  `footermenu_durum` enum('0','1') COLLATE utf8_turkish_ci NOT NULL DEFAULT '1',
  `footermenu_sekme` enum('0','1') COLLATE utf8_turkish_ci NOT NULL DEFAULT '0',
  `footermenu_dil` int(11) NOT NULL DEFAULT 0
) ENGINE=InnoDB DEFAULT CHARSET=utf8 COLLATE=utf8_turkish_ci;

--
-- Tablo döküm verisi `footermenu`
--

INSERT INTO `footermenu` (`footermenu_id`, `footermenu_ad`, `footermenu_sayfatip`, `footermenu_url`, `footermenu_sira`, `footermenu_durum`, `footermenu_sekme`, `footermenu_dil`) VALUES
(9, 'Hizmetlerimiz', 4, 'hizmetler', 1, '1', '0', 5),
(10, 'Projelerimiz', 4, 'tum-projeler', 2, '1', '0', 5),
(11, 'Ürünler', 4, 'kategoriler', 3, '1', '0', 5),
(12, 'Paketler', 4, 'paketler', 4, '1', '0', 5),
(13, 'Foto Galeri', 4, 'foto-galeri', 5, '1', '0', 5),
(14, 'Blog', 4, 'blog', 6, '1', '0', 5),
(26, 'İletişim', 4, 'iletisim', 7, '1', '0', 5);

-- --------------------------------------------------------

--
-- Tablo için tablo yapısı `foto`
--

CREATE TABLE `foto` (
  `foto_id` int(11) NOT NULL,
  `foto_resimyol` varchar(250) COLLATE utf8_turkish_ci DEFAULT NULL,
  `foto_kategori` int(11) NOT NULL DEFAULT 0
) ENGINE=InnoDB DEFAULT CHARSET=utf8 COLLATE=utf8_turkish_ci;

-- --------------------------------------------------------

--
-- Tablo için tablo yapısı `fotokategori`
--

CREATE TABLE `fotokategori` (
  `fotokategori_id` int(11) NOT NULL,
  `fotokategori_ad` varchar(50) COLLATE utf8_turkish_ci DEFAULT NULL,
  `fotokategori_sira` int(4) NOT NULL DEFAULT 0,
  `fotokategori_dil` int(11) NOT NULL DEFAULT 0
) ENGINE=InnoDB DEFAULT CHARSET=utf8 COLLATE=utf8_turkish_ci;

-- --------------------------------------------------------

--
-- Tablo için tablo yapısı `gelenmesaj`
--

CREATE TABLE `gelenmesaj` (
  `gelenmesaj_id` int(11) NOT NULL,
  `gelenmesaj_tarih` timestamp NOT NULL DEFAULT current_timestamp(),
  `gelenmesaj_ad` varchar(100) COLLATE utf8_turkish_ci DEFAULT NULL,
  `gelenmesaj_email` varchar(100) COLLATE utf8_turkish_ci DEFAULT NULL,
  `gelenmesaj_tel` varchar(20) COLLATE utf8_turkish_ci DEFAULT NULL,
  `gelenmesaj_mesaj` text COLLATE utf8_turkish_ci DEFAULT NULL,
  `gelenmesaj_ip` varchar(50) COLLATE utf8_turkish_ci DEFAULT NULL,
  `gelenmesaj_okundu` enum('0','1') COLLATE utf8_turkish_ci NOT NULL DEFAULT '0'
) ENGINE=InnoDB DEFAULT CHARSET=utf8 COLLATE=utf8_turkish_ci;

-- --------------------------------------------------------

--
-- Tablo için tablo yapısı `hit`
--

CREATE TABLE `hit` (
  `id` int(11) NOT NULL,
  `gun` int(11) NOT NULL DEFAULT 1,
  `ay` int(11) NOT NULL DEFAULT 1,
  `yil` int(11) NOT NULL DEFAULT 1,
  `simdi` int(11) NOT NULL DEFAULT 1,
  `sayac` int(11) NOT NULL DEFAULT 1,
  `ip` varchar(100) COLLATE utf8_turkish_ci DEFAULT NULL
) ENGINE=InnoDB DEFAULT CHARSET=utf8 COLLATE=utf8_turkish_ci;

-- --------------------------------------------------------

--
-- Tablo için tablo yapısı `hizmet`
--

CREATE TABLE `hizmet` (
  `hizmet_id` int(11) NOT NULL,
  `hizmet_ad` varchar(250) COLLATE utf8_turkish_ci DEFAULT NULL,
  `hizmet_ikon` varchar(100) COLLATE utf8_turkish_ci DEFAULT NULL,
  `hizmet_kisaca` text COLLATE utf8_turkish_ci DEFAULT NULL,
  `hizmet_icerik` text COLLATE utf8_turkish_ci DEFAULT NULL,
  `hizmet_resimyol` varchar(250) COLLATE utf8_turkish_ci DEFAULT NULL,
  `hizmet_thumbresimyol` varchar(250) COLLATE utf8_turkish_ci DEFAULT NULL,
  `hizmet_title` varchar(250) COLLATE utf8_turkish_ci DEFAULT NULL,
  `hizmet_keywords` varchar(250) COLLATE utf8_turkish_ci DEFAULT NULL,
  `hizmet_description` varchar(500) COLLATE utf8_turkish_ci DEFAULT NULL,
  `hizmet_sira` int(4) NOT NULL DEFAULT 0,
  `hizmet_durum` enum('0','1') COLLATE utf8_turkish_ci NOT NULL DEFAULT '1',
  `hizmet_anasayfa` enum('0','1') COLLATE utf8_turkish_ci NOT NULL DEFAULT '1',
  `hizmet_dil` int(11) NOT NULL DEFAULT 0
) ENGINE=InnoDB DEFAULT CHARSET=utf8 COLLATE=utf8_turkish_ci;

--
-- Tablo döküm verisi `hizmet`
--

INSERT INTO `hizmet` (`hizmet_id`, `hizmet_ad`, `hizmet_ikon`, `hizmet_kisaca`, `hizmet_icerik`, `hizmet_resimyol`, `hizmet_thumbresimyol`, `hizmet_title`, `hizmet_keywords`, `hizmet_description`, `hizmet_sira`, `hizmet_durum`, `hizmet_anasayfa`, `hizmet_dil`) VALUES
(1, 'Destek Hizmeti', 'fa-life-buoy', 'Yinelenen bir sayfa içeriğinin okuyucunun dikkatini dağıttığı bilinen bir gerçektir. Lorem Ipsum kullanmanın amacı', '<p>Yinelenen bir sayfa i&ccedil;eriğinin okuyucunun dikkatini dağıttığı bilinen bir ger&ccedil;ektir. Lorem Ipsum kullanmanın amacı, s&uuml;rekli \'buraya metin gelecek, buraya metin gelecek\' yazmaya kıyasla daha dengeli bir harf dağılımı sağlayarak okunurluğu artırmasıdır. Şu anda bir&ccedil;ok masa&uuml;st&uuml; yayıncılık paketi ve web sayfa d&uuml;zenleyicisi, varsayılan mıgır metinler olarak Lorem Ipsum kullanmaktadır.</p>\r\n<p>Yinelenen bir sayfa i&ccedil;eriğinin okuyucunun dikkatini dağıttığı bilinen bir ger&ccedil;ektir. Lorem Ipsum kullanmanın amacı, s&uuml;rekli \'buraya metin gelecek, buraya metin gelecek\' yazmaya kıyasla daha dengeli bir harf dağılımı sağlayarak okunurluğu artırmasıdır. Şu anda bir&ccedil;ok masa&uuml;st&uuml; yayıncılık paketi ve web sayfa d&uuml;zenleyicisi, varsayılan mıgır metinler olarak Lorem Ipsum kullanmaktadır.</p>', 'images/hizmet/4522614060-s4.jpg', 'images/hizmet/thumb/4522614060-s4.jpg', 'Destek Hizmeti', 'Destek Hizmeti', '', 6, '1', '0', 5),
(2, 'Eğitim Hizmeti', 'fa-graduation-cap', 'Yinelenen bir sayfa içeriğinin okuyucunun dikkatini dağıttığı bilinen bir gerçektir. Lorem Ipsum kullanmanın amacı', '<p>Yinelenen bir sayfa i&ccedil;eriğinin okuyucunun dikkatini dağıttığı bilinen bir ger&ccedil;ektir. Lorem Ipsum kullanmanın amacı, s&uuml;rekli \'buraya metin gelecek, buraya metin gelecek\' yazmaya kıyasla daha dengeli bir harf dağılımı sağlayarak okunurluğu artırmasıdır. Şu anda bir&ccedil;ok masa&uuml;st&uuml; yayıncılık paketi ve web sayfa d&uuml;zenleyicisi, varsayılan mıgır metinler olarak Lorem Ipsum kullanmaktadır.</p>\r\n<p>Yinelenen bir sayfa i&ccedil;eriğinin okuyucunun dikkatini dağıttığı bilinen bir ger&ccedil;ektir. Lorem Ipsum kullanmanın amacı, s&uuml;rekli \'buraya metin gelecek, buraya metin gelecek\' yazmaya kıyasla daha dengeli bir harf dağılımı sağlayarak okunurluğu artırmasıdır. Şu anda bir&ccedil;ok masa&uuml;st&uuml; yayıncılık paketi ve web sayfa d&uuml;zenleyicisi, varsayılan mıgır metinler olarak Lorem Ipsum kullanmaktadır.</p>', 'images/hizmet/2144119084-s3.jpg', 'images/hizmet/thumb/2144119084-s3.jpg', 'Eğitim Hizmeti', 'Eğitim Hizmeti', '', 8, '1', '0', 5),
(3, 'Dış Kaynak Kullanımı', 'fa-globe', 'Yinelenen bir sayfa içeriğinin okuyucunun dikkatini dağıttığı bilinen bir gerçektir. Lorem Ipsum kullanmanın amacı', '<p>Yinelenen bir sayfa i&ccedil;eriğinin okuyucunun dikkatini dağıttığı bilinen bir ger&ccedil;ektir. Lorem Ipsum kullanmanın amacı, s&uuml;rekli \'buraya metin gelecek, buraya metin gelecek\' yazmaya kıyasla daha dengeli bir harf dağılımı sağlayarak okunurluğu artırmasıdır. Şu anda bir&ccedil;ok masa&uuml;st&uuml; yayıncılık paketi ve web sayfa d&uuml;zenleyicisi, varsayılan mıgır metinler olarak Lorem Ipsum kullanmaktadır.</p>\r\n<p>Yinelenen bir sayfa i&ccedil;eriğinin okuyucunun dikkatini dağıttığı bilinen bir ger&ccedil;ektir. Lorem Ipsum kullanmanın amacı, s&uuml;rekli \'buraya metin gelecek, buraya metin gelecek\' yazmaya kıyasla daha dengeli bir harf dağılımı sağlayarak okunurluğu artırmasıdır. Şu anda bir&ccedil;ok masa&uuml;st&uuml; yayıncılık paketi ve web sayfa d&uuml;zenleyicisi, varsayılan mıgır metinler olarak Lorem Ipsum kullanmaktadır.</p>', 'images/hizmet/1886627085-s2.jpg', 'images/hizmet/thumb/1886627085-s2.jpg', 'Dış Kaynak Kullanımı', 'Dış Kaynak Kullanımı', '', 7, '1', '0', 5),
(9, 'Süreç Danışmanlığı', 'fa-calendar-check-o', 'Yinelenen bir sayfa içeriğinin okuyucunun dikkatini dağıttığı bilinen bir gerçektir. Lorem Ipsum kullanmanın amacı', '<p>Yinelenen bir sayfa i&ccedil;eriğinin okuyucunun dikkatini dağıttığı bilinen bir ger&ccedil;ektir. Lorem Ipsum kullanmanın amacı, s&uuml;rekli \'buraya metin gelecek, buraya metin gelecek\' yazmaya kıyasla daha dengeli bir harf dağılımı sağlayarak okunurluğu artırmasıdır. Şu anda bir&ccedil;ok masa&uuml;st&uuml; yayıncılık paketi ve web sayfa d&uuml;zenleyicisi, varsayılan mıgır metinler olarak Lorem Ipsum kullanmaktadır.</p>\r\n<p>Yinelenen bir sayfa i&ccedil;eriğinin okuyucunun dikkatini dağıttığı bilinen bir ger&ccedil;ektir. Lorem Ipsum kullanmanın amacı, s&uuml;rekli \'buraya metin gelecek, buraya metin gelecek\' yazmaya kıyasla daha dengeli bir harf dağılımı sağlayarak okunurluğu artırmasıdır. Şu anda bir&ccedil;ok masa&uuml;st&uuml; yayıncılık paketi ve web sayfa d&uuml;zenleyicisi, varsayılan mıgır metinler olarak Lorem Ipsum kullanmaktadır.</p>', 'images/hizmet/3983148450-services-a.jpg', 'images/hizmet/thumb/3983148450-services-a.jpg', 'Süreç Danışmanlığı', 'Süreç Danışmanlığı', '', 1, '1', '0', 5),
(12, 'Yazılım Danışmanlığı', 'fa-code', 'Yinelenen bir sayfa içeriğinin okuyucunun dikkatini dağıttığı bilinen bir gerçektir. Lorem Ipsum kullanmanın amacı', '<p>Yinelenen bir sayfa i&ccedil;eriğinin okuyucunun dikkatini dağıttığı bilinen bir ger&ccedil;ektir. Lorem Ipsum kullanmanın amacı, s&uuml;rekli \'buraya metin gelecek, buraya metin gelecek\' yazmaya kıyasla daha dengeli bir harf dağılımı sağlayarak okunurluğu artırmasıdır. Şu anda bir&ccedil;ok masa&uuml;st&uuml; yayıncılık paketi ve web sayfa d&uuml;zenleyicisi, varsayılan mıgır metinler olarak Lorem Ipsum kullanmaktadır.</p>\r\n<p>Yinelenen bir sayfa i&ccedil;eriğinin okuyucunun dikkatini dağıttığı bilinen bir ger&ccedil;ektir. Lorem Ipsum kullanmanın amacı, s&uuml;rekli \'buraya metin gelecek, buraya metin gelecek\' yazmaya kıyasla daha dengeli bir harf dağılımı sağlayarak okunurluğu artırmasıdır. Şu anda bir&ccedil;ok masa&uuml;st&uuml; yayıncılık paketi ve web sayfa d&uuml;zenleyicisi, varsayılan mıgır metinler olarak Lorem Ipsum kullanmaktadır.</p>', 'images/hizmet/3897443794-s1.jpg', 'images/hizmet/thumb/3897443794-s1.jpg', 'Yazılım Danışmanlığı', 'Yazılım Danışmanlığı', '', 2, '1', '1', 5),
(13, 'Proje Yönetimi', 'fa-map-o', 'Yinelenen bir sayfa içeriğinin okuyucunun dikkatini dağıttığı bilinen bir gerçektir. Lorem Ipsum kullanmanın amacı', '<p>Yinelenen bir sayfa i&ccedil;eriğinin okuyucunun dikkatini dağıttığı bilinen bir ger&ccedil;ektir. Lorem Ipsum kullanmanın amacı, s&uuml;rekli \'buraya metin gelecek, buraya metin gelecek\' yazmaya kıyasla daha dengeli bir harf dağılımı sağlayarak okunurluğu artırmasıdır. Şu anda bir&ccedil;ok masa&uuml;st&uuml; yayıncılık paketi ve web sayfa d&uuml;zenleyicisi, varsayılan mıgır metinler olarak Lorem Ipsum kullanmaktadır.</p>\r\n<p>Yinelenen bir sayfa i&ccedil;eriğinin okuyucunun dikkatini dağıttığı bilinen bir ger&ccedil;ektir. Lorem Ipsum kullanmanın amacı, s&uuml;rekli \'buraya metin gelecek, buraya metin gelecek\' yazmaya kıyasla daha dengeli bir harf dağılımı sağlayarak okunurluğu artırmasıdır. Şu anda bir&ccedil;ok masa&uuml;st&uuml; yayıncılık paketi ve web sayfa d&uuml;zenleyicisi, varsayılan mıgır metinler olarak Lorem Ipsum kullanmaktadır.</p>', 'images/hizmet/1856847120-q2.jpg', 'images/hizmet/thumb/1856847120-q2.jpg', 'Proje Yönetimi', 'Proje Yönetimi', '', 3, '1', '1', 5),
(14, 'Yazılım Entegrasyonu', 'fa-cogs', 'Yinelenen bir sayfa içeriğinin okuyucunun dikkatini dağıttığı bilinen bir gerçektir. Lorem Ipsum kullanmanın amacı', '<p>Yinelenen bir sayfa i&ccedil;eriğinin okuyucunun dikkatini dağıttığı bilinen bir ger&ccedil;ektir. Lorem Ipsum kullanmanın amacı, s&uuml;rekli \'buraya metin gelecek, buraya metin gelecek\' yazmaya kıyasla daha dengeli bir harf dağılımı sağlayarak okunurluğu artırmasıdır. Şu anda bir&ccedil;ok masa&uuml;st&uuml; yayıncılık paketi ve web sayfa d&uuml;zenleyicisi, varsayılan mıgır metinler olarak Lorem Ipsum kullanmaktadır.</p>\r\n<p>Yinelenen bir sayfa i&ccedil;eriğinin okuyucunun dikkatini dağıttığı bilinen bir ger&ccedil;ektir. Lorem Ipsum kullanmanın amacı, s&uuml;rekli \'buraya metin gelecek, buraya metin gelecek\' yazmaya kıyasla daha dengeli bir harf dağılımı sağlayarak okunurluğu artırmasıdır. Şu anda bir&ccedil;ok masa&uuml;st&uuml; yayıncılık paketi ve web sayfa d&uuml;zenleyicisi, varsayılan mıgır metinler olarak Lorem Ipsum kullanmaktadır.</p>', 'images/hizmet/4284229825-service-2.jpg', 'images/hizmet/thumb/4284229825-service-2.jpg', 'Yazılım Entegrasyonu', 'Yazılım Entegrasyonu', '', 4, '1', '1', 5),
(15, 'Servis ve Saha Hizmeti', 'fa-laptop', 'Yinelenen bir sayfa içeriğinin okuyucunun dikkatini dağıttığı bilinen bir gerçektir. Lorem Ipsum kullanmanın amacı', '<p>Yinelenen bir sayfa i&ccedil;eriğinin okuyucunun dikkatini dağıttığı bilinen bir ger&ccedil;ektir. Lorem Ipsum kullanmanın amacı, s&uuml;rekli \'buraya metin gelecek, buraya metin gelecek\' yazmaya kıyasla daha dengeli bir harf dağılımı sağlayarak okunurluğu artırmasıdır. Şu anda bir&ccedil;ok masa&uuml;st&uuml; yayıncılık paketi ve web sayfa d&uuml;zenleyicisi, varsayılan mıgır metinler olarak Lorem Ipsum kullanmaktadır.</p>\r\n<p>Yinelenen bir sayfa i&ccedil;eriğinin okuyucunun dikkatini dağıttığı bilinen bir ger&ccedil;ektir. Lorem Ipsum kullanmanın amacı, s&uuml;rekli \'buraya metin gelecek, buraya metin gelecek\' yazmaya kıyasla daha dengeli bir harf dağılımı sağlayarak okunurluğu artırmasıdır. Şu anda bir&ccedil;ok masa&uuml;st&uuml; yayıncılık paketi ve web sayfa d&uuml;zenleyicisi, varsayılan mıgır metinler olarak Lorem Ipsum kullanmaktadır.</p>', 'images/hizmet/1102427329-service-4.jpg', 'images/hizmet/thumb/1102427329-service-4.jpg', 'Servis ve Saha Hizmeti', 'Servis ve Saha Hizmeti', '', 5, '1', '1', 5);

-- --------------------------------------------------------

--
-- Tablo için tablo yapısı `iletisim`
--

CREATE TABLE `iletisim` (
  `iletisim_id` int(11) NOT NULL,
  `iletisim_adres` varchar(500) COLLATE utf8_turkish_ci DEFAULT NULL,
  `iletisim_email` varchar(100) COLLATE utf8_turkish_ci DEFAULT NULL,
  `iletisim_tel1` varchar(50) COLLATE utf8_turkish_ci DEFAULT NULL,
  `iletisim_tel2` varchar(50) COLLATE utf8_turkish_ci DEFAULT NULL,
  `iletisim_msjuyg_ad` enum('0','1','2','3','4','5','6','7','8','9','10') COLLATE utf8_turkish_ci NOT NULL DEFAULT '2',
  `iletisim_msjuyg_deger` varchar(100) COLLATE utf8_turkish_ci DEFAULT NULL,
  `iletisim_msjuyg_yon` enum('1','2') COLLATE utf8_turkish_ci NOT NULL DEFAULT '2',
  `iletisim_dil` int(11) NOT NULL DEFAULT 0
) ENGINE=InnoDB DEFAULT CHARSET=utf8 COLLATE=utf8_turkish_ci;

--
-- Tablo döküm verisi `iletisim`
--

INSERT INTO `iletisim` (`iletisim_id`, `iletisim_adres`, `iletisim_email`, `iletisim_tel1`, `iletisim_tel2`, `iletisim_msjuyg_ad`, `iletisim_msjuyg_deger`, `iletisim_msjuyg_yon`, `iletisim_dil`) VALUES
(1, 'Deneme Adres', 'MorxSoft@morxsoft.com', '0216 222 22 22', '0216 222 22 22', '2', '+90 (555) 555-2222', '2', 5);

-- --------------------------------------------------------

--
-- Tablo için tablo yapısı `insankaynak`
--

CREATE TABLE `insankaynak` (
  `insankaynak_id` int(11) NOT NULL,
  `insankaynak_tarih` timestamp NOT NULL DEFAULT current_timestamp(),
  `insankaynak_ad` varchar(100) COLLATE utf8_turkish_ci DEFAULT NULL,
  `insankaynak_email` varchar(100) COLLATE utf8_turkish_ci DEFAULT NULL,
  `insankaynak_tel` varchar(25) COLLATE utf8_turkish_ci DEFAULT NULL,
  `insankaynak_dtarih` varchar(25) COLLATE utf8_turkish_ci DEFAULT NULL,
  `insankaynak_ilce` varchar(50) COLLATE utf8_turkish_ci DEFAULT NULL,
  `insankaynak_il` varchar(50) COLLATE utf8_turkish_ci DEFAULT NULL,
  `insankaynak_cinsiyet` enum('1','2') COLLATE utf8_turkish_ci NOT NULL DEFAULT '1',
  `insankaynak_medeni` enum('1','2') COLLATE utf8_turkish_ci NOT NULL DEFAULT '1',
  `insankaynak_askerlik` enum('1','2','3') COLLATE utf8_turkish_ci NOT NULL DEFAULT '1',
  `insankaynak_ehliyet` enum('1','2') COLLATE utf8_turkish_ci NOT NULL DEFAULT '1',
  `insankaynak_egitim` text COLLATE utf8_turkish_ci DEFAULT NULL,
  `insankaynak_dilbilgi` text COLLATE utf8_turkish_ci DEFAULT NULL,
  `insankaynak_is` text COLLATE utf8_turkish_ci DEFAULT NULL,
  `insankaynak_hakkinda` text COLLATE utf8_turkish_ci DEFAULT NULL
) ENGINE=InnoDB DEFAULT CHARSET=utf8 COLLATE=utf8_turkish_ci;

-- --------------------------------------------------------

--
-- Tablo için tablo yapısı `insankaynakaciklama`
--

CREATE TABLE `insankaynakaciklama` (
  `insankaynakaciklama_id` int(11) NOT NULL,
  `insankaynakaciklama_baslik` varchar(250) COLLATE utf8_turkish_ci DEFAULT NULL,
  `insankaynakaciklama_yazi` text COLLATE utf8_turkish_ci DEFAULT NULL,
  `insankaynakaciklama_dil` int(11) NOT NULL DEFAULT 0
) ENGINE=InnoDB DEFAULT CHARSET=utf8 COLLATE=utf8_turkish_ci;

--
-- Tablo döküm verisi `insankaynakaciklama`
--

INSERT INTO `insankaynakaciklama` (`insankaynakaciklama_id`, `insankaynakaciklama_baslik`, `insankaynakaciklama_yazi`, `insankaynakaciklama_dil`) VALUES
(1, 'Açık Pozisyonlar', '<p>Yinelenen bir sayfa i&ccedil;eriğinin okuyucunun dikkatini dağıttığı bilinen bir ger&ccedil;ektir. Lorem Ipsum kullanmanın amacı, s&uuml;rekli \'buraya metin gelecek, buraya metin gelecek\' yazmaya kıyasla daha dengeli bir harf dağılımı sağlayarak okunurluğu artırmasıdır. Şu anda bir&ccedil;ok masa&uuml;st&uuml; yayıncılık paketi ve web sayfa d&uuml;zenleyicisi, varsayılan mıgır metinler olarak Lorem Ipsum kullanmaktadır.</p>\r\n<p>Yinelenen bir sayfa i&ccedil;eriğinin okuyucunun dikkatini dağıttığı bilinen bir ger&ccedil;ektir. Lorem Ipsum kullanmanın amacı, s&uuml;rekli \'buraya metin gelecek, buraya metin gelecek\' yazmaya kıyasla daha dengeli bir harf dağılımı sağlayarak okunurluğu artırmasıdır. Şu anda bir&ccedil;ok masa&uuml;st&uuml; yayıncılık paketi ve web sayfa d&uuml;zenleyicisi, varsayılan mıgır metinler olarak Lorem Ipsum kullanmaktadır.</p>\r\n<p>Yinelenen bir sayfa i&ccedil;eriğinin okuyucunun dikkatini dağıttığı bilinen bir ger&ccedil;ektir. Lorem Ipsum kullanmanın amacı, s&uuml;rekli \'buraya metin gelecek, buraya metin gelecek\' yazmaya kıyasla daha dengeli bir harf dağılımı sağlayarak okunurluğu artırmasıdır. Şu anda bir&ccedil;ok masa&uuml;st&uuml; yayıncılık paketi ve web sayfa d&uuml;zenleyicisi, varsayılan mıgır metinler olarak Lorem Ipsum kullanmaktadır.</p>\r\n<p>Yinelenen bir sayfa i&ccedil;eriğinin okuyucunun dikkatini dağıttığı bilinen bir ger&ccedil;ektir. Lorem Ipsum kullanmanın amacı, s&uuml;rekli \'buraya metin gelecek, buraya metin gelecek\' yazmaya kıyasla daha dengeli bir harf dağılımı sağlayarak okunurluğu artırmasıdır. Şu anda bir&ccedil;ok masa&uuml;st&uuml; yayıncılık paketi ve web sayfa d&uuml;zenleyicisi, varsayılan mıgır metinler olarak Lorem Ipsum kullanmaktadır.</p>\r\n<p>Yinelenen bir sayfa i&ccedil;eriğinin okuyucunun dikkatini dağıttığı bilinen bir ger&ccedil;ektir. Lorem Ipsum kullanmanın amacı, s&uuml;rekli \'buraya metin gelecek, buraya metin gelecek\' yazmaya kıyasla daha dengeli bir harf dağılımı sağlayarak okunurluğu artırmasıdır. Şu anda bir&ccedil;ok masa&uuml;st&uuml; yayıncılık paketi ve web sayfa d&uuml;zenleyicisi, varsayılan mıgır metinler olarak Lorem Ipsum kullanmaktadır.</p>\r\n<p>Yinelenen bir sayfa i&ccedil;eriğinin okuyucunun dikkatini dağıttığı bilinen bir ger&ccedil;ektir. Lorem Ipsum kullanmanın amacı, s&uuml;rekli \'buraya metin gelecek, buraya metin gelecek\' yazmaya kıyasla daha dengeli bir harf dağılımı sağlayarak okunurluğu artırmasıdır. Şu anda bir&ccedil;ok masa&uuml;st&uuml; yayıncılık paketi ve web sayfa d&uuml;zenleyicisi, varsayılan mıgır metinler olarak Lorem Ipsum kullanmaktadır.</p>', 5);

-- --------------------------------------------------------

--
-- Tablo için tablo yapısı `marka`
--

CREATE TABLE `marka` (
  `marka_id` int(11) NOT NULL,
  `marka_resimyol` varchar(250) COLLATE utf8_turkish_ci DEFAULT NULL
) ENGINE=InnoDB DEFAULT CHARSET=utf8 COLLATE=utf8_turkish_ci;

--
-- Tablo döküm verisi `marka`
--

INSERT INTO `marka` (`marka_id`, `marka_resimyol`) VALUES
(34, 'images/marka/2611017893-06.png'),
(35, 'images/marka/4961540524-05.png'),
(36, 'images/marka/1416322051-07.png'),
(38, 'images/marka/4860512360-09.png'),
(39, 'images/marka/3099643644-10.png');

-- --------------------------------------------------------

--
-- Tablo için tablo yapısı `menu`
--

CREATE TABLE `menu` (
  `menu_id` int(11) NOT NULL,
  `menu_ust` int(11) NOT NULL DEFAULT 0,
  `menu_ad` varchar(100) COLLATE utf8_turkish_ci DEFAULT NULL,
  `menu_sayfatip` int(1) NOT NULL DEFAULT 0,
  `menu_url` varchar(250) COLLATE utf8_turkish_ci DEFAULT NULL,
  `menu_sira` int(4) NOT NULL DEFAULT 0,
  `menu_durum` enum('0','1') COLLATE utf8_turkish_ci NOT NULL DEFAULT '1',
  `menu_sekme` enum('0','1') COLLATE utf8_turkish_ci NOT NULL DEFAULT '0',
  `menu_ikon` varchar(100) COLLATE utf8_turkish_ci DEFAULT NULL,
  `menu_yon` enum('1','2') COLLATE utf8_turkish_ci NOT NULL DEFAULT '1',
  `menu_dil` int(11) NOT NULL DEFAULT 0
) ENGINE=InnoDB DEFAULT CHARSET=utf8 COLLATE=utf8_turkish_ci;

--
-- Tablo döküm verisi `menu`
--

INSERT INTO `menu` (`menu_id`, `menu_ust`, `menu_ad`, `menu_sayfatip`, `menu_url`, `menu_sira`, `menu_durum`, `menu_sekme`, `menu_ikon`, `menu_yon`, `menu_dil`) VALUES
(9, 0, 'Kurumsal', 0, 'javascript:(void);   ', 1, '1', '0', 'fa-briefcase', '1', 5),
(12, 0, 'Hizmetler', 4, 'hizmetler', 4, '1', '0', '', '1', 5),
(13, 0, 'Blog', 4, 'tum-yazilar', 5, '1', '0', '', '1', 5),
(14, 0, 'İletişim', 4, 'iletisim', 7, '1', '0', '', '1', 5),
(59, 9, 'Ekibimiz', 4, 'ekibimiz', 4, '1', '0', 'fa-black-tie', '1', 5),
(60, 9, 'İnsan Kaynakları', 4, 'insan-kaynaklari', 3, '1', '0', 'fa-group', '2', 5),
(61, 0, 'Proje', 4, 'tum-projeler', 2, '1', '0', 'fa-building', '1', 5),
(62, 0, 'Ürün', 0, 'javascript:(void); ', 3, '1', '0', 'fa-tags', '1', 5),
(66, 9, 'Sık Sorulan Sorular', 4, 'sss', 8, '1', '0', 'fa-question-circle-o', '1', 5),
(67, 62, 'Paketlerimiz', 0, 'javascript:(void);', 1, '1', '0', 'fa-cubes', '1', 5),
(68, 67, 'Web Hosting', 2, '6', 1, '1', '0', 'fa-server', '1', 5),
(69, 67, 'WordPress Hosting', 2, '7', 2, '1', '0', 'fa-server', '1', 5),
(70, 67, 'TÜM PAKETLER', 4, 'paketler', 4, '1', '0', 'fa-server', '1', 5),
(71, 67, 'E-Ticaret Hosting', 2, '8', 3, '1', '0', 'fa-server', '1', 5),
(72, 9, 'Şubelerimiz', 4, 'subeler', 6, '1', '0', 'fa-map-marker', '1', 5),
(73, 9, 'Bayilerimiz', 4, 'bayiler', 7, '1', '0', 'fa-map-marker', '1', 5),
(74, 9, 'Referanslarımız', 4, 'referanslar', 2, '1', '0', 'fa-handshake-o', '1', 5),
(75, 0, 'Galeri', 0, 'javascript:(void);', 6, '1', '0', '', '1', 5),
(76, 75, 'Foto Galeri', 4, 'foto-galeri', 1, '1', '0', 'fa-image', '1', 5),
(77, 75, 'Video Galeri', 4, 'video-galeri', 2, '1', '0', 'fa-video-camera', '1', 5),
(78, 9, 'Banka Hesapları', 4, 'banka-hesaplari', 5, '1', '0', 'fa-bank', '1', 5),
(79, 108, 'Belgeler', 4, 'belgeler', 2, '1', '0', 'fa-file-text-o', '1', 5),
(80, 108, 'E-Katalog', 4, 'e-katalog', 1, '1', '0', 'fa-bookmark-o', '1', 5),
(81, 61, 'Tamamlanan Projeler', 3, '2', 1, '1', '0', 'fa-building', '1', 5),
(82, 61, 'Devam Eden Projeler', 3, '1', 2, '1', '0', 'fa-building', '1', 5),
(84, 82, 'Ödül İstanbul', 0, 'proje/10/odul-istanbul', 1, '1', '0', 'fa-bullseye', '1', 5),
(85, 108, 'Tüm Duyurular', 4, 'duyurular', 4, '1', '0', 'fa-bullhorn', '1', 5),
(87, 62, 'Kategoriler', 4, 'kategoriler', 4, '1', '0', 'fa-th-large', '1', 5),
(88, 12, 'Süreç Danışmanlığı', 5, '9', 1, '1', '0', 'fa-calendar-check-o', '1', 5),
(89, 12, 'Yazılım Danışmanlığı', 5, '12', 2, '1', '0', 'fa-code', '1', 5),
(90, 12, 'Proje Yönetimi', 5, '13', 3, '1', '0', 'fa-map-o', '1', 5),
(91, 12, 'Yazılım Entegrasyonu', 5, '14', 4, '1', '0', 'fa-cogs', '1', 5),
(92, 12, 'Servis ve Saha Hizmeti', 5, '15', 5, '1', '0', 'fa-laptop', '1', 5),
(93, 12, 'Destek Hizmeti', 5, '1', 6, '1', '0', 'fa-life-bouy', '1', 5),
(94, 12, 'Dış Kaynak Kullanımı', 5, '3', 7, '1', '0', 'fa-globe', '1', 5),
(95, 12, 'Eğitim Hizmeti', 5, '2', 8, '1', '0', 'fa-graduation-cap', '1', 5),
(96, 12, 'TÜM HİZMETLER', 4, 'hizmetler', 9, '1', '0', 'fa-cubes', '1', 5),
(97, 62, 'Sandalyeler', 1, '8', 2, '1', '0', 'fa-tags', '1', 5),
(98, 62, 'Dekoratif Objeler', 1, '12', 3, '1', '0', 'fa-tags', '1', 5),
(99, 82, 'Nuvo Dragos', 0, 'proje/7/nuvo-dragos', 2, '1', '0', 'fa-bullseye', '1', 5),
(100, 82, 'Makyol Santral', 0, 'proje/12/makyol-santral', 3, '1', '0', 'fa-bullseye', '1', 5),
(101, 82, 'Next Level Çayyolu', 0, 'proje/6/next-level-cayyolu', 4, '1', '0', 'fa-bullseye', '1', 5),
(102, 61, 'TÜM PROJELER', 4, 'tum-projeler', 3, '1', '0', 'fa-building-o', '1', 5),
(103, 9, 'Sayfalar', 0, 'javascript:(void);', 1, '1', '0', 'fa-file-text', '1', 5),
(104, 103, 'Hakkımızda', 6, '4', 1, '1', '0', 'fa-info-circle', '1', 5),
(105, 103, 'Vizyonumuz', 6, '5', 2, '1', '0', 'fa-line-chart', '1', 5),
(106, 103, 'Misyonumuz', 6, '6', 3, '1', '0', 'fa-line-chart', '1', 5),
(107, 103, 'Satış Sözleşmesi', 6, '7', 4, '1', '0', 'fa-edit', '1', 5),
(108, 9, 'DİĞERLERİ', 0, 'javascript:(void);  ', 9, '1', '0', 'fa-map-signs', '1', 5),
(109, 108, 'Markalar', 4, 'markalar', 3, '1', '0', 'fa-star', '1', 5);

-- --------------------------------------------------------

--
-- Tablo için tablo yapısı `meta`
--

CREATE TABLE `meta` (
  `meta_id` int(11) NOT NULL,
  `meta_dil` int(11) NOT NULL DEFAULT 0,
  `meta_title_ana` varchar(100) COLLATE utf8_turkish_ci DEFAULT NULL,
  `meta_keywords_ana` varchar(270) COLLATE utf8_turkish_ci DEFAULT NULL,
  `meta_description_ana` varchar(320) COLLATE utf8_turkish_ci DEFAULT NULL,
  `meta_title_insankaynak` varchar(100) COLLATE utf8_turkish_ci DEFAULT NULL,
  `meta_keywords_insankaynak` varchar(270) COLLATE utf8_turkish_ci DEFAULT NULL,
  `meta_description_insankaynak` varchar(320) COLLATE utf8_turkish_ci DEFAULT NULL,
  `meta_title_hizmetler` varchar(100) COLLATE utf8_turkish_ci DEFAULT NULL,
  `meta_keywords_hizmetler` varchar(270) COLLATE utf8_turkish_ci DEFAULT NULL,
  `meta_description_hizmetler` varchar(320) COLLATE utf8_turkish_ci DEFAULT NULL,
  `meta_title_ekip` varchar(100) COLLATE utf8_turkish_ci DEFAULT NULL,
  `meta_keywords_ekip` varchar(270) COLLATE utf8_turkish_ci DEFAULT NULL,
  `meta_description_ekip` varchar(320) COLLATE utf8_turkish_ci DEFAULT NULL,
  `meta_title_iletisim` varchar(100) COLLATE utf8_turkish_ci DEFAULT NULL,
  `meta_keywords_iletisim` varchar(270) COLLATE utf8_turkish_ci DEFAULT NULL,
  `meta_description_iletisim` varchar(320) COLLATE utf8_turkish_ci DEFAULT NULL,
  `meta_title_sss` varchar(100) COLLATE utf8_turkish_ci DEFAULT NULL,
  `meta_keywords_sss` varchar(270) COLLATE utf8_turkish_ci DEFAULT NULL,
  `meta_description_sss` varchar(320) COLLATE utf8_turkish_ci DEFAULT NULL,
  `meta_title_paketler` varchar(100) COLLATE utf8_turkish_ci DEFAULT NULL,
  `meta_keywords_paketler` varchar(270) COLLATE utf8_turkish_ci DEFAULT NULL,
  `meta_description_paketler` varchar(320) COLLATE utf8_turkish_ci DEFAULT NULL,
  `meta_title_subeler` varchar(100) COLLATE utf8_turkish_ci DEFAULT NULL,
  `meta_keywords_subeler` varchar(270) COLLATE utf8_turkish_ci DEFAULT NULL,
  `meta_description_subeler` varchar(320) COLLATE utf8_turkish_ci DEFAULT NULL,
  `meta_title_bayiler` varchar(100) COLLATE utf8_turkish_ci DEFAULT NULL,
  `meta_keywords_bayiler` varchar(270) COLLATE utf8_turkish_ci DEFAULT NULL,
  `meta_description_bayiler` varchar(320) COLLATE utf8_turkish_ci DEFAULT NULL,
  `meta_title_referanslar` varchar(100) COLLATE utf8_turkish_ci DEFAULT NULL,
  `meta_keywords_referanslar` varchar(270) COLLATE utf8_turkish_ci DEFAULT NULL,
  `meta_description_referanslar` varchar(320) COLLATE utf8_turkish_ci DEFAULT NULL,
  `meta_title_fotogaleri` varchar(100) COLLATE utf8_turkish_ci DEFAULT NULL,
  `meta_keywords_fotogaleri` varchar(270) COLLATE utf8_turkish_ci DEFAULT NULL,
  `meta_description_fotogaleri` varchar(320) COLLATE utf8_turkish_ci DEFAULT NULL,
  `meta_title_videogaleri` varchar(100) COLLATE utf8_turkish_ci DEFAULT NULL,
  `meta_keywords_videogaleri` varchar(270) COLLATE utf8_turkish_ci DEFAULT NULL,
  `meta_description_videogaleri` varchar(320) COLLATE utf8_turkish_ci DEFAULT NULL,
  `meta_title_banka` varchar(100) COLLATE utf8_turkish_ci DEFAULT NULL,
  `meta_keywords_banka` varchar(270) COLLATE utf8_turkish_ci DEFAULT NULL,
  `meta_description_banka` varchar(320) COLLATE utf8_turkish_ci DEFAULT NULL,
  `meta_title_belge` varchar(100) COLLATE utf8_turkish_ci DEFAULT NULL,
  `meta_keywords_belge` varchar(270) COLLATE utf8_turkish_ci DEFAULT NULL,
  `meta_description_belge` varchar(320) COLLATE utf8_turkish_ci DEFAULT NULL,
  `meta_title_ekatalog` varchar(100) COLLATE utf8_turkish_ci DEFAULT NULL,
  `meta_keywords_ekatalog` varchar(270) COLLATE utf8_turkish_ci DEFAULT NULL,
  `meta_description_ekatalog` varchar(320) COLLATE utf8_turkish_ci DEFAULT NULL,
  `meta_title_projeler` varchar(100) COLLATE utf8_turkish_ci DEFAULT NULL,
  `meta_keywords_projeler` varchar(270) COLLATE utf8_turkish_ci DEFAULT NULL,
  `meta_description_projeler` varchar(320) COLLATE utf8_turkish_ci DEFAULT NULL,
  `meta_title_duyurular` varchar(100) COLLATE utf8_turkish_ci DEFAULT NULL,
  `meta_keywords_duyurular` varchar(270) COLLATE utf8_turkish_ci DEFAULT NULL,
  `meta_description_duyurular` varchar(320) COLLATE utf8_turkish_ci DEFAULT NULL,
  `meta_title_blog` varchar(100) COLLATE utf8_turkish_ci DEFAULT NULL,
  `meta_keywords_blog` varchar(270) COLLATE utf8_turkish_ci DEFAULT NULL,
  `meta_description_blog` varchar(320) COLLATE utf8_turkish_ci DEFAULT NULL,
  `meta_title_marka` varchar(100) COLLATE utf8_turkish_ci DEFAULT NULL,
  `meta_keywords_marka` varchar(270) COLLATE utf8_turkish_ci DEFAULT NULL,
  `meta_description_marka` varchar(320) COLLATE utf8_turkish_ci DEFAULT NULL,
  `meta_title_urunkategori` varchar(100) COLLATE utf8_turkish_ci DEFAULT NULL,
  `meta_keywords_urunkategori` varchar(270) COLLATE utf8_turkish_ci DEFAULT NULL,
  `meta_description_urunkategori` varchar(320) COLLATE utf8_turkish_ci DEFAULT NULL
) ENGINE=InnoDB DEFAULT CHARSET=utf8 COLLATE=utf8_turkish_ci;

--
-- Tablo döküm verisi `meta`
--

INSERT INTO `meta` (`meta_id`, `meta_dil`, `meta_title_ana`, `meta_keywords_ana`, `meta_description_ana`, `meta_title_insankaynak`, `meta_keywords_insankaynak`, `meta_description_insankaynak`, `meta_title_hizmetler`, `meta_keywords_hizmetler`, `meta_description_hizmetler`, `meta_title_ekip`, `meta_keywords_ekip`, `meta_description_ekip`, `meta_title_iletisim`, `meta_keywords_iletisim`, `meta_description_iletisim`, `meta_title_sss`, `meta_keywords_sss`, `meta_description_sss`, `meta_title_paketler`, `meta_keywords_paketler`, `meta_description_paketler`, `meta_title_subeler`, `meta_keywords_subeler`, `meta_description_subeler`, `meta_title_bayiler`, `meta_keywords_bayiler`, `meta_description_bayiler`, `meta_title_referanslar`, `meta_keywords_referanslar`, `meta_description_referanslar`, `meta_title_fotogaleri`, `meta_keywords_fotogaleri`, `meta_description_fotogaleri`, `meta_title_videogaleri`, `meta_keywords_videogaleri`, `meta_description_videogaleri`, `meta_title_banka`, `meta_keywords_banka`, `meta_description_banka`, `meta_title_belge`, `meta_keywords_belge`, `meta_description_belge`, `meta_title_ekatalog`, `meta_keywords_ekatalog`, `meta_description_ekatalog`, `meta_title_projeler`, `meta_keywords_projeler`, `meta_description_projeler`, `meta_title_duyurular`, `meta_keywords_duyurular`, `meta_description_duyurular`, `meta_title_blog`, `meta_keywords_blog`, `meta_description_blog`, `meta_title_marka`, `meta_keywords_marka`, `meta_description_marka`, `meta_title_urunkategori`, `meta_keywords_urunkategori`, `meta_description_urunkategori`) VALUES
(1, 5, 'MorxSoft | Rio Kurumsal', '', '', 'İnsan Kaynakları', '', '', 'Hizmetlerimiz', '', '', 'Ekibimiz', '', '', 'İletişim', '', '', 'Sık Sorulan Sorular', '', '', 'Tüm Paketler', '', '', 'Şubelerimiz', '', '', 'Bayilerimiz', '', '', 'Referanslar', '', '', 'Fotoğraflar', '', '', 'Videolar', '', '', 'Banka Hesapları', '', '', 'Sertifikalar', '', '', 'E-Katalog', '', '', 'Projelerimiz', '', '', 'Duyurular', '', '', 'Tüm Yazılar', '', '', 'Markalar', '', '', 'Kategoriler', '', '');

-- --------------------------------------------------------

--
-- Tablo için tablo yapısı `modul`
--

CREATE TABLE `modul` (
  `modul_id` int(11) NOT NULL DEFAULT 0,
  `modul_recaptcha` enum('0','1') COLLATE utf8_turkish_ci NOT NULL DEFAULT '0',
  `modul_siparisformu` enum('0','1') COLLATE utf8_turkish_ci NOT NULL DEFAULT '1',
  `modul_canlidestek` enum('0','1') COLLATE utf8_turkish_ci NOT NULL DEFAULT '1',
  `modul_mesajuyg` enum('0','1') COLLATE utf8_turkish_ci NOT NULL DEFAULT '1',
  `modul_slogan` enum('0','1') COLLATE utf8_turkish_ci NOT NULL DEFAULT '1',
  `modul_insankaynak` enum('0','1') COLLATE utf8_turkish_ci NOT NULL DEFAULT '1',
  `modul_urunhizmet` enum('0','1') COLLATE utf8_turkish_ci NOT NULL DEFAULT '1'
) ENGINE=InnoDB DEFAULT CHARSET=utf8 COLLATE=utf8_turkish_ci;

--
-- Tablo döküm verisi `modul`
--

INSERT INTO `modul` (`modul_id`, `modul_recaptcha`, `modul_siparisformu`, `modul_canlidestek`, `modul_mesajuyg`, `modul_slogan`, `modul_insankaynak`, `modul_urunhizmet`) VALUES
(0, '0', '1', '1', '1', '1', '1', '1');

-- --------------------------------------------------------

--
-- Tablo için tablo yapısı `modulsort`
--

CREATE TABLE `modulsort` (
  `modulsort_id` int(11) NOT NULL,
  `modulsort_icon` varchar(50) COLLATE utf8_turkish_ci NOT NULL DEFAULT 'fas fa-check',
  `modulsort_ad` varchar(25) COLLATE utf8_turkish_ci DEFAULT NULL,
  `modulsort_sira` int(2) NOT NULL DEFAULT 0,
  `modulsort_durum` enum('0','1') COLLATE utf8_turkish_ci NOT NULL DEFAULT '1',
  `modulsort_sid` int(2) NOT NULL DEFAULT 0
) ENGINE=InnoDB DEFAULT CHARSET=utf8 COLLATE=utf8_turkish_ci;

--
-- Tablo döküm verisi `modulsort`
--

INSERT INTO `modulsort` (`modulsort_id`, `modulsort_icon`, `modulsort_ad`, `modulsort_sira`, `modulsort_durum`, `modulsort_sid`) VALUES
(1, 'fas fa-tags', 'urunler', 1, '1', 1),
(2, 'fas fa-th', 'urunkategori', 6, '0', 2),
(3, 'fas fa-crosshairs', 'hizmetler', 0, '1', 3),
(4, 'fas fa-puzzle-piece', 'projeler', 5, '1', 4),
(5, 'fas fa-cubes', 'pricing', 3, '1', 5),
(6, 'far fa-newspaper', 'blog', 11, '1', 6),
(7, 'fas fa-bullhorn', 'duyuru', 10, '0', 7),
(8, 'far fa-handshake', 'referanslar', 7, '0', 8),
(9, 'far fa-star', 'marka', 12, '1', 9),
(10, 'far fa-id-card', 'ekip', 4, '1', 10),
(11, 'fas fa-sliders-h', 'counter', 8, '1', 11),
(12, 'far fa-comments', 'yorum', 9, '1', 12),
(13, 'fas fa-certificate', 'belgeler', 2, '1', 13);

-- --------------------------------------------------------

--
-- Tablo için tablo yapısı `paket`
--

CREATE TABLE `paket` (
  `paket_id` int(11) NOT NULL,
  `paket_ad` varchar(250) COLLATE utf8_turkish_ci DEFAULT NULL,
  `paket_kategori` int(11) NOT NULL DEFAULT 0,
  `paket_ozellik` varchar(250) COLLATE utf8_turkish_ci DEFAULT NULL,
  `paket_fiyat` varchar(50) COLLATE utf8_turkish_ci DEFAULT NULL,
  `paket_parabirim` int(11) NOT NULL DEFAULT 0,
  `paket_periyod` varchar(50) COLLATE utf8_turkish_ci DEFAULT NULL,
  `paket_satinal_url` varchar(500) COLLATE utf8_turkish_ci DEFAULT NULL,
  `paket_anasayfa` enum('0','1') COLLATE utf8_turkish_ci NOT NULL DEFAULT '1',
  `paket_sira` int(6) NOT NULL DEFAULT 0,
  `paket_durum` enum('0','1') COLLATE utf8_turkish_ci NOT NULL DEFAULT '1',
  `paket_front` enum('0','1') COLLATE utf8_turkish_ci NOT NULL DEFAULT '0',
  `paket_dil` int(11) NOT NULL DEFAULT 0
) ENGINE=InnoDB DEFAULT CHARSET=utf8 COLLATE=utf8_turkish_ci;

--
-- Tablo döküm verisi `paket`
--

INSERT INTO `paket` (`paket_id`, `paket_ad`, `paket_kategori`, `paket_ozellik`, `paket_fiyat`, `paket_parabirim`, `paket_periyod`, `paket_satinal_url`, `paket_anasayfa`, `paket_sira`, `paket_durum`, `paket_front`, `paket_dil`) VALUES
(10, 'Lite', 6, '18|20|22|24|26|30|36|38|39|40', '5,30', 1, 'Aylık', 'https://www.shopier.com/web', '1', 1, '1', '0', 5),
(11, 'Silver', 6, '19|21|23|25|27|30|34|37|38|39|40', '18,67', 1, 'Aylık', 'https://www.shopier.com/web', '1', 2, '1', '0', 5),
(12, 'Gold', 6, '19|21|23|25|28|31|33|35|37|38|39|40', '21,35', 1, 'Aylık', 'https://www.shopier.com/web', '1', 3, '1', '1', 5),
(13, 'Platinium', 6, '19|21|23|25|29|32|33|35|37|41|39|40', '48,10', 1, 'Aylık', 'https://www.shopier.com/web', '1', 4, '1', '0', 5),
(14, 'WP Lite', 7, '42|45|49|53|54|56', '7,97', 1, 'Aylık', 'https://www.shopier.com/web', '1', 1, '1', '0', 5),
(15, 'WP Silver', 7, '42|46|50|53|54|56', '10,65', 1, 'Aylık', 'https://www.shopier.com/web', '1', 2, '1', '0', 5),
(16, 'WP Gold', 7, '43|47|51|53|54|55|56', '21,35', 1, 'Aylık', 'https://www.shopier.com/web', '1', 3, '1', '0', 5),
(17, 'WP Platinium', 7, '44|48|52|53|54|55|56', '21,35', 1, 'Aylık', 'https://www.shopier.com/web', '1', 4, '1', '1', 5),
(19, 'E-Lite', 8, '59|60|64|65|69|72|73|74|77', '21,35', 1, 'Aylık', 'https://www.shopier.com/web', '1', 1, '1', '0', 5),
(20, 'E-Silver', 8, '59|61|64|66|69|72|73|75|77', '26,70', 1, 'Aylık', 'https://www.shopier.com/web', '1', 2, '1', '1', 5),
(21, 'E-Gold', 8, '59|62|64|67|70|72|73|75|76|77', '48,10', 1, 'Aylık', 'https://www.shopier.com/web', '1', 3, '1', '0', 5),
(22, 'E-Platinium', 8, '59|63|64|68|71|72|73|75|76|77', '80,21', 1, 'Aylık', 'https://www.shopier.com/web', '1', 4, '1', '0', 5);

-- --------------------------------------------------------

--
-- Tablo için tablo yapısı `paketkategori`
--

CREATE TABLE `paketkategori` (
  `paketkategori_id` int(11) NOT NULL,
  `paketkategori_ad` varchar(60) COLLATE utf8_turkish_ci DEFAULT NULL,
  `paketkategori_sira` int(4) NOT NULL DEFAULT 0,
  `paketkategori_title` varchar(250) COLLATE utf8_turkish_ci DEFAULT NULL,
  `paketkategori_keywords` varchar(250) COLLATE utf8_turkish_ci DEFAULT NULL,
  `paketkategori_description` varchar(500) COLLATE utf8_turkish_ci DEFAULT NULL,
  `paketkategori_anasayfa` enum('0','1') COLLATE utf8_turkish_ci NOT NULL DEFAULT '1',
  `paketkategori_dil` int(11) NOT NULL DEFAULT 0
) ENGINE=InnoDB DEFAULT CHARSET=utf8 COLLATE=utf8_turkish_ci;

--
-- Tablo döküm verisi `paketkategori`
--

INSERT INTO `paketkategori` (`paketkategori_id`, `paketkategori_ad`, `paketkategori_sira`, `paketkategori_title`, `paketkategori_keywords`, `paketkategori_description`, `paketkategori_anasayfa`, `paketkategori_dil`) VALUES
(6, 'Web Hosting', 1, 'Web Hosting', 'web hosting,Linux Hosting,Windows Hosting', 'Yinelenen bir sayfa içeriğinin okuyucunun dikkatini dağıttığı bilinen bir gerçektir. Lorem Ipsum kullanmanın amacı', '1', 5),
(7, 'WordPress Hosting', 2, 'WordPress Hosting', 'WordPress Hosting', 'Yinelenen bir sayfa içeriğinin okuyucunun dikkatini dağıttığı bilinen bir gerçektir. Lorem Ipsum kullanmanın amacı', '1', 5),
(8, 'E-Ticaret Hosting', 3, 'E-Ticaret Hosting', '', 'Yinelenen bir sayfa içeriğinin okuyucunun dikkatini dağıttığı bilinen bir gerçektir. Lorem Ipsum kullanmanın amacı', '1', 5);

-- --------------------------------------------------------

--
-- Tablo için tablo yapısı `paketozellik`
--

CREATE TABLE `paketozellik` (
  `paketozellik_id` int(11) NOT NULL,
  `paketozellik_ad` varchar(60) COLLATE utf8_turkish_ci DEFAULT NULL,
  `paketozellik_sira` int(4) NOT NULL DEFAULT 0,
  `paketozellik_dil` int(11) NOT NULL DEFAULT 0
) ENGINE=InnoDB DEFAULT CHARSET=utf8 COLLATE=utf8_turkish_ci;

--
-- Tablo döküm verisi `paketozellik`
--

INSERT INTO `paketozellik` (`paketozellik_id`, `paketozellik_ad`, `paketozellik_sira`, `paketozellik_dil`) VALUES
(18, ' 1 Adet Web Sitesi', 1, 5),
(19, 'Sınırısız Web Sitesi', 1, 5),
(20, '1 GB SSD Disk Alanı', 2, 5),
(21, 'Sınırsız SSD Disk Alanı', 2, 5),
(22, '50 GB Trafik', 3, 5),
(23, 'Sınırsız Trafik', 3, 5),
(24, '10 Adet E-Posta', 4, 5),
(25, 'Sınırsız E-Posta', 4, 5),
(26, '512 MB RAM', 5, 5),
(27, '1024 MB RAM', 5, 5),
(28, '2048 MB RAM', 5, 5),
(29, '2 x 4096 MB RAM', 5, 5),
(30, '1 Core CPU', 6, 5),
(31, '2 Core CPU', 6, 5),
(32, '2 x 4 Core CPU', 6, 5),
(33, 'Ömür Boyu Ücretsiz SSL', 7, 5),
(34, '1 Adet MsSQL', 8, 5),
(35, '10 Adet MsSQL', 8, 5),
(36, '1 Adet MySQL', 9, 5),
(37, 'Sınırsız MySQL', 9, 5),
(38, 'Windows /  Linux', 10, 5),
(39, 'cPanel / Plesk Kontrol Paneli', 12, 5),
(40, 'Ücretsiz .site Alan Adı', 13, 5),
(41, 'Multi Platform', 10, 5),
(42, '1 WordPress Sitesi', 14, 5),
(43, '3 WordPress Web Sitesi', 14, 5),
(44, '5 WordPress Web Sitesi', 14, 5),
(45, '10 GB SSD Disk Alanı', 15, 5),
(46, '30 GB SSD Disk Alanı', 15, 5),
(47, '100 GB SSD Disk Alanı', 15, 5),
(48, 'Sınırsız Disk Alanı', 15, 5),
(49, '25.000 Ziyaret', 16, 5),
(50, '100.000 Ziyaret', 16, 5),
(51, '500.000 Ziyaret', 16, 5),
(52, '2.000.000 Ziyaret', 16, 5),
(53, 'Sınırsız E-Posta', 17, 5),
(54, 'Ücretsiz Günlük Yedek', 18, 5),
(55, 'Ömür Boyu Ücretsiz SSL', 19, 5),
(56, 'Ücretsiz .site Alan Adı', 20, 5),
(59, 'Sanal POS (iyzico)', 21, 5),
(60, '10 GB SSD Disk Alanı', 22, 5),
(61, '30 GB SSD Disk Alanı', 22, 5),
(62, '100 GB SSD Disk Alanı', 22, 5),
(63, 'Sınırsız SSD Disk Alanı', 22, 5),
(64, 'Sınırsız Trafik', 23, 5),
(65, '2 Core CPU', 24, 5),
(66, '3 Core CPU', 24, 5),
(67, '4 Core CPU', 24, 5),
(68, '6 Core CPU', 24, 5),
(69, '1024 MB RAM', 25, 5),
(70, '2048 MB RAM', 25, 5),
(71, '4096 MB RAM', 25, 5),
(72, 'Comodo Positive SSL', 26, 5),
(73, 'Günlük Yedekleme', 27, 5),
(74, '50 Adet Standart E-Posta', 28, 5),
(75, 'Sınırsız Standart E-Posta', 28, 5),
(76, '5 Adet Xmail Pro(10 GB)', 29, 5),
(77, 'MySQL Veritabanı', 30, 5);

-- --------------------------------------------------------

--
-- Tablo için tablo yapısı `parabirim`
--

CREATE TABLE `parabirim` (
  `parabirim_id` int(11) NOT NULL,
  `parabirim_ad` varchar(50) COLLATE utf8_turkish_ci DEFAULT NULL,
  `parabirim_simge` varchar(25) COLLATE utf8_turkish_ci DEFAULT NULL,
  `parabirim_sira` int(4) NOT NULL DEFAULT 0,
  `parabirim_durum` enum('0','1') COLLATE utf8_turkish_ci NOT NULL DEFAULT '1',
  `parabirim_dil` int(11) NOT NULL DEFAULT 0
) ENGINE=InnoDB DEFAULT CHARSET=utf8 COLLATE=utf8_turkish_ci;

--
-- Tablo döküm verisi `parabirim`
--

INSERT INTO `parabirim` (`parabirim_id`, `parabirim_ad`, `parabirim_simge`, `parabirim_sira`, `parabirim_durum`, `parabirim_dil`) VALUES
(1, 'TL', '₺', 1, '1', 5),
(2, 'USD', '$ ', 3, '1', 5),
(3, 'EURO', '€', 2, '1', 5);

-- --------------------------------------------------------

--
-- Tablo için tablo yapısı `proje`
--

CREATE TABLE `proje` (
  `proje_id` int(11) NOT NULL,
  `proje_ad` varchar(250) COLLATE utf8_turkish_ci DEFAULT NULL,
  `proje_kategori` int(11) NOT NULL DEFAULT 0,
  `proje_tarih` varchar(25) COLLATE utf8_turkish_ci DEFAULT NULL,
  `proje_resimyol` varchar(250) COLLATE utf8_turkish_ci DEFAULT NULL,
  `proje_thumbresimyol` varchar(250) COLLATE utf8_turkish_ci DEFAULT NULL,
  `proje_aciklama` text COLLATE utf8_turkish_ci DEFAULT NULL,
  `proje_yer` varchar(500) COLLATE utf8_turkish_ci DEFAULT NULL,
  `proje_anasayfa` enum('0','1') COLLATE utf8_turkish_ci NOT NULL DEFAULT '1',
  `proje_sira` int(6) NOT NULL DEFAULT 0,
  `proje_durum` enum('0','1') COLLATE utf8_turkish_ci NOT NULL DEFAULT '1',
  `proje_konum` text COLLATE utf8_turkish_ci DEFAULT NULL,
  `proje_video` varchar(250) COLLATE utf8_turkish_ci DEFAULT NULL,
  `proje_title` varchar(250) COLLATE utf8_turkish_ci DEFAULT NULL,
  `proje_keywords` varchar(500) COLLATE utf8_turkish_ci DEFAULT NULL,
  `proje_description` varchar(500) COLLATE utf8_turkish_ci DEFAULT NULL,
  `proje_dil` int(11) NOT NULL DEFAULT 0
) ENGINE=InnoDB DEFAULT CHARSET=utf8 COLLATE=utf8_turkish_ci;

--
-- Tablo döküm verisi `proje`
--

INSERT INTO `proje` (`proje_id`, `proje_ad`, `proje_kategori`, `proje_tarih`, `proje_resimyol`, `proje_thumbresimyol`, `proje_aciklama`, `proje_yer`, `proje_anasayfa`, `proje_sira`, `proje_durum`, `proje_konum`, `proje_video`, `proje_title`, `proje_keywords`, `proje_description`, `proje_dil`) VALUES
(5, 'Nouvel Maltepe', 2, '06.03.2019', 'images/proje/1168321679-Nouvel-Maltepe.jpg', 'images/proje/thumb/1168321679-Nouvel-Maltepe.jpg', '<p>Yinelenen bir sayfa i&ccedil;eriğinin okuyucunun dikkatini dağıttığı bilinen bir ger&ccedil;ektir. Lorem Ipsum kullanmanın amacı, s&uuml;rekli \'buraya metin gelecek, buraya metin gelecek\' yazmaya kıyasla daha dengeli bir harf dağılımı sağlayarak okunurluğu artırmasıdır. Şu anda bir&ccedil;ok masa&uuml;st&uuml; yayıncılık paketi ve web sayfa d&uuml;zenleyicisi, varsayılan mıgır metinler olarak Lorem Ipsum kullanmaktadır.</p>\r\n<p>Yinelenen bir sayfa i&ccedil;eriğinin okuyucunun dikkatini dağıttığı bilinen bir ger&ccedil;ektir. Lorem Ipsum kullanmanın amacı, s&uuml;rekli \'buraya metin gelecek, buraya metin gelecek\' yazmaya kıyasla daha dengeli bir harf dağılımı sağlayarak okunurluğu artırmasıdır. Şu anda bir&ccedil;ok masa&uuml;st&uuml; yayıncılık paketi ve web sayfa d&uuml;zenleyicisi, varsayılan mıgır metinler olarak Lorem Ipsum kullanmaktadır.</p>\r\n<p>Yinelenen bir sayfa i&ccedil;eriğinin okuyucunun dikkatini dağıttığı bilinen bir ger&ccedil;ektir. Lorem Ipsum kullanmanın amacı, s&uuml;rekli \'buraya metin gelecek, buraya metin gelecek\' yazmaya kıyasla daha dengeli bir harf dağılımı sağlayarak okunurluğu artırmasıdır. Şu anda bir&ccedil;ok masa&uuml;st&uuml; yayıncılık paketi ve web sayfa d&uuml;zenleyicisi, varsayılan mıgır metinler olarak Lorem Ipsum kullanmaktadır.</p>', 'Maltepe / İstanbul', '0', 7, '1', '&lt;iframe src=&quot;https://www.google.com/maps/embed?pb=!1m18!1m12!1m3!1d3010.6659234655845!2d28.965879414842306!3d41.01068477930051!2m3!1f0!2f0!3f0!3m2!1i1024!2i768!4f13.1!3m3!1m2!1s0x14cab99162d70527%3A0x64c8680b5ac198ab!2zS2FwYWzEsSDDh2FyxZ_EsQ!5e0!3m2!1str!2str!4v1542742615625&quot; width=&quot;600&quot; height=&quot;450&quot; frameborder=&quot;0&quot; style=&quot;border:0&quot; allowfullscreen&gt;&lt;/iframe&gt;', 'https://www.youtube.com/watch?v=zGkdCCn7knI', 'Nouvel Maltepe', 'proje,inşaat', 'Yinelenen bir sayfa içeriğinin okuyucunun dikkatini dağıttığı bilinen bir gerçektir. Lorem Ipsum kullanmanın amacı', 5),
(6, 'Next Level Çayyolu', 1, '06.03.2019', 'images/proje/3815623396-Next-Level-Cayyolu.jpg', 'images/proje/thumb/3815623396-Next-Level-Cayyolu.jpg', '<p>Yinelenen bir sayfa i&ccedil;eriğinin okuyucunun dikkatini dağıttığı bilinen bir ger&ccedil;ektir. Lorem Ipsum kullanmanın amacı, s&uuml;rekli \'buraya metin gelecek, buraya metin gelecek\' yazmaya kıyasla daha dengeli bir harf dağılımı sağlayarak okunurluğu artırmasıdır. Şu anda bir&ccedil;ok masa&uuml;st&uuml; yayıncılık paketi ve web sayfa d&uuml;zenleyicisi, varsayılan mıgır metinler olarak Lorem Ipsum kullanmaktadır.</p>\r\n<p>Yinelenen bir sayfa i&ccedil;eriğinin okuyucunun dikkatini dağıttığı bilinen bir ger&ccedil;ektir. Lorem Ipsum kullanmanın amacı, s&uuml;rekli \'buraya metin gelecek, buraya metin gelecek\' yazmaya kıyasla daha dengeli bir harf dağılımı sağlayarak okunurluğu artırmasıdır. Şu anda bir&ccedil;ok masa&uuml;st&uuml; yayıncılık paketi ve web sayfa d&uuml;zenleyicisi, varsayılan mıgır metinler olarak Lorem Ipsum kullanmaktadır.</p>\r\n<p>Yinelenen bir sayfa i&ccedil;eriğinin okuyucunun dikkatini dağıttığı bilinen bir ger&ccedil;ektir. Lorem Ipsum kullanmanın amacı, s&uuml;rekli \'buraya metin gelecek, buraya metin gelecek\' yazmaya kıyasla daha dengeli bir harf dağılımı sağlayarak okunurluğu artırmasıdır. Şu anda bir&ccedil;ok masa&uuml;st&uuml; yayıncılık paketi ve web sayfa d&uuml;zenleyicisi, varsayılan mıgır metinler olarak Lorem Ipsum kullanmaktadır.</p>', 'Çankaya/Ankara', '0', 8, '1', '&lt;iframe src=&quot;https://www.google.com/maps/embed?pb=!1m18!1m12!1m3!1d3010.6659234655845!2d28.965879414842306!3d41.01068477930051!2m3!1f0!2f0!3f0!3m2!1i1024!2i768!4f13.1!3m3!1m2!1s0x14cab99162d70527%3A0x64c8680b5ac198ab!2zS2FwYWzEsSDDh2FyxZ_EsQ!5e0!3m2!1str!2str!4v1542742615625&quot; width=&quot;600&quot; height=&quot;450&quot; frameborder=&quot;0&quot; style=&quot;border:0&quot; allowfullscreen&gt;&lt;/iframe&gt;', 'https://www.youtube.com/watch?v=zGkdCCn7knI', 'Next Level Çayyolu', 'proje,inşaat', 'Yinelenen bir sayfa içeriğinin okuyucunun dikkatini dağıttığı bilinen bir gerçektir. Lorem Ipsum kullanmanın amacı', 5),
(7, 'Nuvo Dragos', 1, '06.03.2019 ', 'images/proje/3953143976-Nuvo-Dragos.jpg', 'images/proje/thumb/3953143976-Nuvo-Dragos.jpg', '<p>Yinelenen bir sayfa i&ccedil;eriğinin okuyucunun dikkatini dağıttığı bilinen bir ger&ccedil;ektir. Lorem Ipsum kullanmanın amacı, s&uuml;rekli \'buraya metin gelecek, buraya metin gelecek\' yazmaya kıyasla daha dengeli bir harf dağılımı sağlayarak okunurluğu artırmasıdır. Şu anda bir&ccedil;ok masa&uuml;st&uuml; yayıncılık paketi ve web sayfa d&uuml;zenleyicisi, varsayılan mıgır metinler olarak Lorem Ipsum kullanmaktadır.</p>\r\n<p>Yinelenen bir sayfa i&ccedil;eriğinin okuyucunun dikkatini dağıttığı bilinen bir ger&ccedil;ektir. Lorem Ipsum kullanmanın amacı, s&uuml;rekli \'buraya metin gelecek, buraya metin gelecek\' yazmaya kıyasla daha dengeli bir harf dağılımı sağlayarak okunurluğu artırmasıdır. Şu anda bir&ccedil;ok masa&uuml;st&uuml; yayıncılık paketi ve web sayfa d&uuml;zenleyicisi, varsayılan mıgır metinler olarak Lorem Ipsum kullanmaktadır.</p>\r\n<p>Yinelenen bir sayfa i&ccedil;eriğinin okuyucunun dikkatini dağıttığı bilinen bir ger&ccedil;ektir. Lorem Ipsum kullanmanın amacı, s&uuml;rekli \'buraya metin gelecek, buraya metin gelecek\' yazmaya kıyasla daha dengeli bir harf dağılımı sağlayarak okunurluğu artırmasıdır. Şu anda bir&ccedil;ok masa&uuml;st&uuml; yayıncılık paketi ve web sayfa d&uuml;zenleyicisi, varsayılan mıgır metinler olarak Lorem Ipsum kullanmaktadır.</p>', 'Maltepe/İstanbul', '1', 2, '1', '&lt;iframe src=&quot;https://www.google.com/maps/embed?pb=!1m18!1m12!1m3!1d3010.6659234655845!2d28.965879414842306!3d41.01068477930051!2m3!1f0!2f0!3f0!3m2!1i1024!2i768!4f13.1!3m3!1m2!1s0x14cab99162d70527%3A0x64c8680b5ac198ab!2zS2FwYWzEsSDDh2FyxZ_EsQ!5e0!3m2!1str!2str!4v1542742615625&quot; width=&quot;600&quot; height=&quot;450&quot; frameborder=&quot;0&quot; style=&quot;border:0&quot; allowfullscreen&gt;&lt;/iframe&gt;', 'https://www.youtube.com/watch?v=zGkdCCn7knI', 'Nuvo Dragos', 'proje,inşaat', 'Yinelenen bir sayfa içeriğinin okuyucunun dikkatini dağıttığı bilinen bir gerçektir. Lorem Ipsum kullanmanın amacı', 5),
(8, 'Kavanya Koru', 2, '06.03.2019', 'images/proje/2887717657-Kavanya-Koru.jpg', 'images/proje/thumb/2887717657-Kavanya-Koru.jpg', '<p>Yinelenen bir sayfa i&ccedil;eriğinin okuyucunun dikkatini dağıttığı bilinen bir ger&ccedil;ektir. Lorem Ipsum kullanmanın amacı, s&uuml;rekli \'buraya metin gelecek, buraya metin gelecek\' yazmaya kıyasla daha dengeli bir harf dağılımı sağlayarak okunurluğu artırmasıdır. Şu anda bir&ccedil;ok masa&uuml;st&uuml; yayıncılık paketi ve web sayfa d&uuml;zenleyicisi, varsayılan mıgır metinler olarak Lorem Ipsum kullanmaktadır.</p>\r\n<p>Yinelenen bir sayfa i&ccedil;eriğinin okuyucunun dikkatini dağıttığı bilinen bir ger&ccedil;ektir. Lorem Ipsum kullanmanın amacı, s&uuml;rekli \'buraya metin gelecek, buraya metin gelecek\' yazmaya kıyasla daha dengeli bir harf dağılımı sağlayarak okunurluğu artırmasıdır. Şu anda bir&ccedil;ok masa&uuml;st&uuml; yayıncılık paketi ve web sayfa d&uuml;zenleyicisi, varsayılan mıgır metinler olarak Lorem Ipsum kullanmaktadır.</p>\r\n<p>Yinelenen bir sayfa i&ccedil;eriğinin okuyucunun dikkatini dağıttığı bilinen bir ger&ccedil;ektir. Lorem Ipsum kullanmanın amacı, s&uuml;rekli \'buraya metin gelecek, buraya metin gelecek\' yazmaya kıyasla daha dengeli bir harf dağılımı sağlayarak okunurluğu artırmasıdır. Şu anda bir&ccedil;ok masa&uuml;st&uuml; yayıncılık paketi ve web sayfa d&uuml;zenleyicisi, varsayılan mıgır metinler olarak Lorem Ipsum kullanmaktadır.</p>', ' İzmit / Kocaeli ', '1', 3, '1', '&lt;iframe src=&quot;https://www.google.com/maps/embed?pb=!1m18!1m12!1m3!1d3010.6659234655845!2d28.965879414842306!3d41.01068477930051!2m3!1f0!2f0!3f0!3m2!1i1024!2i768!4f13.1!3m3!1m2!1s0x14cab99162d70527%3A0x64c8680b5ac198ab!2zS2FwYWzEsSDDh2FyxZ_EsQ!5e0!3m2!1str!2str!4v1542742615625&quot; width=&quot;600&quot; height=&quot;450&quot; frameborder=&quot;0&quot; style=&quot;border:0&quot; allowfullscreen&gt;&lt;/iframe&gt;', 'https://www.youtube.com/watch?v=zGkdCCn7knI', 'Kavanya Koru', 'inşaat,proje', 'Yinelenen bir sayfa içeriğinin okuyucunun dikkatini dağıttığı bilinen bir gerçektir. Lorem Ipsum kullanmanın amacı', 5),
(9, 'Ahes Misal', 2, '06.03.2019', 'images/proje/4410929188-Ahes-Misal.jpg', 'images/proje/thumb/4410929188-Ahes-Misal.jpg', '<p>Yinelenen bir sayfa i&ccedil;eriğinin okuyucunun dikkatini dağıttığı bilinen bir ger&ccedil;ektir. Lorem Ipsum kullanmanın amacı, s&uuml;rekli \'buraya metin gelecek, buraya metin gelecek\' yazmaya kıyasla daha dengeli bir harf dağılımı sağlayarak okunurluğu artırmasıdır. Şu anda bir&ccedil;ok masa&uuml;st&uuml; yayıncılık paketi ve web sayfa d&uuml;zenleyicisi, varsayılan mıgır metinler olarak Lorem Ipsum kullanmaktadır.</p>\r\n<p>Yinelenen bir sayfa i&ccedil;eriğinin okuyucunun dikkatini dağıttığı bilinen bir ger&ccedil;ektir. Lorem Ipsum kullanmanın amacı, s&uuml;rekli \'buraya metin gelecek, buraya metin gelecek\' yazmaya kıyasla daha dengeli bir harf dağılımı sağlayarak okunurluğu artırmasıdır. Şu anda bir&ccedil;ok masa&uuml;st&uuml; yayıncılık paketi ve web sayfa d&uuml;zenleyicisi, varsayılan mıgır metinler olarak Lorem Ipsum kullanmaktadır.</p>\r\n<p>Yinelenen bir sayfa i&ccedil;eriğinin okuyucunun dikkatini dağıttığı bilinen bir ger&ccedil;ektir. Lorem Ipsum kullanmanın amacı, s&uuml;rekli \'buraya metin gelecek, buraya metin gelecek\' yazmaya kıyasla daha dengeli bir harf dağılımı sağlayarak okunurluğu artırmasıdır. Şu anda bir&ccedil;ok masa&uuml;st&uuml; yayıncılık paketi ve web sayfa d&uuml;zenleyicisi, varsayılan mıgır metinler olarak Lorem Ipsum kullanmaktadır.</p>', 'Üsküdar / İstanbul', '1', 6, '1', '&lt;iframe src=&quot;https://www.google.com/maps/embed?pb=!1m18!1m12!1m3!1d3010.6659234655845!2d28.965879414842306!3d41.01068477930051!2m3!1f0!2f0!3f0!3m2!1i1024!2i768!4f13.1!3m3!1m2!1s0x14cab99162d70527%3A0x64c8680b5ac198ab!2zS2FwYWzEsSDDh2FyxZ_EsQ!5e0!3m2!1str!2str!4v1542742615625&quot; width=&quot;600&quot; height=&quot;450&quot; frameborder=&quot;0&quot; style=&quot;border:0&quot; allowfullscreen&gt;&lt;/iframe&gt;', 'https://www.youtube.com/watch?v=zGkdCCn7knI', 'Ahes Misal', 'proje,inşaat', 'Yinelenen bir sayfa içeriğinin okuyucunun dikkatini dağıttığı bilinen bir gerçektir. Lorem Ipsum kullanmanın amacı', 5),
(10, 'Ödül İstanbul', 1, '06.03.2019', 'images/proje/4924948107-Odul-Istanbul.jpg', 'images/proje/thumb/4924948107-Odul-Istanbul.jpg', '<p>Yinelenen bir sayfa i&ccedil;eriğinin okuyucunun dikkatini dağıttığı bilinen bir ger&ccedil;ektir. Lorem Ipsum kullanmanın amacı, s&uuml;rekli \'buraya metin gelecek, buraya metin gelecek\' yazmaya kıyasla daha dengeli bir harf dağılımı sağlayarak okunurluğu artırmasıdır. Şu anda bir&ccedil;ok masa&uuml;st&uuml; yayıncılık paketi ve web sayfa d&uuml;zenleyicisi, varsayılan mıgır metinler olarak Lorem Ipsum kullanmaktadır.</p>\r\n<p>Yinelenen bir sayfa i&ccedil;eriğinin okuyucunun dikkatini dağıttığı bilinen bir ger&ccedil;ektir. Lorem Ipsum kullanmanın amacı, s&uuml;rekli \'buraya metin gelecek, buraya metin gelecek\' yazmaya kıyasla daha dengeli bir harf dağılımı sağlayarak okunurluğu artırmasıdır. Şu anda bir&ccedil;ok masa&uuml;st&uuml; yayıncılık paketi ve web sayfa d&uuml;zenleyicisi, varsayılan mıgır metinler olarak Lorem Ipsum kullanmaktadır.</p>\r\n<p>Yinelenen bir sayfa i&ccedil;eriğinin okuyucunun dikkatini dağıttığı bilinen bir ger&ccedil;ektir. Lorem Ipsum kullanmanın amacı, s&uuml;rekli \'buraya metin gelecek, buraya metin gelecek\' yazmaya kıyasla daha dengeli bir harf dağılımı sağlayarak okunurluğu artırmasıdır. Şu anda bir&ccedil;ok masa&uuml;st&uuml; yayıncılık paketi ve web sayfa d&uuml;zenleyicisi, varsayılan mıgır metinler olarak Lorem Ipsum kullanmaktadır.</p>', 'Esenyurt/İstanbul', '1', 1, '1', '&lt;iframe src=&quot;https://www.google.com/maps/embed?pb=!1m18!1m12!1m3!1d3010.6659234655845!2d28.965879414842306!3d41.01068477930051!2m3!1f0!2f0!3f0!3m2!1i1024!2i768!4f13.1!3m3!1m2!1s0x14cab99162d70527%3A0x64c8680b5ac198ab!2zS2FwYWzEsSDDh2FyxZ_EsQ!5e0!3m2!1str!2str!4v1542742615625&quot; width=&quot;600&quot; height=&quot;450&quot; frameborder=&quot;0&quot; style=&quot;border:0&quot; allowfullscreen&gt;&lt;/iframe&gt;', 'https://www.youtube.com/watch?v=zGkdCCn7knI', 'Ödül İstanbul', 'proje,inşaat', 'Yinelenen bir sayfa içeriğinin okuyucunun dikkatini dağıttığı bilinen bir gerçektir. Lorem Ipsum kullanmanın amacı', 5),
(11, 'Çukurova Balkon', 2, '06.03.2019', 'images/proje/1648327358-Cukurova.jpg', 'images/proje/thumb/1648327358-Cukurova.jpg', '<p>Yinelenen bir sayfa i&ccedil;eriğinin okuyucunun dikkatini dağıttığı bilinen bir ger&ccedil;ektir. Lorem Ipsum kullanmanın amacı, s&uuml;rekli \'buraya metin gelecek, buraya metin gelecek\' yazmaya kıyasla daha dengeli bir harf dağılımı sağlayarak okunurluğu artırmasıdır. Şu anda bir&ccedil;ok masa&uuml;st&uuml; yayıncılık paketi ve web sayfa d&uuml;zenleyicisi, varsayılan mıgır metinler olarak Lorem Ipsum kullanmaktadır.</p>\r\n<p>Yinelenen bir sayfa i&ccedil;eriğinin okuyucunun dikkatini dağıttığı bilinen bir ger&ccedil;ektir. Lorem Ipsum kullanmanın amacı, s&uuml;rekli \'buraya metin gelecek, buraya metin gelecek\' yazmaya kıyasla daha dengeli bir harf dağılımı sağlayarak okunurluğu artırmasıdır. Şu anda bir&ccedil;ok masa&uuml;st&uuml; yayıncılık paketi ve web sayfa d&uuml;zenleyicisi, varsayılan mıgır metinler olarak Lorem Ipsum kullanmaktadır.</p>\r\n<p>Yinelenen bir sayfa i&ccedil;eriğinin okuyucunun dikkatini dağıttığı bilinen bir ger&ccedil;ektir. Lorem Ipsum kullanmanın amacı, s&uuml;rekli \'buraya metin gelecek, buraya metin gelecek\' yazmaya kıyasla daha dengeli bir harf dağılımı sağlayarak okunurluğu artırmasıdır. Şu anda bir&ccedil;ok masa&uuml;st&uuml; yayıncılık paketi ve web sayfa d&uuml;zenleyicisi, varsayılan mıgır metinler olarak Lorem Ipsum kullanmaktadır.</p>', 'Kartal/İstanbul', '1', 4, '1', '&lt;iframe src=&quot;https://www.google.com/maps/embed?pb=!1m18!1m12!1m3!1d3010.6659234655845!2d28.965879414842306!3d41.01068477930051!2m3!1f0!2f0!3f0!3m2!1i1024!2i768!4f13.1!3m3!1m2!1s0x14cab99162d70527%3A0x64c8680b5ac198ab!2zS2FwYWzEsSDDh2FyxZ_EsQ!5e0!3m2!1str!2str!4v1542742615625&quot; width=&quot;600&quot; height=&quot;450&quot; frameborder=&quot;0&quot; style=&quot;border:0&quot; allowfullscreen&gt;&lt;/iframe&gt;', 'https://www.youtube.com/watch?v=zGkdCCn7knI', 'Çukurova Balkon', 'proje,inşaat', 'Yinelenen bir sayfa içeriğinin okuyucunun dikkatini dağıttığı bilinen bir gerçektir. Lorem Ipsum kullanmanın amacı', 5),
(12, 'Makyol Santral', 1, '06.03.2019', 'images/proje/2678032816-Makyol-Santral.jpg', 'images/proje/thumb/2678032816-Makyol-Santral.jpg', '<p>Yinelenen bir sayfa i&ccedil;eriğinin okuyucunun dikkatini dağıttığı bilinen bir ger&ccedil;ektir. Lorem Ipsum kullanmanın amacı, s&uuml;rekli \'buraya metin gelecek, buraya metin gelecek\' yazmaya kıyasla daha dengeli bir harf dağılımı sağlayarak okunurluğu artırmasıdır. Şu anda bir&ccedil;ok masa&uuml;st&uuml; yayıncılık paketi ve web sayfa d&uuml;zenleyicisi, varsayılan mıgır metinler olarak Lorem Ipsum kullanmaktadır.</p>\r\n<p>Yinelenen bir sayfa i&ccedil;eriğinin okuyucunun dikkatini dağıttığı bilinen bir ger&ccedil;ektir. Lorem Ipsum kullanmanın amacı, s&uuml;rekli \'buraya metin gelecek, buraya metin gelecek\' yazmaya kıyasla daha dengeli bir harf dağılımı sağlayarak okunurluğu artırmasıdır. Şu anda bir&ccedil;ok masa&uuml;st&uuml; yayıncılık paketi ve web sayfa d&uuml;zenleyicisi, varsayılan mıgır metinler olarak Lorem Ipsum kullanmaktadır.</p>\r\n<p>Yinelenen bir sayfa i&ccedil;eriğinin okuyucunun dikkatini dağıttığı bilinen bir ger&ccedil;ektir. Lorem Ipsum kullanmanın amacı, s&uuml;rekli \'buraya metin gelecek, buraya metin gelecek\' yazmaya kıyasla daha dengeli bir harf dağılımı sağlayarak okunurluğu artırmasıdır. Şu anda bir&ccedil;ok masa&uuml;st&uuml; yayıncılık paketi ve web sayfa d&uuml;zenleyicisi, varsayılan mıgır metinler olarak Lorem Ipsum kullanmaktadır.</p>', 'Esenyurt/İstanbul', '1', 5, '1', '&lt;iframe src=&quot;https://www.google.com/maps/embed?pb=!1m18!1m12!1m3!1d3010.6659234655845!2d28.965879414842306!3d41.01068477930051!2m3!1f0!2f0!3f0!3m2!1i1024!2i768!4f13.1!3m3!1m2!1s0x14cab99162d70527%3A0x64c8680b5ac198ab!2zS2FwYWzEsSDDh2FyxZ_EsQ!5e0!3m2!1str!2str!4v1542742615625&quot; width=&quot;600&quot; height=&quot;450&quot; frameborder=&quot;0&quot; style=&quot;border:0&quot; allowfullscreen&gt;&lt;/iframe&gt;', 'https://www.youtube.com/watch?v=zGkdCCn7knI', 'Makyol Santral', 'proje,inşaat', 'Yinelenen bir sayfa içeriğinin okuyucunun dikkatini dağıttığı bilinen bir gerçektir. Lorem Ipsum kullanmanın amacı', 5);

-- --------------------------------------------------------

--
-- Tablo için tablo yapısı `projegaleri`
--

CREATE TABLE `projegaleri` (
  `projegaleri_id` int(11) NOT NULL,
  `proje_id` int(11) NOT NULL DEFAULT 0,
  `projegaleri_resimyol` varchar(250) COLLATE utf8_turkish_ci DEFAULT NULL
) ENGINE=InnoDB DEFAULT CHARSET=utf8 COLLATE=utf8_turkish_ci;

--
-- Tablo döküm verisi `projegaleri`
--

INSERT INTO `projegaleri` (`projegaleri_id`, `proje_id`, `projegaleri_resimyol`) VALUES
(32, 10, 'images/proje/2721228668-Ornek.jpg'),
(33, 11, 'images/proje/2515637101-Ornek.jpg'),
(34, 12, 'images/proje/4843645741-Ornek.jpg'),
(35, 7, 'images/proje/3646021705-Ornek.jpg'),
(36, 9, 'images/proje/3282536713-Ornek.jpg'),
(37, 5, 'images/proje/4963617160-Ornek.jpg'),
(38, 6, 'images/proje/1487321231-Ornek.jpg'),
(39, 8, 'images/proje/2097517007-Ornek.jpg');

-- --------------------------------------------------------

--
-- Tablo için tablo yapısı `projekategori`
--

CREATE TABLE `projekategori` (
  `projekategori_id` int(11) NOT NULL,
  `projekategori_ad` varchar(60) COLLATE utf8_turkish_ci DEFAULT NULL,
  `projekategori_sira` int(4) NOT NULL DEFAULT 0,
  `projekategori_title` varchar(250) COLLATE utf8_turkish_ci DEFAULT NULL,
  `projekategori_keywords` varchar(250) COLLATE utf8_turkish_ci DEFAULT NULL,
  `projekategori_description` varchar(500) COLLATE utf8_turkish_ci DEFAULT NULL,
  `projekategori_dil` int(11) NOT NULL DEFAULT 0
) ENGINE=InnoDB DEFAULT CHARSET=utf8 COLLATE=utf8_turkish_ci;

--
-- Tablo döküm verisi `projekategori`
--

INSERT INTO `projekategori` (`projekategori_id`, `projekategori_ad`, `projekategori_sira`, `projekategori_title`, `projekategori_keywords`, `projekategori_description`, `projekategori_dil`) VALUES
(1, 'Devam Eden Projeler', 2, 'Devam Eden Projeler', 'proje,inşaat', 'Yinelenen bir sayfa içeriğinin okuyucunun dikkatini dağıttığı bilinen bir gerçektir. Lorem Ipsum kullanmanın amacı', 5),
(2, 'Tamanlanan Projeler', 1, 'Tamanlanan Projeler', 'proje,inşaat', 'Yinelenen bir sayfa içeriğinin okuyucunun dikkatini dağıttığı bilinen bir gerçektir. Lorem Ipsum kullanmanın amacı', 5);

-- --------------------------------------------------------

--
-- Tablo için tablo yapısı `referans`
--

CREATE TABLE `referans` (
  `referans_id` int(11) NOT NULL,
  `referans_ad` varchar(80) COLLATE utf8_turkish_ci DEFAULT NULL,
  `referans_link` varchar(250) COLLATE utf8_turkish_ci DEFAULT NULL,
  `referans_resimyol` varchar(250) COLLATE utf8_turkish_ci DEFAULT NULL,
  `referans_thumbresimyol` varchar(250) COLLATE utf8_turkish_ci DEFAULT NULL,
  `referans_sira` int(4) NOT NULL DEFAULT 0,
  `referans_durum` enum('0','1') COLLATE utf8_turkish_ci NOT NULL DEFAULT '1',
  `referans_kategoriid` int(11) NOT NULL DEFAULT 0,
  `referans_dil` int(11) NOT NULL DEFAULT 0
) ENGINE=InnoDB DEFAULT CHARSET=utf8 COLLATE=utf8_turkish_ci;

--
-- Tablo döküm verisi `referans`
--

INSERT INTO `referans` (`referans_id`, `referans_ad`, `referans_link`, `referans_resimyol`, `referans_thumbresimyol`, `referans_sira`, `referans_durum`, `referans_kategoriid`, `referans_dil`) VALUES
(15, 'Çaykur', '#', 'images/referans/3194630912-caykur.jpg', 'images/referans/thumb/3194630912-caykur.jpg', 1, '1', 3, 5),
(27, 'Kebir', '#', 'images/referans/4935729324-kebir.jpg', 'images/referans/thumb/4935729324-kebir.jpg', 3, '1', 3, 5),
(31, 'Beypiliç', '#', 'images/referans/1983715498-beypilic.jpg', 'images/referans/thumb/1983715498-beypilic.jpg', 2, '1', 3, 5),
(32, 'Lezita', '#', 'images/referans/3258842150-lezita.jpg', 'images/referans/thumb/3258842150-lezita.jpg', 4, '1', 3, 5),
(34, 'Arow', '#', 'images/referans/1375720868-arow.jpg', 'images/referans/thumb/1375720868-arow.jpg', 1, '1', 1, 5),
(35, 'LTB', '#', 'images/referans/1255440432-ltb.jpg', 'images/referans/thumb/1255440432-ltb.jpg', 2, '1', 1, 5),
(36, 'Tommy Life', '#', 'images/referans/1092148653-tommylife.jpg', 'images/referans/thumb/1092148653-tommylife.jpg', 3, '1', 1, 5),
(38, 'Opet', '#', 'images/referans/4817625525-opet.jpg', 'images/referans/thumb/4817625525-opet.jpg', 1, '1', 4, 5),
(39, 'Petrol Ofisi', '#', 'images/referans/3853420893-po.jpg', 'images/referans/thumb/3853420893-po.jpg', 2, '1', 4, 5),
(40, 'Total', '#', 'images/referans/4080321371-total.jpg', 'images/referans/thumb/4080321371-total.jpg', 3, '1', 4, 5),
(41, 'Shell', '#', 'images/referans/1496728352-shell.jpg', 'images/referans/thumb/1496728352-shell.jpg', 4, '1', 4, 5),
(42, 'Yelken', '#', 'images/referans/3761715343-yelken.jpg', 'images/referans/thumb/3761715343-yelken.jpg', 5, '1', 3, 5);

-- --------------------------------------------------------

--
-- Tablo için tablo yapısı `referanskategori`
--

CREATE TABLE `referanskategori` (
  `referanskategori_id` int(11) NOT NULL,
  `referanskategori_ad` varchar(60) COLLATE utf8_turkish_ci DEFAULT NULL,
  `referanskategori_sira` int(4) NOT NULL DEFAULT 0,
  `referanskategori_dil` int(11) NOT NULL DEFAULT 0
) ENGINE=InnoDB DEFAULT CHARSET=utf8 COLLATE=utf8_turkish_ci;

--
-- Tablo döküm verisi `referanskategori`
--

INSERT INTO `referanskategori` (`referanskategori_id`, `referanskategori_ad`, `referanskategori_sira`, `referanskategori_dil`) VALUES
(1, 'Giyim', 2, 5),
(3, 'Gıda', 1, 5),
(4, 'Akaryakıt', 3, 5);

-- --------------------------------------------------------

--
-- Tablo için tablo yapısı `rehber`
--

CREATE TABLE `rehber` (
  `rehber_id` int(11) NOT NULL,
  `rehber_tarih` timestamp NOT NULL DEFAULT current_timestamp(),
  `rehber_ad` varchar(100) COLLATE utf8_turkish_ci DEFAULT NULL,
  `rehber_tel` varchar(25) COLLATE utf8_turkish_ci DEFAULT NULL
) ENGINE=InnoDB DEFAULT CHARSET=utf8 COLLATE=utf8_turkish_ci;

--
-- Tablo döküm verisi `rehber`
--

INSERT INTO `rehber` (`rehber_id`, `rehber_tarih`, `rehber_ad`, `rehber_tel`) VALUES
(7, '2018-11-21 11:25:36', 'Canan Atak', '5553333333'),
(8, '2018-11-21 11:26:16', 'Ali Veli', '5222222222'),
(9, '2018-11-21 11:27:13', 'Seda Eda', '5444444444'),
(10, '2018-11-21 11:27:45', 'Cenk Renk', '5111111111');

-- --------------------------------------------------------

--
-- Tablo için tablo yapısı `resimoptimize`
--

CREATE TABLE `resimoptimize` (
  `optimize_id` int(11) NOT NULL,
  `optimize_quality` int(3) NOT NULL DEFAULT 85,
  `optimize_banner_normal` int(4) NOT NULL DEFAULT 1920,
  `optimize_banner_durum` enum('0','1') COLLATE utf8_turkish_ci NOT NULL DEFAULT '1',
  `optimize_ekip_normal` int(4) NOT NULL DEFAULT 450,
  `optimize_ekip_durum` enum('0','1') COLLATE utf8_turkish_ci NOT NULL DEFAULT '1',
  `optimize_marka_normal` int(4) NOT NULL DEFAULT 300,
  `optimize_marka_durum` enum('0','1') COLLATE utf8_turkish_ci NOT NULL DEFAULT '1',
  `optimize_hizmet_normal` int(4) NOT NULL DEFAULT 1920,
  `optimize_hizmet_thumb` int(4) NOT NULL DEFAULT 500,
  `optimize_hizmet_durum` enum('0','1') COLLATE utf8_turkish_ci NOT NULL DEFAULT '1',
  `optimize_sayfalar_normal` int(4) NOT NULL DEFAULT 1920,
  `optimize_sayfalar_durum` enum('0','1') COLLATE utf8_turkish_ci NOT NULL DEFAULT '1',
  `optimize_yorum_normal` int(4) NOT NULL DEFAULT 300,
  `optimize_yorum_durum` enum('0','1') COLLATE utf8_turkish_ci NOT NULL DEFAULT '1',
  `optimize_referanslar_normal` int(4) NOT NULL DEFAULT 600,
  `optimize_referanslar_thumb` int(4) NOT NULL DEFAULT 600,
  `optimize_referanslar_durum` enum('0','1') COLLATE utf8_turkish_ci NOT NULL DEFAULT '1',
  `optimize_fotogaleri_normal` int(4) NOT NULL DEFAULT 800,
  `optimize_fotogaleri_durum` enum('0','1') COLLATE utf8_turkish_ci NOT NULL DEFAULT '1',
  `optimize_videogaleri_normal` int(4) NOT NULL DEFAULT 800,
  `optimize_videogaleri_durum` enum('0','1') COLLATE utf8_turkish_ci NOT NULL DEFAULT '1',
  `optimize_banka_normal` int(4) NOT NULL DEFAULT 600,
  `optimize_banka_durum` enum('0','1') COLLATE utf8_turkish_ci NOT NULL DEFAULT '1',
  `optimize_belge_normal` int(4) NOT NULL DEFAULT 600,
  `optimize_belge_durum` enum('0','1') COLLATE utf8_turkish_ci NOT NULL DEFAULT '1',
  `optimize_ekatalog_normal` int(4) NOT NULL DEFAULT 600,
  `optimize_ekatalog_durum` enum('0','1') COLLATE utf8_turkish_ci NOT NULL DEFAULT '1',
  `optimize_proje_normal` int(4) NOT NULL DEFAULT 800,
  `optimize_proje_thumb` int(4) NOT NULL DEFAULT 500,
  `optimize_proje_durum` enum('0','1') COLLATE utf8_turkish_ci NOT NULL DEFAULT '1',
  `optimize_duyuru_normal` int(4) NOT NULL DEFAULT 1600,
  `optimize_duyuru_thumb` int(4) NOT NULL DEFAULT 1000,
  `optimize_duyuru_durum` enum('0','1') COLLATE utf8_turkish_ci NOT NULL DEFAULT '1',
  `optimize_blog_normal` int(4) NOT NULL DEFAULT 1600,
  `optimize_blog_thumb` int(4) NOT NULL DEFAULT 600,
  `optimize_blog_durum` enum('0','1') COLLATE utf8_turkish_ci NOT NULL DEFAULT '1',
  `optimize_urunler_normal` int(4) NOT NULL DEFAULT 1200,
  `optimize_urunler_thumb` int(4) NOT NULL DEFAULT 600,
  `optimize_urunler_durum` enum('0','1') COLLATE utf8_turkish_ci NOT NULL DEFAULT '1',
  `optimize_urunkategori_normal` int(4) NOT NULL DEFAULT 900,
  `optimize_urunkategori_durum` enum('0','1') COLLATE utf8_turkish_ci NOT NULL DEFAULT '1',
  `optimize_slider_normal` int(4) NOT NULL DEFAULT 1920,
  `optimize_slider_durum` enum('0','1') COLLATE utf8_turkish_ci NOT NULL DEFAULT '1'
) ENGINE=InnoDB DEFAULT CHARSET=utf8 COLLATE=utf8_turkish_ci;

--
-- Tablo döküm verisi `resimoptimize`
--

INSERT INTO `resimoptimize` (`optimize_id`, `optimize_quality`, `optimize_banner_normal`, `optimize_banner_durum`, `optimize_ekip_normal`, `optimize_ekip_durum`, `optimize_marka_normal`, `optimize_marka_durum`, `optimize_hizmet_normal`, `optimize_hizmet_thumb`, `optimize_hizmet_durum`, `optimize_sayfalar_normal`, `optimize_sayfalar_durum`, `optimize_yorum_normal`, `optimize_yorum_durum`, `optimize_referanslar_normal`, `optimize_referanslar_thumb`, `optimize_referanslar_durum`, `optimize_fotogaleri_normal`, `optimize_fotogaleri_durum`, `optimize_videogaleri_normal`, `optimize_videogaleri_durum`, `optimize_banka_normal`, `optimize_banka_durum`, `optimize_belge_normal`, `optimize_belge_durum`, `optimize_ekatalog_normal`, `optimize_ekatalog_durum`, `optimize_proje_normal`, `optimize_proje_thumb`, `optimize_proje_durum`, `optimize_duyuru_normal`, `optimize_duyuru_thumb`, `optimize_duyuru_durum`, `optimize_blog_normal`, `optimize_blog_thumb`, `optimize_blog_durum`, `optimize_urunler_normal`, `optimize_urunler_thumb`, `optimize_urunler_durum`, `optimize_urunkategori_normal`, `optimize_urunkategori_durum`, `optimize_slider_normal`, `optimize_slider_durum`) VALUES
(0, 85, 1920, '0', 450, '0', 322, '0', 1200, 500, '0', 1920, '0', 300, '0', 800, 500, '0', 800, '0', 800, '0', 600, '0', 600, '0', 600, '0', 800, 500, '0', 1600, 1000, '0', 1600, 600, '0', 1200, 600, '0', 800, '0', 1920, '0');

-- --------------------------------------------------------

--
-- Tablo için tablo yapısı `sayfa`
--

CREATE TABLE `sayfa` (
  `sayfa_id` int(11) NOT NULL,
  `sayfa_ad` varchar(250) COLLATE utf8_turkish_ci DEFAULT NULL,
  `sayfa_icerik` text COLLATE utf8_turkish_ci DEFAULT NULL,
  `sayfa_resimyol` varchar(250) COLLATE utf8_turkish_ci DEFAULT NULL,
  `sayfa_title` varchar(250) COLLATE utf8_turkish_ci DEFAULT NULL,
  `sayfa_keywords` varchar(250) COLLATE utf8_turkish_ci DEFAULT NULL,
  `sayfa_description` varchar(500) COLLATE utf8_turkish_ci DEFAULT NULL,
  `sayfa_durum` enum('0','1') COLLATE utf8_turkish_ci NOT NULL DEFAULT '1',
  `sayfa_dil` int(11) NOT NULL DEFAULT 0
) ENGINE=InnoDB DEFAULT CHARSET=utf8 COLLATE=utf8_turkish_ci;

-- --------------------------------------------------------

--
-- Tablo için tablo yapısı `seo`
--

CREATE TABLE `seo` (
  `seo_id` int(11) NOT NULL,
  `seo_dil` int(11) NOT NULL DEFAULT 0,
  `seo_title_ana` varchar(250) COLLATE utf8_turkish_ci DEFAULT NULL,
  `seo_keywords_ana` varchar(250) COLLATE utf8_turkish_ci DEFAULT NULL,
  `seo_description_ana` text COLLATE utf8_turkish_ci DEFAULT NULL,
  `seo_title_hakkimda` varchar(250) COLLATE utf8_turkish_ci DEFAULT NULL,
  `seo_keywords_hakkimda` varchar(250) COLLATE utf8_turkish_ci DEFAULT NULL,
  `seo_description_hakkimda` text COLLATE utf8_turkish_ci DEFAULT NULL,
  `seo_title_ozgecmis` varchar(250) COLLATE utf8_turkish_ci DEFAULT NULL,
  `seo_keywords_ozgecmis` varchar(250) COLLATE utf8_turkish_ci DEFAULT NULL,
  `seo_description_ozgecmis` text COLLATE utf8_turkish_ci DEFAULT NULL,
  `seo_title_projeler` varchar(250) COLLATE utf8_turkish_ci DEFAULT NULL,
  `seo_keywords_projeler` varchar(250) COLLATE utf8_turkish_ci DEFAULT NULL,
  `seo_description_projeler` text COLLATE utf8_turkish_ci DEFAULT NULL,
  `seo_title_hizmetler` varchar(250) COLLATE utf8_turkish_ci DEFAULT NULL,
  `seo_keywords_hizmetler` varchar(250) COLLATE utf8_turkish_ci DEFAULT NULL,
  `seo_description_hizmetler` text COLLATE utf8_turkish_ci DEFAULT NULL,
  `seo_title_blog` varchar(250) COLLATE utf8_turkish_ci DEFAULT NULL,
  `seo_keywords_blog` varchar(250) COLLATE utf8_turkish_ci DEFAULT NULL,
  `seo_description_blog` text COLLATE utf8_turkish_ci DEFAULT NULL,
  `seo_title_iletisim` varchar(250) COLLATE utf8_turkish_ci DEFAULT NULL,
  `seo_keywords_iletisim` varchar(250) COLLATE utf8_turkish_ci DEFAULT NULL,
  `seo_description_iletisim` text COLLATE utf8_turkish_ci DEFAULT NULL
) ENGINE=InnoDB DEFAULT CHARSET=utf8 COLLATE=utf8_turkish_ci;

-- --------------------------------------------------------

--
-- Tablo için tablo yapısı `siparis`
--

CREATE TABLE `siparis` (
  `siparis_id` int(11) NOT NULL,
  `siparis_tarih` timestamp NOT NULL DEFAULT current_timestamp(),
  `siparis_adsoyad` varchar(100) COLLATE utf8_turkish_ci DEFAULT NULL,
  `siparis_urunid` int(11) DEFAULT NULL,
  `siparis_miktar` int(10) DEFAULT NULL,
  `siparis_email` varchar(100) COLLATE utf8_turkish_ci DEFAULT NULL,
  `siparis_telefon` varchar(50) COLLATE utf8_turkish_ci DEFAULT NULL,
  `siparis_adres` varchar(500) COLLATE utf8_turkish_ci DEFAULT NULL,
  `siparis_not` text COLLATE utf8_turkish_ci DEFAULT NULL,
  `siparis_aciklama` text COLLATE utf8_turkish_ci DEFAULT NULL,
  `siparis_rands` varchar(15) COLLATE utf8_turkish_ci DEFAULT NULL,
  `siparis_ip` varchar(50) COLLATE utf8_turkish_ci DEFAULT NULL,
  `siparis_durum` enum('1','2','3','4','5','6') COLLATE utf8_turkish_ci NOT NULL DEFAULT '1',
  `siparis_okundu` enum('0','1') COLLATE utf8_turkish_ci NOT NULL DEFAULT '0'
) ENGINE=InnoDB DEFAULT CHARSET=utf8 COLLATE=utf8_turkish_ci;

-- --------------------------------------------------------

--
-- Tablo için tablo yapısı `sitebakim`
--

CREATE TABLE `sitebakim` (
  `sitebakim_id` int(11) NOT NULL,
  `sitebakim_acilisyazi` varchar(250) COLLATE utf8_turkish_ci DEFAULT NULL,
  `sitebakim_baslik` varchar(250) COLLATE utf8_turkish_ci DEFAULT NULL,
  `sitebakim_aciklama` text COLLATE utf8_turkish_ci DEFAULT NULL,
  `sitebakim_acilistarih` varchar(25) COLLATE utf8_turkish_ci DEFAULT NULL,
  `sitebakim_aciliszaman` varchar(25) COLLATE utf8_turkish_ci DEFAULT NULL,
  `sitebakim_tema` enum('1','2','3') COLLATE utf8_turkish_ci NOT NULL DEFAULT '1',
  `sitebakim_dil` int(11) NOT NULL DEFAULT 0
) ENGINE=InnoDB DEFAULT CHARSET=utf8 COLLATE=utf8_turkish_ci;

--
-- Tablo döküm verisi `sitebakim`
--

INSERT INTO `sitebakim` (`sitebakim_id`, `sitebakim_acilisyazi`, `sitebakim_baslik`, `sitebakim_aciklama`, `sitebakim_acilistarih`, `sitebakim_aciliszaman`, `sitebakim_tema`, `sitebakim_dil`) VALUES
(3, 'Cooming Soon', 'Cooming Soon', 'Ius animal delicatissimi at, in tritani quaestio sit. Cu sit perfecto gubergren assentior. Eos volumus percipitur in, stet movet temporibus sed ex, omnis noluisse ocurreret ut pro. Ea meis veniam cum, te mel virtute assueverit, eum magna maiorum torquatos te. Eos an falli iuvaret recteque, pri case possim scaevola id, ut doming melius percipit mel.', '03/06/2022', '08:00', '3', 5);

-- --------------------------------------------------------

--
-- Tablo için tablo yapısı `sitemap`
--

CREATE TABLE `sitemap` (
  `sitemap_id` int(11) NOT NULL,
  `sitemap_protokol` enum('0','1') COLLATE utf8_turkish_ci NOT NULL DEFAULT '0',
  `sitemap_hizmetler` enum('0','1') COLLATE utf8_turkish_ci NOT NULL DEFAULT '1',
  `sitemap_urunkategori` enum('0','1') COLLATE utf8_turkish_ci NOT NULL DEFAULT '1',
  `sitemap_projeler` enum('0','1') COLLATE utf8_turkish_ci NOT NULL DEFAULT '1',
  `sitemap_blog` enum('0','1') COLLATE utf8_turkish_ci NOT NULL DEFAULT '1',
  `sitemap_paketler` enum('0','1') COLLATE utf8_turkish_ci NOT NULL DEFAULT '1',
  `sitemap_fotogaleri` enum('0','1') COLLATE utf8_turkish_ci NOT NULL DEFAULT '1',
  `sitemap_videogaleri` enum('0','1') COLLATE utf8_turkish_ci NOT NULL DEFAULT '1',
  `sitemap_duyurular` enum('0','1') COLLATE utf8_turkish_ci NOT NULL DEFAULT '1',
  `sitemap_ekip` enum('0','1') COLLATE utf8_turkish_ci NOT NULL DEFAULT '1',
  `sitemap_sss` enum('0','1') COLLATE utf8_turkish_ci NOT NULL DEFAULT '1',
  `sitemap_subeler` enum('0','1') COLLATE utf8_turkish_ci NOT NULL DEFAULT '1',
  `sitemap_bayiler` enum('0','1') COLLATE utf8_turkish_ci NOT NULL DEFAULT '1',
  `sitemap_referanslar` enum('0','1') COLLATE utf8_turkish_ci NOT NULL DEFAULT '1',
  `sitemap_marka` enum('0','1') COLLATE utf8_turkish_ci NOT NULL DEFAULT '1',
  `sitemap_banka` enum('0','1') COLLATE utf8_turkish_ci NOT NULL DEFAULT '1',
  `sitemap_belge` enum('0','1') COLLATE utf8_turkish_ci NOT NULL DEFAULT '1',
  `sitemap_ekatalog` enum('0','1') COLLATE utf8_turkish_ci NOT NULL DEFAULT '1',
  `sitemap_insankaynak` enum('0','1') COLLATE utf8_turkish_ci NOT NULL DEFAULT '1',
  `sitemap_iletisim` enum('0','1') COLLATE utf8_turkish_ci NOT NULL DEFAULT '1',
  `sitemap_dhizmetler` enum('0','1') COLLATE utf8_turkish_ci NOT NULL DEFAULT '1',
  `sitemap_durunkategori` enum('0','1') COLLATE utf8_turkish_ci NOT NULL DEFAULT '1',
  `sitemap_durunler` enum('0','1') COLLATE utf8_turkish_ci NOT NULL DEFAULT '1',
  `sitemap_dpaketler` enum('0','1') COLLATE utf8_turkish_ci NOT NULL DEFAULT '1',
  `sitemap_dprojekategori` enum('0','1') COLLATE utf8_turkish_ci NOT NULL DEFAULT '1',
  `sitemap_dprojeler` enum('0','1') COLLATE utf8_turkish_ci NOT NULL DEFAULT '1',
  `sitemap_dblog` enum('0','1') COLLATE utf8_turkish_ci NOT NULL DEFAULT '1',
  `sitemap_dduyurular` enum('0','1') COLLATE utf8_turkish_ci NOT NULL DEFAULT '1',
  `sitemap_dsayfalar` enum('0','1') COLLATE utf8_turkish_ci NOT NULL DEFAULT '1'
) ENGINE=InnoDB DEFAULT CHARSET=utf8 COLLATE=utf8_turkish_ci;

--
-- Tablo döküm verisi `sitemap`
--

INSERT INTO `sitemap` (`sitemap_id`, `sitemap_protokol`, `sitemap_hizmetler`, `sitemap_urunkategori`, `sitemap_projeler`, `sitemap_blog`, `sitemap_paketler`, `sitemap_fotogaleri`, `sitemap_videogaleri`, `sitemap_duyurular`, `sitemap_ekip`, `sitemap_sss`, `sitemap_subeler`, `sitemap_bayiler`, `sitemap_referanslar`, `sitemap_marka`, `sitemap_banka`, `sitemap_belge`, `sitemap_ekatalog`, `sitemap_insankaynak`, `sitemap_iletisim`, `sitemap_dhizmetler`, `sitemap_durunkategori`, `sitemap_durunler`, `sitemap_dpaketler`, `sitemap_dprojekategori`, `sitemap_dprojeler`, `sitemap_dblog`, `sitemap_dduyurular`, `sitemap_dsayfalar`) VALUES
(0, '0', '1', '1', '1', '1', '1', '1', '1', '1', '1', '1', '1', '1', '1', '1', '1', '1', '1', '1', '1', '1', '1', '1', '1', '1', '1', '1', '1', '1');

-- --------------------------------------------------------

--
-- Tablo için tablo yapısı `slider`
--

CREATE TABLE `slider` (
  `slider_id` int(11) NOT NULL,
  `slider_ad` varchar(150) COLLATE utf8_turkish_ci DEFAULT NULL,
  `slider_aciklama` varchar(500) COLLATE utf8_turkish_ci DEFAULT NULL,
  `slider_resimyol` varchar(250) COLLATE utf8_turkish_ci DEFAULT NULL,
  `slider_link` varchar(250) COLLATE utf8_turkish_ci DEFAULT NULL,
  `slider_link_durum` enum('0','1') COLLATE utf8_turkish_ci NOT NULL DEFAULT '1',
  `slider_sira` int(4) NOT NULL DEFAULT 0,
  `slider_durum` enum('0','1') COLLATE utf8_turkish_ci NOT NULL DEFAULT '1',
  `slider_dil` int(11) NOT NULL DEFAULT 0
) ENGINE=InnoDB DEFAULT CHARSET=utf8 COLLATE=utf8_turkish_ci;

--
-- Tablo döküm verisi `slider`
--

INSERT INTO `slider` (`slider_id`, `slider_ad`, `slider_aciklama`, `slider_resimyol`, `slider_link`, `slider_link_durum`, `slider_sira`, `slider_durum`, `slider_dil`) VALUES
(1, 'KALİTELİ HİZMET', 'Yinelenen bir sayfa içeriğinin okuyucunun dikkatini dağıttığı bilinen bir gerçektir. Lorem Ipsum kullanmanın amacı', 'images/slider/1803641607-bb.jpg', 'hizmetler', '0', 3, '1', 5),
(4, 'MOBİL UYUMLU TASARIM', 'Yinelenen bir sayfa içeriğinin okuyucunun dikkatini dağıttığı bilinen bir gerçektir. Lorem Ipsum kullanmanın amacı', 'images/slider/2615544692-responsive.jpg', 'hizmetler', '0', 2, '1', 5),
(5, 'HER SEKTÖRE UYGUN', 'Yinelenen bir sayfa içeriğinin okuyucunun dikkatini dağıttığı bilinen bir gerçektir. Lorem Ipsum kullanmanın amacı', 'images/slider/2902045100-313016.jpg', 'hizmetler', '0', 1, '1', 5);

-- --------------------------------------------------------

--
-- Tablo için tablo yapısı `slogan`
--

CREATE TABLE `slogan` (
  `slogan_id` int(11) NOT NULL,
  `slogan_baslik` varchar(100) COLLATE utf8_turkish_ci DEFAULT NULL,
  `slogan_kisaca` text COLLATE utf8_turkish_ci DEFAULT NULL,
  `slogan_url` varchar(250) COLLATE utf8_turkish_ci DEFAULT NULL,
  `slogan_dil` int(11) NOT NULL DEFAULT 0
) ENGINE=InnoDB DEFAULT CHARSET=utf8 COLLATE=utf8_turkish_ci;

--
-- Tablo döküm verisi `slogan`
--

INSERT INTO `slogan` (`slogan_id`, `slogan_baslik`, `slogan_kisaca`, `slogan_url`, `slogan_dil`) VALUES
(2, 'Websitemize Hoşgeldiniz', '', 'iletisim', 5);

-- --------------------------------------------------------

--
-- Tablo için tablo yapısı `sosyal`
--

CREATE TABLE `sosyal` (
  `sosyal_id` int(11) NOT NULL,
  `sosyal_ikon` varchar(100) COLLATE utf8_turkish_ci DEFAULT NULL,
  `sosyal_link` varchar(250) COLLATE utf8_turkish_ci DEFAULT NULL,
  `sosyal_sira` int(4) NOT NULL DEFAULT 0,
  `sosyal_durum` enum('0','1') COLLATE utf8_turkish_ci NOT NULL DEFAULT '1'
) ENGINE=InnoDB DEFAULT CHARSET=utf8 COLLATE=utf8_turkish_ci;

--
-- Tablo döküm verisi `sosyal`
--

INSERT INTO `sosyal` (`sosyal_id`, `sosyal_ikon`, `sosyal_link`, `sosyal_sira`, `sosyal_durum`) VALUES
(1, 'fa-facebook', 'https://www.facebook.com', 3, '1'),
(3, 'fa-instagram', 'https://www.instagram.com/', 1, '1'),
(5, 'fa-whatsapp', 'https://api.whatsapp.com/send?phone=', 2, '1');

-- --------------------------------------------------------

--
-- Tablo için tablo yapısı `sss`
--

CREATE TABLE `sss` (
  `sss_id` int(11) NOT NULL,
  `sss_ad` text COLLATE utf8_turkish_ci DEFAULT NULL,
  `sss_aciklama` text COLLATE utf8_turkish_ci DEFAULT NULL,
  `sss_sira` int(4) NOT NULL DEFAULT 0,
  `sss_durum` enum('0','1') COLLATE utf8_turkish_ci NOT NULL DEFAULT '1',
  `sss_dil` int(11) NOT NULL DEFAULT 0
) ENGINE=InnoDB DEFAULT CHARSET=utf8 COLLATE=utf8_turkish_ci;

--
-- Tablo döküm verisi `sss`
--

INSERT INTO `sss` (`sss_id`, `sss_ad`, `sss_aciklama`, `sss_sira`, `sss_durum`, `sss_dil`) VALUES
(1, 'Ücretsiz kurulum yapıyor musunuz ?', 'Evet ücretsiz kurulum gerçekleştiriyoruz. Hosting hesabınıza ait tüm ftp, cpanel bilgilerini belirtmeniz gerekmektedir.', 1, '1', 5),
(3, 'Yazılımları farklı alan adlarında kullanabilirmiyim ?', 'Scriptlerimiz domaine lisanslı verilmektedir, her bir domain için yeniden ürünü satın almanız gerekmektedir. Sipariş verilen script, siparişte belirtilen domaine lisanslanır. Script kurulumu tamamlandıktan sonra, domain değişikliği yapılmamaktadır.', 2, '1', 5),
(4, 'Kendi hostumda barındırabilir miyim ?', 'Evet barındırabilirsiniz. Ancak, sunucunuzda \"Güncel IonCube\" bileşeninin kurulu olması gereklidir. ', 3, '1', 5),
(5, 'Ürünlerin iade hakkı var mıdır ?', 'Malesef. Yazılımlarımız domaine lisanslı   olduğundan iade söz konusu olmamaktadır. Bu nedenle demo sunumlarımızı detaylı olarak inceleyiniz.', 4, '1', 5);

-- --------------------------------------------------------

--
-- Tablo için tablo yapısı `sube`
--

CREATE TABLE `sube` (
  `sube_id` int(11) NOT NULL,
  `sube_ad` varchar(250) COLLATE utf8_turkish_ci DEFAULT NULL,
  `sube_adres` varchar(500) COLLATE utf8_turkish_ci DEFAULT NULL,
  `sube_tel` varchar(50) COLLATE utf8_turkish_ci DEFAULT NULL,
  `sube_email` varchar(100) COLLATE utf8_turkish_ci DEFAULT NULL,
  `sube_harita` text COLLATE utf8_turkish_ci DEFAULT NULL,
  `sube_sira` int(4) NOT NULL DEFAULT 0,
  `sube_durum` enum('0','1') COLLATE utf8_turkish_ci NOT NULL DEFAULT '1',
  `sube_dil` int(11) NOT NULL DEFAULT 0
) ENGINE=InnoDB DEFAULT CHARSET=utf8 COLLATE=utf8_turkish_ci;

--
-- Tablo döküm verisi `sube`
--

INSERT INTO `sube` (`sube_id`, `sube_ad`, `sube_adres`, `sube_tel`, `sube_email`, `sube_harita`, `sube_sira`, `sube_durum`, `sube_dil`) VALUES
(5, 'Ankara', 'Kızılay Mah., Atatürk Blv. No:96, 06420 Çankaya/Ankara', '0535 555 55 55', 'demo@demo', ' &lt;iframe src=&quot;https://www.google.com/maps/embed?pb=!1m18!1m12!1m3!1d3059.886242366028!2d32.851208514799765!3d39.92156187942579!2m3!1f0!2f0!3f0!3m2!1i1024!2i768!4f13.1!3m3!1m2!1s0x14d34e4f53055555%3A0x130478f9cc41e467!2zS8SxesSxbGF5IEFWTQ!5e0!3m2!1str!2str!4v1540230486037&quot; width=&quot;600&quot; height=&quot;450&quot; frameborder=&quot;0&quot; style=&quot;border:0&quot; allowfullscreen&gt;&lt;/iframe&gt;', 2, '1', 5),
(6, 'İstanbul', 'Binbirdirek Mh., Sultan Ahmet Parkı No:2, 34122 Fatih/İstanbul', '0535 555 55 55', 'demo@demo.com', '&lt;iframe src=&quot;https://www.google.com/maps/embed?pb=!1m18!1m12!1m3!1d1505.4106010092594!2d28.97732605807152!3d41.007286494825216!2m3!1f0!2f0!3f0!3m2!1i1024!2i768!4f13.1!3m3!1m2!1s0x14cab9ed7c4b79d9%3A0x5ee51f40833177f0!2sSultanahmet+Meydan%C4%B1!5e0!3m2!1str!2str!4v1540230598090&quot; width=&quot;600&quot; height=&quot;450&quot; frameborder=&quot;0&quot; style=&quot;border:0&quot; allowfullscreen&gt;&lt;/iframe&gt;', 1, '1', 5),
(7, 'İzmir', 'Konak Mahallesi, 35360 Konak/İzmir', '0535 555 55 55', 'demo@demo.com', '&lt;iframe src=&quot;https://www.google.com/maps/embed?pb=!1m18!1m12!1m3!1d3125.976845351304!2d27.12651131474264!3d38.4188999796472!2m3!1f0!2f0!3f0!3m2!1i1024!2i768!4f13.1!3m3!1m2!1s0x14bbd8e22ff7592d%3A0xc3bdd7b1feef0b7a!2sKonak+Mahallesi%2C+%C4%B0zmir+Saat+Kulesi%2C+35360+Konak%2F%C4%B0zmir!5e0!3m2!1str!2str!4v1542577092143&quot; width=&quot;600&quot; height=&quot;450&quot; frameborder=&quot;0&quot; style=&quot;border:0&quot; allowfullscreen&gt;&lt;/iframe&gt;', 3, '1', 5);

-- --------------------------------------------------------

--
-- Tablo için tablo yapısı `urun`
--

CREATE TABLE `urun` (
  `urun_id` int(11) NOT NULL,
  `urun_ad` varchar(250) COLLATE utf8_turkish_ci DEFAULT NULL,
  `urun_kodu` varchar(50) COLLATE utf8_turkish_ci DEFAULT NULL,
  `urun_kategori` int(11) NOT NULL DEFAULT 0,
  `urun_stokdurum` enum('0','1','2') COLLATE utf8_turkish_ci NOT NULL DEFAULT '2',
  `urun_fiyat` varchar(50) COLLATE utf8_turkish_ci DEFAULT NULL,
  `urun_indirimfiyat` varchar(50) COLLATE utf8_turkish_ci DEFAULT NULL,
  `urun_parabirim` int(11) NOT NULL DEFAULT 0,
  `urun_kdvdurum` enum('0','1') COLLATE utf8_turkish_ci NOT NULL DEFAULT '0',
  `urun_satinal_url` varchar(250) COLLATE utf8_turkish_ci DEFAULT NULL,
  `urun_anasayfa` enum('0','1') COLLATE utf8_turkish_ci NOT NULL DEFAULT '1',
  `urun_sira` int(6) NOT NULL DEFAULT 0,
  `urun_durum` enum('0','1') COLLATE utf8_turkish_ci NOT NULL DEFAULT '1',
  `urun_yildiz` enum('0','1','2','3','4','5') COLLATE utf8_turkish_ci NOT NULL DEFAULT '0',
  `urun_resimyol` varchar(250) COLLATE utf8_turkish_ci DEFAULT NULL,
  `urun_thumbresimyol` varchar(250) COLLATE utf8_turkish_ci DEFAULT NULL,
  `urun_video_url` varchar(250) COLLATE utf8_turkish_ci DEFAULT NULL,
  `urun_kisaca` text COLLATE utf8_turkish_ci DEFAULT NULL,
  `urun_aciklama` text COLLATE utf8_turkish_ci DEFAULT NULL,
  `urun_title` varchar(100) COLLATE utf8_turkish_ci DEFAULT NULL,
  `urun_keywords` varchar(270) COLLATE utf8_turkish_ci DEFAULT NULL,
  `urun_description` varchar(320) COLLATE utf8_turkish_ci DEFAULT NULL,
  `urun_dil` int(11) NOT NULL DEFAULT 0
) ENGINE=InnoDB DEFAULT CHARSET=utf8 COLLATE=utf8_turkish_ci;

--
-- Tablo döküm verisi `urun`
--

INSERT INTO `urun` (`urun_id`, `urun_ad`, `urun_kodu`, `urun_kategori`, `urun_stokdurum`, `urun_fiyat`, `urun_indirimfiyat`, `urun_parabirim`, `urun_kdvdurum`, `urun_satinal_url`, `urun_anasayfa`, `urun_sira`, `urun_durum`, `urun_yildiz`, `urun_resimyol`, `urun_thumbresimyol`, `urun_video_url`, `urun_kisaca`, `urun_aciklama`, `urun_title`, `urun_keywords`, `urun_description`, `urun_dil`) VALUES
(2, 'Dekoratif - 3', 'D4567', 12, '0', '55.00', '44.00', 1, '1', 'https://www.shopier.com/web', '1', 3, '1', '4', 'images/urun/3824636992-5.jpg', 'images/urun/thumb/3824636992-5.jpg', 'https://www.youtube.com/watch?v=Xl8VmnrHVYA', 'Yinelenen bir sayfa içeriğinin okuyucunun dikkatini dağıttığı bilinen bir gerçektir. Lorem Ipsum kullanmanın amacı, sürekli \'buraya metin gelecek, buraya metin gelecek\'', '<p>Yinelenen bir sayfa i&ccedil;eriğinin okuyucunun dikkatini dağıttığı bilinen bir ger&ccedil;ektir. Lorem Ipsum kullanmanın amacı, s&uuml;rekli \'buraya metin gelecek, buraya metin gelecek\' yazmaya kıyasla daha dengeli bir harf dağılımı sağlayarak okunurluğu artırmasıdır. Şu anda bir&ccedil;ok masa&uuml;st&uuml; yayıncılık paketi ve web sayfa d&uuml;zenleyicisi, varsayılan mıgır metinler olarak Lorem Ipsum kullanmaktadır.</p>\r\n<p>Yinelenen bir sayfa i&ccedil;eriğinin okuyucunun dikkatini dağıttığı bilinen bir ger&ccedil;ektir. Lorem Ipsum kullanmanın amacı, s&uuml;rekli \'buraya metin gelecek, buraya metin gelecek\' yazmaya kıyasla daha dengeli bir harf dağılımı sağlayarak okunurluğu artırmasıdır. Şu anda bir&ccedil;ok masa&uuml;st&uuml; yayıncılık paketi ve web sayfa d&uuml;zenleyicisi, varsayılan mıgır metinler olarak Lorem Ipsum kullanmaktadır.</p>', 'Dekoratif - 3', 'Dekoratif,Obje', 'Yinelenen bir sayfa içeriğinin okuyucunun dikkatini dağıttığı bilinen bir gerçektir. Lorem Ipsum kullanmanın amacı', 5),
(3, 'Dekoratif - 6', 'D58796', 12, '1', '123.00', '99.00', 1, '1', 'https://www.shopier.com/web', '0', 6, '1', '3', 'images/urun/1393932568-u4.jpg', 'images/urun/thumb/1393932568-u4.jpg', 'https://www.youtube.com/watch?v=Xl8VmnrHVYA', 'Yinelenen bir sayfa içeriğinin okuyucunun dikkatini dağıttığı bilinen bir gerçektir. Lorem Ipsum kullanmanın amacı, sürekli \'buraya metin gelecek, buraya metin gelecek\'', '<p>Yinelenen bir sayfa i&ccedil;eriğinin okuyucunun dikkatini dağıttığı bilinen bir ger&ccedil;ektir. Lorem Ipsum kullanmanın amacı, s&uuml;rekli \'buraya metin gelecek, buraya metin gelecek\' yazmaya kıyasla daha dengeli bir harf dağılımı sağlayarak okunurluğu artırmasıdır. Şu anda bir&ccedil;ok masa&uuml;st&uuml; yayıncılık paketi ve web sayfa d&uuml;zenleyicisi, varsayılan mıgır metinler olarak Lorem Ipsum kullanmaktadır.</p>\r\n<p>Yinelenen bir sayfa i&ccedil;eriğinin okuyucunun dikkatini dağıttığı bilinen bir ger&ccedil;ektir. Lorem Ipsum kullanmanın amacı, s&uuml;rekli \'buraya metin gelecek, buraya metin gelecek\' yazmaya kıyasla daha dengeli bir harf dağılımı sağlayarak okunurluğu artırmasıdır. Şu anda bir&ccedil;ok masa&uuml;st&uuml; yayıncılık paketi ve web sayfa d&uuml;zenleyicisi, varsayılan mıgır metinler olarak Lorem Ipsum kullanmaktadır.</p>', 'Dekoratif - 6', 'dekoratif', 'Yinelenen bir sayfa içeriğinin okuyucunun dikkatini dağıttığı bilinen bir gerçektir. Lorem Ipsum kullanmanın amacı', 5),
(4, 'Sandalye - 5', '435435', 8, '2', '245.00', '196.00', 1, '0', 'https://www.shopier.com/web', '0', 5, '1', '5', 'images/urun/4987042708-3.jpg', 'images/urun/thumb/4987042708-3.jpg', 'https://www.youtube.com/watch?v=Xl8VmnrHVYA', 'Yinelenen bir sayfa içeriğinin okuyucunun dikkatini dağıttığı bilinen bir gerçektir. Lorem Ipsum kullanmanın amacı, sürekli \'buraya metin gelecek, buraya metin gelecek\'', '<p>Yinelenen bir sayfa i&ccedil;eriğinin okuyucunun dikkatini dağıttığı bilinen bir ger&ccedil;ektir. Lorem Ipsum kullanmanın amacı, s&uuml;rekli \'buraya metin gelecek, buraya metin gelecek\' yazmaya kıyasla daha dengeli bir harf dağılımı sağlayarak okunurluğu artırmasıdır. Şu anda bir&ccedil;ok masa&uuml;st&uuml; yayıncılık paketi ve web sayfa d&uuml;zenleyicisi, varsayılan mıgır metinler olarak Lorem Ipsum kullanmaktadır.</p>\r\n<p>Yinelenen bir sayfa i&ccedil;eriğinin okuyucunun dikkatini dağıttığı bilinen bir ger&ccedil;ektir. Lorem Ipsum kullanmanın amacı, s&uuml;rekli \'buraya metin gelecek, buraya metin gelecek\' yazmaya kıyasla daha dengeli bir harf dağılımı sağlayarak okunurluğu artırmasıdır. Şu anda bir&ccedil;ok masa&uuml;st&uuml; yayıncılık paketi ve web sayfa d&uuml;zenleyicisi, varsayılan mıgır metinler olarak Lorem Ipsum kullanmaktadır.</p>', 'Sandalye - 5', 'sandalye', 'Yinelenen bir sayfa içeriğinin okuyucunun dikkatini dağıttığı bilinen bir gerçektir. Lorem Ipsum kullanmanın amacı', 5),
(5, 'Dekoratif - 2', 'D1312', 12, '1', '142.00', '125.00', 1, '1', 'https://www.shopier.com/web', '1', 2, '1', '5', 'images/urun/4734331030-u2.jpg', 'images/urun/thumb/4734331030-u2.jpg', 'https://www.youtube.com/watch?v=Xl8VmnrHVYA', 'Yinelenen bir sayfa içeriğinin okuyucunun dikkatini dağıttığı bilinen bir gerçektir. Lorem Ipsum kullanmanın amacı, sürekli \'buraya metin gelecek, buraya metin gelecek\'', '<p>Yinelenen bir sayfa i&ccedil;eriğinin okuyucunun dikkatini dağıttığı bilinen bir ger&ccedil;ektir. Lorem Ipsum kullanmanın amacı, s&uuml;rekli \'buraya metin gelecek, buraya metin gelecek\' yazmaya kıyasla daha dengeli bir harf dağılımı sağlayarak okunurluğu artırmasıdır. Şu anda bir&ccedil;ok masa&uuml;st&uuml; yayıncılık paketi ve web sayfa d&uuml;zenleyicisi, varsayılan mıgır metinler olarak Lorem Ipsum kullanmaktadır.</p>\r\n<p>Yinelenen bir sayfa i&ccedil;eriğinin okuyucunun dikkatini dağıttığı bilinen bir ger&ccedil;ektir. Lorem Ipsum kullanmanın amacı, s&uuml;rekli \'buraya metin gelecek, buraya metin gelecek\' yazmaya kıyasla daha dengeli bir harf dağılımı sağlayarak okunurluğu artırmasıdır. Şu anda bir&ccedil;ok masa&uuml;st&uuml; yayıncılık paketi ve web sayfa d&uuml;zenleyicisi, varsayılan mıgır metinler olarak Lorem Ipsum kullanmaktadır.</p>', 'Dekoratif - 2', 'Dekoratif', 'Yinelenen bir sayfa içeriğinin okuyucunun dikkatini dağıttığı bilinen bir gerçektir. Lorem Ipsum kullanmanın amacı', 5),
(6, 'Sandalye - 3', 'S6367', 8, '0', '320.00', '290.00', 1, '1', 'https://www.shopier.com/web', '0', 3, '1', '5', 'images/urun/3691125178-u1.jpg', 'images/urun/thumb/3691125178-u1.jpg', 'https://www.youtube.com/watch?v=Xl8VmnrHVYA', 'Yinelenen bir sayfa içeriğinin okuyucunun dikkatini dağıttığı bilinen bir gerçektir. Lorem Ipsum kullanmanın amacı, sürekli \'buraya metin gelecek, buraya metin gelecek\'', '<p>Yinelenen bir sayfa i&ccedil;eriğinin okuyucunun dikkatini dağıttığı bilinen bir ger&ccedil;ektir. Lorem Ipsum kullanmanın amacı, s&uuml;rekli \'buraya metin gelecek, buraya metin gelecek\' yazmaya kıyasla daha dengeli bir harf dağılımı sağlayarak okunurluğu artırmasıdır. Şu anda bir&ccedil;ok masa&uuml;st&uuml; yayıncılık paketi ve web sayfa d&uuml;zenleyicisi, varsayılan mıgır metinler olarak Lorem Ipsum kullanmaktadır.</p>\r\n<p>Yinelenen bir sayfa i&ccedil;eriğinin okuyucunun dikkatini dağıttığı bilinen bir ger&ccedil;ektir. Lorem Ipsum kullanmanın amacı, s&uuml;rekli \'buraya metin gelecek, buraya metin gelecek\' yazmaya kıyasla daha dengeli bir harf dağılımı sağlayarak okunurluğu artırmasıdır. Şu anda bir&ccedil;ok masa&uuml;st&uuml; yayıncılık paketi ve web sayfa d&uuml;zenleyicisi, varsayılan mıgır metinler olarak Lorem Ipsum kullanmaktadır.</p>', 'Sandalye - 3', 'sandalye', 'Yinelenen bir sayfa içeriğinin okuyucunun dikkatini dağıttığı bilinen bir gerçektir. Lorem Ipsum kullanmanın amacı', 5),
(7, 'Dekoratif - 1', 'D33445', 12, '1', '185.00', '165.00', 1, '0', 'https://www.shopier.com/web', '1', 1, '1', '5', 'images/urun/4051721977-9.jpg', 'images/urun/thumb/4051721977-9.jpg', 'https://www.youtube.com/watch?v=Xl8VmnrHVYA', 'Yinelenen bir sayfa içeriğinin okuyucunun dikkatini dağıttığı bilinen bir gerçektir. Lorem Ipsum kullanmanın amacı, sürekli \'buraya metin gelecek, buraya metin gelecek\'', '<p>Yinelenen bir sayfa i&ccedil;eriğinin okuyucunun dikkatini dağıttığı bilinen bir ger&ccedil;ektir. Lorem Ipsum kullanmanın amacı, s&uuml;rekli \'buraya metin gelecek, buraya metin gelecek\' yazmaya kıyasla daha dengeli bir harf dağılımı sağlayarak okunurluğu artırmasıdır. Şu anda bir&ccedil;ok masa&uuml;st&uuml; yayıncılık paketi ve web sayfa d&uuml;zenleyicisi, varsayılan mıgır metinler olarak Lorem Ipsum kullanmaktadır.</p>\r\n<p>Yinelenen bir sayfa i&ccedil;eriğinin okuyucunun dikkatini dağıttığı bilinen bir ger&ccedil;ektir. Lorem Ipsum kullanmanın amacı, s&uuml;rekli \'buraya metin gelecek, buraya metin gelecek\' yazmaya kıyasla daha dengeli bir harf dağılımı sağlayarak okunurluğu artırmasıdır. Şu anda bir&ccedil;ok masa&uuml;st&uuml; yayıncılık paketi ve web sayfa d&uuml;zenleyicisi, varsayılan mıgır metinler olarak Lorem Ipsum kullanmaktadır.</p>', 'Dekoratif - 1', 'dekoratif', 'Yinelenen bir sayfa içeriğinin okuyucunun dikkatini dağıttığı bilinen bir gerçektir. Lorem Ipsum kullanmanın amacı', 5),
(8, 'Sandalye - 1', 'S2361', 8, '1', '450.00', '420.00', 1, '1', 'https://www.shopier.com/web', '1', 1, '1', '5', 'images/urun/1812137171-6.jpg', 'images/urun/thumb/1812137171-6.jpg', 'https://www.youtube.com/watch?v=Xl8VmnrHVYA', 'Yinelenen bir sayfa içeriğinin okuyucunun dikkatini dağıttığı bilinen bir gerçektir. Lorem Ipsum kullanmanın amacı, sürekli \'buraya metin gelecek, buraya metin gelecek\'', '<p>Yinelenen bir sayfa i&ccedil;eriğinin okuyucunun dikkatini dağıttığı bilinen bir ger&ccedil;ektir. Lorem Ipsum kullanmanın amacı, s&uuml;rekli \'buraya metin gelecek, buraya metin gelecek\' yazmaya kıyasla daha dengeli bir harf dağılımı sağlayarak okunurluğu artırmasıdır. Şu anda bir&ccedil;ok masa&uuml;st&uuml; yayıncılık paketi ve web sayfa d&uuml;zenleyicisi, varsayılan mıgır metinler olarak Lorem Ipsum kullanmaktadır.</p>\r\n<p>Yinelenen bir sayfa i&ccedil;eriğinin okuyucunun dikkatini dağıttığı bilinen bir ger&ccedil;ektir. Lorem Ipsum kullanmanın amacı, s&uuml;rekli \'buraya metin gelecek, buraya metin gelecek\' yazmaya kıyasla daha dengeli bir harf dağılımı sağlayarak okunurluğu artırmasıdır. Şu anda bir&ccedil;ok masa&uuml;st&uuml; yayıncılık paketi ve web sayfa d&uuml;zenleyicisi, varsayılan mıgır metinler olarak Lorem Ipsum kullanmaktadır.</p>', 'Sandalye - 1', 'sandalye', 'Yinelenen bir sayfa içeriğinin okuyucunun dikkatini dağıttığı bilinen bir gerçektir. Lorem Ipsum kullanmanın amacı', 5),
(9, 'Sandalye - 2', 'S98763', 8, '0', '325.00', '295.00', 1, '1', 'https://www.shopier.com/web', '1', 2, '1', '5', 'images/urun/2559829017-7.jpg', 'images/urun/thumb/2559829017-7.jpg', 'https://www.youtube.com/watch?v=Xl8VmnrHVYA', 'Yinelenen bir sayfa içeriğinin okuyucunun dikkatini dağıttığı bilinen bir gerçektir. Lorem Ipsum kullanmanın amacı, sürekli \'buraya metin gelecek, buraya metin gelecek\'', '<p>Yinelenen bir sayfa i&ccedil;eriğinin okuyucunun dikkatini dağıttığı bilinen bir ger&ccedil;ektir. Lorem Ipsum kullanmanın amacı, s&uuml;rekli \'buraya metin gelecek, buraya metin gelecek\' yazmaya kıyasla daha dengeli bir harf dağılımı sağlayarak okunurluğu artırmasıdır. Şu anda bir&ccedil;ok masa&uuml;st&uuml; yayıncılık paketi ve web sayfa d&uuml;zenleyicisi, varsayılan mıgır metinler olarak Lorem Ipsum kullanmaktadır.</p>\r\n<p>Yinelenen bir sayfa i&ccedil;eriğinin okuyucunun dikkatini dağıttığı bilinen bir ger&ccedil;ektir. Lorem Ipsum kullanmanın amacı, s&uuml;rekli \'buraya metin gelecek, buraya metin gelecek\' yazmaya kıyasla daha dengeli bir harf dağılımı sağlayarak okunurluğu artırmasıdır. Şu anda bir&ccedil;ok masa&uuml;st&uuml; yayıncılık paketi ve web sayfa d&uuml;zenleyicisi, varsayılan mıgır metinler olarak Lorem Ipsum kullanmaktadır.</p>', 'Sandalye - 2', 'sandalye', 'Yinelenen bir sayfa içeriğinin okuyucunun dikkatini dağıttığı bilinen bir gerçektir. Lorem Ipsum kullanmanın amacı', 5),
(10, 'Sandalye - 4', 'S73456', 8, '1', '245.00', '215.00', 1, '0', 'https://www.shopier.com/web', '0', 4, '1', '4', 'images/urun/4539536172-12.jpg', 'images/urun/thumb/4539536172-12.jpg', 'https://www.youtube.com/watch?v=Xl8VmnrHVYA', 'Yinelenen bir sayfa içeriğinin okuyucunun dikkatini dağıttığı bilinen bir gerçektir. Lorem Ipsum kullanmanın amacı, sürekli \'buraya metin gelecek, buraya metin gelecek\'', '<p>Yinelenen bir sayfa i&ccedil;eriğinin okuyucunun dikkatini dağıttığı bilinen bir ger&ccedil;ektir. Lorem Ipsum kullanmanın amacı, s&uuml;rekli \'buraya metin gelecek, buraya metin gelecek\' yazmaya kıyasla daha dengeli bir harf dağılımı sağlayarak okunurluğu artırmasıdır. Şu anda bir&ccedil;ok masa&uuml;st&uuml; yayıncılık paketi ve web sayfa d&uuml;zenleyicisi, varsayılan mıgır metinler olarak Lorem Ipsum kullanmaktadır.</p>\r\n<p>Yinelenen bir sayfa i&ccedil;eriğinin okuyucunun dikkatini dağıttığı bilinen bir ger&ccedil;ektir. Lorem Ipsum kullanmanın amacı, s&uuml;rekli \'buraya metin gelecek, buraya metin gelecek\' yazmaya kıyasla daha dengeli bir harf dağılımı sağlayarak okunurluğu artırmasıdır. Şu anda bir&ccedil;ok masa&uuml;st&uuml; yayıncılık paketi ve web sayfa d&uuml;zenleyicisi, varsayılan mıgır metinler olarak Lorem Ipsum kullanmaktadır.</p>', 'Sandalye - 4', 'sandalye', 'Yinelenen bir sayfa içeriğinin okuyucunun dikkatini dağıttığı bilinen bir gerçektir. Lorem Ipsum kullanmanın amacı', 5),
(11, 'Dekoratif - 4', 'D21784', 12, '1', '150.00', '125.00', 1, '1', 'https://www.shopier.com/web', '0', 4, '1', '5', 'images/urun/3780445076-11.jpg', 'images/urun/thumb/3780445076-11.jpg', 'https://www.youtube.com/watch?v=Xl8VmnrHVYA', 'Yinelenen bir sayfa içeriğinin okuyucunun dikkatini dağıttığı bilinen bir gerçektir. Lorem Ipsum kullanmanın amacı, sürekli \'buraya metin gelecek, buraya metin gelecek\'', '<p>Yinelenen bir sayfa i&ccedil;eriğinin okuyucunun dikkatini dağıttığı bilinen bir ger&ccedil;ektir. Lorem Ipsum kullanmanın amacı, s&uuml;rekli \'buraya metin gelecek, buraya metin gelecek\' yazmaya kıyasla daha dengeli bir harf dağılımı sağlayarak okunurluğu artırmasıdır. Şu anda bir&ccedil;ok masa&uuml;st&uuml; yayıncılık paketi ve web sayfa d&uuml;zenleyicisi, varsayılan mıgır metinler olarak Lorem Ipsum kullanmaktadır.</p>\r\n<p>Yinelenen bir sayfa i&ccedil;eriğinin okuyucunun dikkatini dağıttığı bilinen bir ger&ccedil;ektir. Lorem Ipsum kullanmanın amacı, s&uuml;rekli \'buraya metin gelecek, buraya metin gelecek\' yazmaya kıyasla daha dengeli bir harf dağılımı sağlayarak okunurluğu artırmasıdır. Şu anda bir&ccedil;ok masa&uuml;st&uuml; yayıncılık paketi ve web sayfa d&uuml;zenleyicisi, varsayılan mıgır metinler olarak Lorem Ipsum kullanmaktadır.</p>', 'Dekoratif - 4', 'Dekoratif', 'Yinelenen bir sayfa içeriğinin okuyucunun dikkatini dağıttığı bilinen bir gerçektir. Lorem Ipsum kullanmanın amacı', 5),
(12, 'Dekoratif - 5', 'D66443', 12, '1', '140.00', '112.00', 1, '1', 'https://www.shopier.com/web', '0', 5, '1', '3', 'images/urun/3956943726-8.jpg', 'images/urun/thumb/3956943726-8.jpg', 'https://www.youtube.com/watch?v=Xl8VmnrHVYA', 'Yinelenen bir sayfa içeriğinin okuyucunun dikkatini dağıttığı bilinen bir gerçektir. Lorem Ipsum kullanmanın amacı, sürekli \'buraya metin gelecek, buraya metin gelecek\'', '<p>Yinelenen bir sayfa i&ccedil;eriğinin okuyucunun dikkatini dağıttığı bilinen bir ger&ccedil;ektir. Lorem Ipsum kullanmanın amacı, s&uuml;rekli \'buraya metin gelecek, buraya metin gelecek\' yazmaya kıyasla daha dengeli bir harf dağılımı sağlayarak okunurluğu artırmasıdır. Şu anda bir&ccedil;ok masa&uuml;st&uuml; yayıncılık paketi ve web sayfa d&uuml;zenleyicisi, varsayılan mıgır metinler olarak Lorem Ipsum kullanmaktadır.</p>\r\n<p>Yinelenen bir sayfa i&ccedil;eriğinin okuyucunun dikkatini dağıttığı bilinen bir ger&ccedil;ektir. Lorem Ipsum kullanmanın amacı, s&uuml;rekli \'buraya metin gelecek, buraya metin gelecek\' yazmaya kıyasla daha dengeli bir harf dağılımı sağlayarak okunurluğu artırmasıdır. Şu anda bir&ccedil;ok masa&uuml;st&uuml; yayıncılık paketi ve web sayfa d&uuml;zenleyicisi, varsayılan mıgır metinler olarak Lorem Ipsum kullanmaktadır.</p>', 'Dekoratif - 5', 'dekoratif', 'Yinelenen bir sayfa içeriğinin okuyucunun dikkatini dağıttığı bilinen bir gerçektir. Lorem Ipsum kullanmanın amacı', 5),
(13, 'Sandalye - 6', 'S54611', 8, '1', '322.00', '287.00', 1, '1', 'https://www.shopier.com/web', '1', 6, '1', '5', 'images/urun/3608433224-10.jpg', 'images/urun/thumb/3608433224-10.jpg', 'https://www.youtube.com/watch?v=Xl8VmnrHVYA', 'Yinelenen bir sayfa içeriğinin okuyucunun dikkatini dağıttığı bilinen bir gerçektir. Lorem Ipsum kullanmanın amacı, sürekli \'buraya metin gelecek, buraya metin gelecek\'', '<p>Yinelenen bir sayfa i&ccedil;eriğinin okuyucunun dikkatini dağıttığı bilinen bir ger&ccedil;ektir. Lorem Ipsum kullanmanın amacı, s&uuml;rekli \'buraya metin gelecek, buraya metin gelecek\' yazmaya kıyasla daha dengeli bir harf dağılımı sağlayarak okunurluğu artırmasıdır. Şu anda bir&ccedil;ok masa&uuml;st&uuml; yayıncılık paketi ve web sayfa d&uuml;zenleyicisi, varsayılan mıgır metinler olarak Lorem Ipsum kullanmaktadır.</p>\r\n<p>Yinelenen bir sayfa i&ccedil;eriğinin okuyucunun dikkatini dağıttığı bilinen bir ger&ccedil;ektir. Lorem Ipsum kullanmanın amacı, s&uuml;rekli \'buraya metin gelecek, buraya metin gelecek\' yazmaya kıyasla daha dengeli bir harf dağılımı sağlayarak okunurluğu artırmasıdır. Şu anda bir&ccedil;ok masa&uuml;st&uuml; yayıncılık paketi ve web sayfa d&uuml;zenleyicisi, varsayılan mıgır metinler olarak Lorem Ipsum kullanmaktadır.</p>', 'Sandalye - 6', 'sandalye', 'Yinelenen bir sayfa içeriğinin okuyucunun dikkatini dağıttığı bilinen bir gerçektir. Lorem Ipsum kullanmanın amacı', 5);

-- --------------------------------------------------------

--
-- Tablo için tablo yapısı `urungaleri`
--

CREATE TABLE `urungaleri` (
  `urungaleri_id` int(11) NOT NULL,
  `urun_id` int(11) NOT NULL DEFAULT 0,
  `urungaleri_resimyol` varchar(250) COLLATE utf8_turkish_ci DEFAULT NULL
) ENGINE=InnoDB DEFAULT CHARSET=utf8 COLLATE=utf8_turkish_ci;

--
-- Tablo döküm verisi `urungaleri`
--

INSERT INTO `urungaleri` (`urungaleri_id`, `urun_id`, `urungaleri_resimyol`) VALUES
(6, 7, 'images/urun/1080933911-p1.jpg'),
(7, 7, 'images/urun/3277740899-p2.jpg'),
(8, 7, 'images/urun/4888440198-p3.jpg'),
(9, 7, 'images/urun/2537524043-p4.jpg'),
(10, 8, 'images/urun/4575441541-p1.jpg'),
(11, 8, 'images/urun/2473128297-p2.jpg'),
(12, 8, 'images/urun/2423722534-p3.jpg'),
(13, 8, 'images/urun/1633043852-p4.jpg'),
(14, 5, 'images/urun/1798845793-p4.jpg'),
(15, 5, 'images/urun/3379540618-p1.jpg'),
(16, 5, 'images/urun/2579848339-p2.jpg'),
(17, 5, 'images/urun/1614623135-p3.jpg'),
(18, 9, 'images/urun/1175921179-p1.jpg'),
(19, 9, 'images/urun/2960424459-p4.jpg'),
(20, 9, 'images/urun/2985239595-p2.jpg'),
(21, 9, 'images/urun/4300115872-p3.jpg'),
(22, 2, 'images/urun/3839526975-p1.jpg'),
(23, 2, 'images/urun/1333043048-p4.jpg'),
(24, 2, 'images/urun/3410525664-p2.jpg'),
(25, 2, 'images/urun/1168715203-p3.jpg'),
(26, 6, 'images/urun/3245241756-p1.jpg'),
(27, 6, 'images/urun/2291540309-p4.jpg'),
(28, 6, 'images/urun/1765535093-p2.jpg'),
(29, 6, 'images/urun/1560815081-p3.jpg'),
(30, 10, 'images/urun/1268129270-p1.jpg'),
(31, 10, 'images/urun/1210914991-p4.jpg'),
(32, 10, 'images/urun/2925221631-p2.jpg'),
(33, 10, 'images/urun/3851344257-p3.jpg'),
(34, 11, 'images/urun/3466325846-p4.jpg'),
(35, 11, 'images/urun/1783313269-p1.jpg'),
(36, 11, 'images/urun/4415331478-p2.jpg'),
(37, 11, 'images/urun/1764539029-p3.jpg'),
(38, 4, 'images/urun/4432731622-p1.jpg'),
(39, 4, 'images/urun/2665637503-p4.jpg'),
(40, 4, 'images/urun/1627745497-p2.jpg'),
(41, 4, 'images/urun/3158641035-p3.jpg'),
(42, 12, 'images/urun/1484811070-p1.jpg'),
(43, 12, 'images/urun/3790245721-p4.jpg'),
(44, 12, 'images/urun/3863515062-p2.jpg'),
(45, 12, 'images/urun/1982341402-p3.jpg'),
(46, 3, 'images/urun/3031941673-p4.jpg'),
(47, 3, 'images/urun/1998042941-p1.jpg'),
(48, 3, 'images/urun/3110733877-p2.jpg'),
(49, 3, 'images/urun/1497848925-p3.jpg'),
(50, 13, 'images/urun/4265849109-p1.jpg'),
(51, 13, 'images/urun/3347225983-p4.jpg'),
(52, 13, 'images/urun/1418832212-p2.jpg'),
(53, 13, 'images/urun/2905535834-p3.jpg');

-- --------------------------------------------------------

--
-- Tablo için tablo yapısı `urunhizmet`
--

CREATE TABLE `urunhizmet` (
  `urunhizmet_id` int(11) NOT NULL,
  `urunhizmet_ikon` varchar(100) COLLATE utf8_turkish_ci DEFAULT NULL,
  `urunhizmet_ad` varchar(100) COLLATE utf8_turkish_ci DEFAULT NULL,
  `urunhizmet_aciklama` varchar(200) COLLATE utf8_turkish_ci DEFAULT NULL,
  `urunhizmet_sira` int(4) NOT NULL DEFAULT 0,
  `urunhizmet_durum` enum('0','1') COLLATE utf8_turkish_ci NOT NULL DEFAULT '1',
  `urunhizmet_dil` int(11) NOT NULL DEFAULT 0
) ENGINE=InnoDB DEFAULT CHARSET=utf8 COLLATE=utf8_turkish_ci;

--
-- Tablo döküm verisi `urunhizmet`
--

INSERT INTO `urunhizmet` (`urunhizmet_id`, `urunhizmet_ikon`, `urunhizmet_ad`, `urunhizmet_aciklama`, `urunhizmet_sira`, `urunhizmet_durum`, `urunhizmet_dil`) VALUES
(2, 'fa-life-bouy', '7/24 Müşteri Hizmeti', '7/24 Hizmet Vermekteyiz', 3, '1', 5),
(4, 'fa-truck', 'Ücretsiz Kargo İmkanı', '200 TL Ve Üzeri Ücretsiz Kargo', 2, '1', 5),
(5, 'fa-retweet', 'Para İade Garantisi', '100%  Para İade Garantisi', 1, '1', 5);

-- --------------------------------------------------------

--
-- Tablo için tablo yapısı `urunkategori`
--

CREATE TABLE `urunkategori` (
  `urunkategori_id` int(11) NOT NULL,
  `urunkategori_ad` varchar(60) COLLATE utf8_turkish_ci DEFAULT NULL,
  `urunkategori_sira` int(8) NOT NULL DEFAULT 0,
  `urunkategori_kapakresimyol` varchar(250) COLLATE utf8_turkish_ci DEFAULT NULL,
  `urunkategori_headerresimyol` varchar(250) COLLATE utf8_turkish_ci DEFAULT NULL,
  `urunkategori_title` varchar(250) COLLATE utf8_turkish_ci DEFAULT NULL,
  `urunkategori_keywords` varchar(250) COLLATE utf8_turkish_ci DEFAULT NULL,
  `urunkategori_description` varchar(500) COLLATE utf8_turkish_ci DEFAULT NULL,
  `urunkategori_durum` enum('0','1') COLLATE utf8_turkish_ci NOT NULL DEFAULT '1',
  `urunkategori_dil` int(11) NOT NULL DEFAULT 0
) ENGINE=InnoDB DEFAULT CHARSET=utf8 COLLATE=utf8_turkish_ci;

--
-- Tablo döküm verisi `urunkategori`
--

INSERT INTO `urunkategori` (`urunkategori_id`, `urunkategori_ad`, `urunkategori_sira`, `urunkategori_kapakresimyol`, `urunkategori_headerresimyol`, `urunkategori_title`, `urunkategori_keywords`, `urunkategori_description`, `urunkategori_durum`, `urunkategori_dil`) VALUES
(8, 'Sandalyeler', 1, 'images/urun/1002041707-k1.jpg', 'images/urun/3168132664-header-1.jpg', 'Sandalyeler', 'Sandalye,Ahşap,Koltuk,Mobilya', 'Yinelenen bir sayfa içeriğinin okuyucunun dikkatini dağıttığı bilinen bir gerçektir. Lorem Ipsum kullanmanın amacı', '1', 5),
(12, 'Dekoratif Objeler', 2, 'images/urun/2721831209-k2.jpg', 'images/urun/4164945454-header-3.jpg', 'Dekoratif Objeler', 'dekorasyon,mobilya', 'Yinelenen bir sayfa içeriğinin okuyucunun dikkatini dağıttığı bilinen bir gerçektir. Lorem Ipsum kullanmanın amacı', '1', 5);

-- --------------------------------------------------------

--
-- Tablo için tablo yapısı `video`
--

CREATE TABLE `video` (
  `video_id` int(11) NOT NULL,
  `video_ad` varchar(250) COLLATE utf8_turkish_ci DEFAULT NULL,
  `video_url` varchar(250) COLLATE utf8_turkish_ci DEFAULT NULL,
  `video_sira` int(4) NOT NULL DEFAULT 0,
  `video_resimyol` varchar(250) COLLATE utf8_turkish_ci DEFAULT NULL,
  `video_durum` enum('0','1') COLLATE utf8_turkish_ci NOT NULL DEFAULT '1',
  `video_dil` int(11) NOT NULL DEFAULT 0
) ENGINE=InnoDB DEFAULT CHARSET=utf8 COLLATE=utf8_turkish_ci;

--
-- Tablo döküm verisi `video`
--

INSERT INTO `video` (`video_id`, `video_ad`, `video_url`, `video_sira`, `video_resimyol`, `video_durum`, `video_dil`) VALUES
(1, 'Video 1', 'https://www.youtube.com/watch?v=B_8gu2cnWgw', 1, 'images/video/1551825994-video1.jpg', '1', 5),
(3, 'Video 3', 'https://www.youtube.com/watch?v=9m_K2Yg7wGQ', 3, 'images/video/4962830112-video3.jpg', '1', 5),
(7, 'Video 2', 'https://www.youtube.com/watch?v=nv99nsOTRl8', 2, 'images/video/4447915129-video2.jpg', '1', 5);

-- --------------------------------------------------------

--
-- Tablo için tablo yapısı `yorum`
--

CREATE TABLE `yorum` (
  `yorum_id` int(11) NOT NULL,
  `yorum_ad` varchar(80) COLLATE utf8_turkish_ci DEFAULT NULL,
  `yorum_aciklama` text COLLATE utf8_turkish_ci DEFAULT NULL,
  `yorum_gorev` varchar(250) COLLATE utf8_turkish_ci DEFAULT NULL,
  `yorum_resimyol` varchar(250) COLLATE utf8_turkish_ci DEFAULT NULL,
  `yorum_sira` int(4) NOT NULL DEFAULT 0,
  `yorum_durum` enum('0','1') COLLATE utf8_turkish_ci NOT NULL DEFAULT '1',
  `yorum_dil` int(11) NOT NULL DEFAULT 0
) ENGINE=InnoDB DEFAULT CHARSET=utf8 COLLATE=utf8_turkish_ci;

--
-- Dökümü yapılmış tablolar için indeksler
--

--
-- Tablo için indeksler `api`
--
ALTER TABLE `api`
  ADD PRIMARY KEY (`api_id`);

--
-- Tablo için indeksler `ayar`
--
ALTER TABLE `ayar`
  ADD PRIMARY KEY (`ayar_id`);

--
-- Tablo için indeksler `banner`
--
ALTER TABLE `banner`
  ADD PRIMARY KEY (`banner_id`);

--
-- Tablo için indeksler `bayi`
--
ALTER TABLE `bayi`
  ADD PRIMARY KEY (`bayi_id`),
  ADD KEY `langbayi` (`bayi_dil`);

--
-- Tablo için indeksler `belge`
--
ALTER TABLE `belge`
  ADD PRIMARY KEY (`belge_id`),
  ADD KEY `langbelge` (`belge_dil`);

--
-- Tablo için indeksler `blog`
--
ALTER TABLE `blog`
  ADD PRIMARY KEY (`blog_id`),
  ADD KEY `langblog` (`blog_dil`);

--
-- Tablo için indeksler `bloggoruntu`
--
ALTER TABLE `bloggoruntu`
  ADD PRIMARY KEY (`bloggoruntu_id`);

--
-- Tablo için indeksler `counter`
--
ALTER TABLE `counter`
  ADD PRIMARY KEY (`counter_id`),
  ADD KEY `langcounter` (`counter_dil`);

--
-- Tablo için indeksler `dil`
--
ALTER TABLE `dil`
  ADD PRIMARY KEY (`dil_id`);

--
-- Tablo için indeksler `duyuru`
--
ALTER TABLE `duyuru`
  ADD PRIMARY KEY (`duyuru_id`),
  ADD KEY `langduyuru` (`duyuru_dil`);

--
-- Tablo için indeksler `duyurugoruntu`
--
ALTER TABLE `duyurugoruntu`
  ADD PRIMARY KEY (`duyurugoruntu_id`);

--
-- Tablo için indeksler `ebulten`
--
ALTER TABLE `ebulten`
  ADD PRIMARY KEY (`ebulten_id`);

--
-- Tablo için indeksler `ekatalog`
--
ALTER TABLE `ekatalog`
  ADD PRIMARY KEY (`ekatalog_id`),
  ADD KEY `langekatalog` (`ekatalog_dil`);

--
-- Tablo için indeksler `ekip`
--
ALTER TABLE `ekip`
  ADD PRIMARY KEY (`ekip_id`),
  ADD KEY `langekip` (`ekip_dil`);

--
-- Tablo için indeksler `ekipsosyal`
--
ALTER TABLE `ekipsosyal`
  ADD PRIMARY KEY (`ekipsosyal_id`),
  ADD KEY `ekipsosyalmedya` (`ekipsosyal_ekipid`);

--
-- Tablo için indeksler `footer`
--
ALTER TABLE `footer`
  ADD PRIMARY KEY (`footer_id`),
  ADD KEY `footerlang` (`footer_dil`);

--
-- Tablo için indeksler `footermenu`
--
ALTER TABLE `footermenu`
  ADD PRIMARY KEY (`footermenu_id`),
  ADD KEY `langfootermenu` (`footermenu_dil`);

--
-- Tablo için indeksler `foto`
--
ALTER TABLE `foto`
  ADD PRIMARY KEY (`foto_id`),
  ADD KEY `fotokategorix` (`foto_kategori`);

--
-- Tablo için indeksler `fotokategori`
--
ALTER TABLE `fotokategori`
  ADD PRIMARY KEY (`fotokategori_id`),
  ADD KEY `langrefkategori` (`fotokategori_dil`);

--
-- Tablo için indeksler `gelenmesaj`
--
ALTER TABLE `gelenmesaj`
  ADD PRIMARY KEY (`gelenmesaj_id`);

--
-- Tablo için indeksler `hit`
--
ALTER TABLE `hit`
  ADD PRIMARY KEY (`id`);

--
-- Tablo için indeksler `hizmet`
--
ALTER TABLE `hizmet`
  ADD PRIMARY KEY (`hizmet_id`),
  ADD KEY `langhizmet` (`hizmet_dil`);

--
-- Tablo için indeksler `iletisim`
--
ALTER TABLE `iletisim`
  ADD PRIMARY KEY (`iletisim_id`),
  ADD KEY `langiletisim` (`iletisim_dil`);

--
-- Tablo için indeksler `insankaynak`
--
ALTER TABLE `insankaynak`
  ADD PRIMARY KEY (`insankaynak_id`);

--
-- Tablo için indeksler `insankaynakaciklama`
--
ALTER TABLE `insankaynakaciklama`
  ADD PRIMARY KEY (`insankaynakaciklama_id`);

--
-- Tablo için indeksler `marka`
--
ALTER TABLE `marka`
  ADD PRIMARY KEY (`marka_id`);

--
-- Tablo için indeksler `menu`
--
ALTER TABLE `menu`
  ADD PRIMARY KEY (`menu_id`),
  ADD KEY `langmenu` (`menu_dil`);

--
-- Tablo için indeksler `meta`
--
ALTER TABLE `meta`
  ADD PRIMARY KEY (`meta_id`),
  ADD KEY `langmeta` (`meta_dil`);

--
-- Tablo için indeksler `modul`
--
ALTER TABLE `modul`
  ADD PRIMARY KEY (`modul_id`);

--
-- Tablo için indeksler `modulsort`
--
ALTER TABLE `modulsort`
  ADD PRIMARY KEY (`modulsort_id`),
  ADD UNIQUE KEY `modulsort_sid` (`modulsort_sid`);

--
-- Tablo için indeksler `paket`
--
ALTER TABLE `paket`
  ADD PRIMARY KEY (`paket_id`),
  ADD KEY `langpaket` (`paket_dil`),
  ADD KEY `langpaketkat` (`paket_kategori`);

--
-- Tablo için indeksler `paketkategori`
--
ALTER TABLE `paketkategori`
  ADD PRIMARY KEY (`paketkategori_id`),
  ADD KEY `langrefkategori` (`paketkategori_dil`);

--
-- Tablo için indeksler `paketozellik`
--
ALTER TABLE `paketozellik`
  ADD PRIMARY KEY (`paketozellik_id`),
  ADD KEY `langrefkategori` (`paketozellik_dil`);

--
-- Tablo için indeksler `parabirim`
--
ALTER TABLE `parabirim`
  ADD PRIMARY KEY (`parabirim_id`),
  ADD KEY `langparabirim` (`parabirim_dil`);

--
-- Tablo için indeksler `proje`
--
ALTER TABLE `proje`
  ADD PRIMARY KEY (`proje_id`),
  ADD KEY `langproje` (`proje_dil`),
  ADD KEY `langprojekat` (`proje_kategori`);

--
-- Tablo için indeksler `projegaleri`
--
ALTER TABLE `projegaleri`
  ADD PRIMARY KEY (`projegaleri_id`),
  ADD KEY `projegaleris` (`proje_id`);

--
-- Tablo için indeksler `projekategori`
--
ALTER TABLE `projekategori`
  ADD PRIMARY KEY (`projekategori_id`),
  ADD KEY `langrefkategori` (`projekategori_dil`);

--
-- Tablo için indeksler `referans`
--
ALTER TABLE `referans`
  ADD PRIMARY KEY (`referans_id`),
  ADD KEY `langreferans` (`referans_dil`),
  ADD KEY `referanskat` (`referans_kategoriid`);

--
-- Tablo için indeksler `referanskategori`
--
ALTER TABLE `referanskategori`
  ADD PRIMARY KEY (`referanskategori_id`),
  ADD KEY `langrefkategori` (`referanskategori_dil`);

--
-- Tablo için indeksler `rehber`
--
ALTER TABLE `rehber`
  ADD PRIMARY KEY (`rehber_id`);

--
-- Tablo için indeksler `resimoptimize`
--
ALTER TABLE `resimoptimize`
  ADD PRIMARY KEY (`optimize_id`);

--
-- Tablo için indeksler `sayfa`
--
ALTER TABLE `sayfa`
  ADD PRIMARY KEY (`sayfa_id`),
  ADD KEY `langsayfa` (`sayfa_dil`);

--
-- Tablo için indeksler `seo`
--
ALTER TABLE `seo`
  ADD PRIMARY KEY (`seo_id`),
  ADD KEY `langseo` (`seo_dil`);

--
-- Tablo için indeksler `siparis`
--
ALTER TABLE `siparis`
  ADD PRIMARY KEY (`siparis_id`);

--
-- Tablo için indeksler `sitebakim`
--
ALTER TABLE `sitebakim`
  ADD PRIMARY KEY (`sitebakim_id`),
  ADD KEY `langsitebakim` (`sitebakim_dil`);

--
-- Tablo için indeksler `sitemap`
--
ALTER TABLE `sitemap`
  ADD PRIMARY KEY (`sitemap_id`);

--
-- Tablo için indeksler `slider`
--
ALTER TABLE `slider`
  ADD PRIMARY KEY (`slider_id`),
  ADD KEY `langslider` (`slider_dil`);

--
-- Tablo için indeksler `slogan`
--
ALTER TABLE `slogan`
  ADD PRIMARY KEY (`slogan_id`),
  ADD KEY `sloganlang` (`slogan_dil`);

--
-- Tablo için indeksler `sosyal`
--
ALTER TABLE `sosyal`
  ADD PRIMARY KEY (`sosyal_id`);

--
-- Tablo için indeksler `sss`
--
ALTER TABLE `sss`
  ADD PRIMARY KEY (`sss_id`),
  ADD KEY `langsss` (`sss_dil`);

--
-- Tablo için indeksler `sube`
--
ALTER TABLE `sube`
  ADD PRIMARY KEY (`sube_id`),
  ADD KEY `langsube` (`sube_dil`);

--
-- Tablo için indeksler `urun`
--
ALTER TABLE `urun`
  ADD PRIMARY KEY (`urun_id`),
  ADD KEY `langurun` (`urun_dil`),
  ADD KEY `langurunkat` (`urun_kategori`);

--
-- Tablo için indeksler `urungaleri`
--
ALTER TABLE `urungaleri`
  ADD PRIMARY KEY (`urungaleri_id`),
  ADD KEY `urungaleris` (`urun_id`);

--
-- Tablo için indeksler `urunhizmet`
--
ALTER TABLE `urunhizmet`
  ADD PRIMARY KEY (`urunhizmet_id`),
  ADD KEY `langurunhizmet` (`urunhizmet_dil`);

--
-- Tablo için indeksler `urunkategori`
--
ALTER TABLE `urunkategori`
  ADD PRIMARY KEY (`urunkategori_id`),
  ADD KEY `langrefkategori` (`urunkategori_dil`);

--
-- Tablo için indeksler `video`
--
ALTER TABLE `video`
  ADD PRIMARY KEY (`video_id`),
  ADD KEY `langvideo` (`video_dil`);

--
-- Tablo için indeksler `yorum`
--
ALTER TABLE `yorum`
  ADD PRIMARY KEY (`yorum_id`),
  ADD KEY `langyorum` (`yorum_dil`);

--
-- Tablo için AUTO_INCREMENT değeri `bayi`
--
ALTER TABLE `bayi`
  MODIFY `bayi_id` int(11) NOT NULL AUTO_INCREMENT, AUTO_INCREMENT=4;

--
-- Tablo için AUTO_INCREMENT değeri `belge`
--
ALTER TABLE `belge`
  MODIFY `belge_id` int(11) NOT NULL AUTO_INCREMENT, AUTO_INCREMENT=5;

--
-- Tablo için AUTO_INCREMENT değeri `blog`
--
ALTER TABLE `blog`
  MODIFY `blog_id` int(11) NOT NULL AUTO_INCREMENT, AUTO_INCREMENT=18;

--
-- Tablo için AUTO_INCREMENT değeri `bloggoruntu`
--
ALTER TABLE `bloggoruntu`
  MODIFY `bloggoruntu_id` int(11) NOT NULL AUTO_INCREMENT, AUTO_INCREMENT=35;

--
-- Tablo için AUTO_INCREMENT değeri `counter`
--
ALTER TABLE `counter`
  MODIFY `counter_id` int(11) NOT NULL AUTO_INCREMENT, AUTO_INCREMENT=6;

--
-- Tablo için AUTO_INCREMENT değeri `dil`
--
ALTER TABLE `dil`
  MODIFY `dil_id` int(11) NOT NULL AUTO_INCREMENT, AUTO_INCREMENT=6;

--
-- Tablo için AUTO_INCREMENT değeri `duyuru`
--
ALTER TABLE `duyuru`
  MODIFY `duyuru_id` int(11) NOT NULL AUTO_INCREMENT, AUTO_INCREMENT=5;

--
-- Tablo için AUTO_INCREMENT değeri `duyurugoruntu`
--
ALTER TABLE `duyurugoruntu`
  MODIFY `duyurugoruntu_id` int(11) NOT NULL AUTO_INCREMENT, AUTO_INCREMENT=8;

--
-- Tablo için AUTO_INCREMENT değeri `ebulten`
--
ALTER TABLE `ebulten`
  MODIFY `ebulten_id` int(11) NOT NULL AUTO_INCREMENT, AUTO_INCREMENT=19;

--
-- Tablo için AUTO_INCREMENT değeri `ekatalog`
--
ALTER TABLE `ekatalog`
  MODIFY `ekatalog_id` int(11) NOT NULL AUTO_INCREMENT, AUTO_INCREMENT=8;

--
-- Tablo için AUTO_INCREMENT değeri `ekip`
--
ALTER TABLE `ekip`
  MODIFY `ekip_id` int(11) NOT NULL AUTO_INCREMENT, AUTO_INCREMENT=12;

--
-- Tablo için AUTO_INCREMENT değeri `ekipsosyal`
--
ALTER TABLE `ekipsosyal`
  MODIFY `ekipsosyal_id` int(11) NOT NULL AUTO_INCREMENT, AUTO_INCREMENT=29;

--
-- Tablo için AUTO_INCREMENT değeri `footer`
--
ALTER TABLE `footer`
  MODIFY `footer_id` int(11) NOT NULL AUTO_INCREMENT, AUTO_INCREMENT=3;

--
-- Tablo için AUTO_INCREMENT değeri `footermenu`
--
ALTER TABLE `footermenu`
  MODIFY `footermenu_id` int(11) NOT NULL AUTO_INCREMENT, AUTO_INCREMENT=27;

--
-- Tablo için AUTO_INCREMENT değeri `foto`
--
ALTER TABLE `foto`
  MODIFY `foto_id` int(11) NOT NULL AUTO_INCREMENT, AUTO_INCREMENT=39;

--
-- Tablo için AUTO_INCREMENT değeri `fotokategori`
--
ALTER TABLE `fotokategori`
  MODIFY `fotokategori_id` int(11) NOT NULL AUTO_INCREMENT, AUTO_INCREMENT=12;

--
-- Tablo için AUTO_INCREMENT değeri `gelenmesaj`
--
ALTER TABLE `gelenmesaj`
  MODIFY `gelenmesaj_id` int(11) NOT NULL AUTO_INCREMENT, AUTO_INCREMENT=11;

--
-- Tablo için AUTO_INCREMENT değeri `hit`
--
ALTER TABLE `hit`
  MODIFY `id` int(11) NOT NULL AUTO_INCREMENT, AUTO_INCREMENT=99;

--
-- Tablo için AUTO_INCREMENT değeri `hizmet`
--
ALTER TABLE `hizmet`
  MODIFY `hizmet_id` int(11) NOT NULL AUTO_INCREMENT, AUTO_INCREMENT=16;

--
-- Tablo için AUTO_INCREMENT değeri `iletisim`
--
ALTER TABLE `iletisim`
  MODIFY `iletisim_id` int(11) NOT NULL AUTO_INCREMENT, AUTO_INCREMENT=2;

--
-- Tablo için AUTO_INCREMENT değeri `insankaynak`
--
ALTER TABLE `insankaynak`
  MODIFY `insankaynak_id` int(11) NOT NULL AUTO_INCREMENT, AUTO_INCREMENT=9;

--
-- Tablo için AUTO_INCREMENT değeri `insankaynakaciklama`
--
ALTER TABLE `insankaynakaciklama`
  MODIFY `insankaynakaciklama_id` int(11) NOT NULL AUTO_INCREMENT, AUTO_INCREMENT=2;

--
-- Tablo için AUTO_INCREMENT değeri `marka`
--
ALTER TABLE `marka`
  MODIFY `marka_id` int(11) NOT NULL AUTO_INCREMENT, AUTO_INCREMENT=40;

--
-- Tablo için AUTO_INCREMENT değeri `menu`
--
ALTER TABLE `menu`
  MODIFY `menu_id` int(11) NOT NULL AUTO_INCREMENT, AUTO_INCREMENT=110;

--
-- Tablo için AUTO_INCREMENT değeri `meta`
--
ALTER TABLE `meta`
  MODIFY `meta_id` int(11) NOT NULL AUTO_INCREMENT, AUTO_INCREMENT=2;

--
-- Tablo için AUTO_INCREMENT değeri `modulsort`
--
ALTER TABLE `modulsort`
  MODIFY `modulsort_id` int(11) NOT NULL AUTO_INCREMENT, AUTO_INCREMENT=14;

--
-- Tablo için AUTO_INCREMENT değeri `paket`
--
ALTER TABLE `paket`
  MODIFY `paket_id` int(11) NOT NULL AUTO_INCREMENT, AUTO_INCREMENT=23;

--
-- Tablo için AUTO_INCREMENT değeri `paketkategori`
--
ALTER TABLE `paketkategori`
  MODIFY `paketkategori_id` int(11) NOT NULL AUTO_INCREMENT, AUTO_INCREMENT=9;

--
-- Tablo için AUTO_INCREMENT değeri `paketozellik`
--
ALTER TABLE `paketozellik`
  MODIFY `paketozellik_id` int(11) NOT NULL AUTO_INCREMENT, AUTO_INCREMENT=78;

--
-- Tablo için AUTO_INCREMENT değeri `parabirim`
--
ALTER TABLE `parabirim`
  MODIFY `parabirim_id` int(11) NOT NULL AUTO_INCREMENT, AUTO_INCREMENT=4;

--
-- Tablo için AUTO_INCREMENT değeri `proje`
--
ALTER TABLE `proje`
  MODIFY `proje_id` int(11) NOT NULL AUTO_INCREMENT, AUTO_INCREMENT=13;

--
-- Tablo için AUTO_INCREMENT değeri `projegaleri`
--
ALTER TABLE `projegaleri`
  MODIFY `projegaleri_id` int(11) NOT NULL AUTO_INCREMENT, AUTO_INCREMENT=40;

--
-- Tablo için AUTO_INCREMENT değeri `projekategori`
--
ALTER TABLE `projekategori`
  MODIFY `projekategori_id` int(11) NOT NULL AUTO_INCREMENT, AUTO_INCREMENT=3;

--
-- Tablo için AUTO_INCREMENT değeri `referans`
--
ALTER TABLE `referans`
  MODIFY `referans_id` int(11) NOT NULL AUTO_INCREMENT, AUTO_INCREMENT=43;

--
-- Tablo için AUTO_INCREMENT değeri `referanskategori`
--
ALTER TABLE `referanskategori`
  MODIFY `referanskategori_id` int(11) NOT NULL AUTO_INCREMENT, AUTO_INCREMENT=5;

--
-- Tablo için AUTO_INCREMENT değeri `rehber`
--
ALTER TABLE `rehber`
  MODIFY `rehber_id` int(11) NOT NULL AUTO_INCREMENT, AUTO_INCREMENT=11;

--
-- Tablo için AUTO_INCREMENT değeri `sayfa`
--
ALTER TABLE `sayfa`
  MODIFY `sayfa_id` int(11) NOT NULL AUTO_INCREMENT, AUTO_INCREMENT=8;

--
-- Tablo için AUTO_INCREMENT değeri `seo`
--
ALTER TABLE `seo`
  MODIFY `seo_id` int(11) NOT NULL AUTO_INCREMENT, AUTO_INCREMENT=2;

--
-- Tablo için AUTO_INCREMENT değeri `siparis`
--
ALTER TABLE `siparis`
  MODIFY `siparis_id` int(11) NOT NULL AUTO_INCREMENT, AUTO_INCREMENT=11;

--
-- Tablo için AUTO_INCREMENT değeri `sitebakim`
--
ALTER TABLE `sitebakim`
  MODIFY `sitebakim_id` int(11) NOT NULL AUTO_INCREMENT, AUTO_INCREMENT=4;

--
-- Tablo için AUTO_INCREMENT değeri `slider`
--
ALTER TABLE `slider`
  MODIFY `slider_id` int(11) NOT NULL AUTO_INCREMENT, AUTO_INCREMENT=6;

--
-- Tablo için AUTO_INCREMENT değeri `slogan`
--
ALTER TABLE `slogan`
  MODIFY `slogan_id` int(11) NOT NULL AUTO_INCREMENT, AUTO_INCREMENT=3;

--
-- Tablo için AUTO_INCREMENT değeri `sosyal`
--
ALTER TABLE `sosyal`
  MODIFY `sosyal_id` int(11) NOT NULL AUTO_INCREMENT, AUTO_INCREMENT=6;

--
-- Tablo için AUTO_INCREMENT değeri `sss`
--
ALTER TABLE `sss`
  MODIFY `sss_id` int(11) NOT NULL AUTO_INCREMENT, AUTO_INCREMENT=6;

--
-- Tablo için AUTO_INCREMENT değeri `sube`
--
ALTER TABLE `sube`
  MODIFY `sube_id` int(11) NOT NULL AUTO_INCREMENT, AUTO_INCREMENT=8;

--
-- Tablo için AUTO_INCREMENT değeri `urun`
--
ALTER TABLE `urun`
  MODIFY `urun_id` int(11) NOT NULL AUTO_INCREMENT, AUTO_INCREMENT=14;

--
-- Tablo için AUTO_INCREMENT değeri `urungaleri`
--
ALTER TABLE `urungaleri`
  MODIFY `urungaleri_id` int(11) NOT NULL AUTO_INCREMENT, AUTO_INCREMENT=54;

--
-- Tablo için AUTO_INCREMENT değeri `urunhizmet`
--
ALTER TABLE `urunhizmet`
  MODIFY `urunhizmet_id` int(11) NOT NULL AUTO_INCREMENT, AUTO_INCREMENT=6;

--
-- Tablo için AUTO_INCREMENT değeri `urunkategori`
--
ALTER TABLE `urunkategori`
  MODIFY `urunkategori_id` int(11) NOT NULL AUTO_INCREMENT, AUTO_INCREMENT=13;

--
-- Tablo için AUTO_INCREMENT değeri `video`
--
ALTER TABLE `video`
  MODIFY `video_id` int(11) NOT NULL AUTO_INCREMENT, AUTO_INCREMENT=8;

--
-- Tablo için AUTO_INCREMENT değeri `yorum`
--
ALTER TABLE `yorum`
  MODIFY `yorum_id` int(11) NOT NULL AUTO_INCREMENT, AUTO_INCREMENT=14;

--
-- Tablo kısıtlamaları `bayi`
--
ALTER TABLE `bayi`
  ADD CONSTRAINT `langbayi` FOREIGN KEY (`bayi_dil`) REFERENCES `dil` (`dil_id`) ON DELETE CASCADE ON UPDATE CASCADE;

--
-- Tablo kısıtlamaları `belge`
--
ALTER TABLE `belge`
  ADD CONSTRAINT `langbelge` FOREIGN KEY (`belge_dil`) REFERENCES `dil` (`dil_id`) ON DELETE CASCADE ON UPDATE CASCADE;

--
-- Tablo kısıtlamaları `blog`
--
ALTER TABLE `blog`
  ADD CONSTRAINT `langblog` FOREIGN KEY (`blog_dil`) REFERENCES `dil` (`dil_id`) ON DELETE CASCADE ON UPDATE CASCADE;

--
-- Tablo kısıtlamaları `counter`
--
ALTER TABLE `counter`
  ADD CONSTRAINT `langcounter` FOREIGN KEY (`counter_dil`) REFERENCES `dil` (`dil_id`) ON DELETE CASCADE ON UPDATE CASCADE;

--
-- Tablo kısıtlamaları `duyuru`
--
ALTER TABLE `duyuru`
  ADD CONSTRAINT `langduyuru` FOREIGN KEY (`duyuru_dil`) REFERENCES `dil` (`dil_id`) ON DELETE CASCADE ON UPDATE CASCADE;

--
-- Tablo kısıtlamaları `ekatalog`
--
ALTER TABLE `ekatalog`
  ADD CONSTRAINT `langekatalog` FOREIGN KEY (`ekatalog_dil`) REFERENCES `dil` (`dil_id`) ON DELETE CASCADE ON UPDATE CASCADE;

--
-- Tablo kısıtlamaları `ekip`
--
ALTER TABLE `ekip`
  ADD CONSTRAINT `langekip` FOREIGN KEY (`ekip_dil`) REFERENCES `dil` (`dil_id`) ON DELETE CASCADE ON UPDATE CASCADE;

--
-- Tablo kısıtlamaları `ekipsosyal`
--
ALTER TABLE `ekipsosyal`
  ADD CONSTRAINT `ekipsosyalmedya` FOREIGN KEY (`ekipsosyal_ekipid`) REFERENCES `ekip` (`ekip_id`) ON DELETE CASCADE ON UPDATE CASCADE;

--
-- Tablo kısıtlamaları `footer`
--
ALTER TABLE `footer`
  ADD CONSTRAINT `footerlang` FOREIGN KEY (`footer_dil`) REFERENCES `dil` (`dil_id`) ON DELETE CASCADE ON UPDATE CASCADE;

--
-- Tablo kısıtlamaları `footermenu`
--
ALTER TABLE `footermenu`
  ADD CONSTRAINT `langfootermenu` FOREIGN KEY (`footermenu_dil`) REFERENCES `dil` (`dil_id`) ON DELETE CASCADE ON UPDATE CASCADE;

--
-- Tablo kısıtlamaları `foto`
--
ALTER TABLE `foto`
  ADD CONSTRAINT `fotokategorix` FOREIGN KEY (`foto_kategori`) REFERENCES `fotokategori` (`fotokategori_id`) ON DELETE CASCADE ON UPDATE CASCADE;

--
-- Tablo kısıtlamaları `fotokategori`
--
ALTER TABLE `fotokategori`
  ADD CONSTRAINT `langfotokategori` FOREIGN KEY (`fotokategori_dil`) REFERENCES `dil` (`dil_id`) ON DELETE CASCADE ON UPDATE CASCADE;

--
-- Tablo kısıtlamaları `hizmet`
--
ALTER TABLE `hizmet`
  ADD CONSTRAINT `langhizmet` FOREIGN KEY (`hizmet_dil`) REFERENCES `dil` (`dil_id`) ON DELETE CASCADE ON UPDATE CASCADE;

--
-- Tablo kısıtlamaları `iletisim`
--
ALTER TABLE `iletisim`
  ADD CONSTRAINT `langiletisim` FOREIGN KEY (`iletisim_dil`) REFERENCES `dil` (`dil_id`) ON DELETE CASCADE ON UPDATE CASCADE;

--
-- Tablo kısıtlamaları `menu`
--
ALTER TABLE `menu`
  ADD CONSTRAINT `langmenu` FOREIGN KEY (`menu_dil`) REFERENCES `dil` (`dil_id`) ON DELETE CASCADE ON UPDATE CASCADE;

--
-- Tablo kısıtlamaları `meta`
--
ALTER TABLE `meta`
  ADD CONSTRAINT `langmeta` FOREIGN KEY (`meta_dil`) REFERENCES `dil` (`dil_id`) ON DELETE CASCADE ON UPDATE CASCADE;

--
-- Tablo kısıtlamaları `paket`
--
ALTER TABLE `paket`
  ADD CONSTRAINT `langpaket` FOREIGN KEY (`paket_dil`) REFERENCES `dil` (`dil_id`) ON DELETE CASCADE ON UPDATE CASCADE,
  ADD CONSTRAINT `langpaketkat` FOREIGN KEY (`paket_kategori`) REFERENCES `paketkategori` (`paketkategori_id`) ON DELETE CASCADE ON UPDATE CASCADE;

--
-- Tablo kısıtlamaları `paketkategori`
--
ALTER TABLE `paketkategori`
  ADD CONSTRAINT `langpaketkategori` FOREIGN KEY (`paketkategori_dil`) REFERENCES `dil` (`dil_id`) ON DELETE CASCADE ON UPDATE CASCADE;

--
-- Tablo kısıtlamaları `paketozellik`
--
ALTER TABLE `paketozellik`
  ADD CONSTRAINT `langpaketozellik` FOREIGN KEY (`paketozellik_dil`) REFERENCES `dil` (`dil_id`) ON DELETE CASCADE ON UPDATE CASCADE;

--
-- Tablo kısıtlamaları `parabirim`
--
ALTER TABLE `parabirim`
  ADD CONSTRAINT `langparabirim` FOREIGN KEY (`parabirim_dil`) REFERENCES `dil` (`dil_id`) ON DELETE CASCADE ON UPDATE CASCADE;

--
-- Tablo kısıtlamaları `proje`
--
ALTER TABLE `proje`
  ADD CONSTRAINT `langproje` FOREIGN KEY (`proje_dil`) REFERENCES `dil` (`dil_id`) ON DELETE CASCADE ON UPDATE CASCADE,
  ADD CONSTRAINT `langprojekat` FOREIGN KEY (`proje_kategori`) REFERENCES `projekategori` (`projekategori_id`) ON DELETE CASCADE ON UPDATE CASCADE;

--
-- Tablo kısıtlamaları `projekategori`
--
ALTER TABLE `projekategori`
  ADD CONSTRAINT `langprojekategori` FOREIGN KEY (`projekategori_dil`) REFERENCES `dil` (`dil_id`) ON DELETE CASCADE ON UPDATE CASCADE;

--
-- Tablo kısıtlamaları `referans`
--
ALTER TABLE `referans`
  ADD CONSTRAINT `langreferans` FOREIGN KEY (`referans_dil`) REFERENCES `dil` (`dil_id`) ON DELETE CASCADE ON UPDATE CASCADE,
  ADD CONSTRAINT `referanskat` FOREIGN KEY (`referans_kategoriid`) REFERENCES `referanskategori` (`referanskategori_id`) ON DELETE CASCADE ON UPDATE CASCADE;

--
-- Tablo kısıtlamaları `referanskategori`
--
ALTER TABLE `referanskategori`
  ADD CONSTRAINT `langrefkategori` FOREIGN KEY (`referanskategori_dil`) REFERENCES `dil` (`dil_id`) ON DELETE CASCADE ON UPDATE CASCADE;

--
-- Tablo kısıtlamaları `sayfa`
--
ALTER TABLE `sayfa`
  ADD CONSTRAINT `langsayfa` FOREIGN KEY (`sayfa_dil`) REFERENCES `dil` (`dil_id`) ON DELETE CASCADE ON UPDATE CASCADE;

--
-- Tablo kısıtlamaları `seo`
--
ALTER TABLE `seo`
  ADD CONSTRAINT `langseo` FOREIGN KEY (`seo_dil`) REFERENCES `dil` (`dil_id`) ON DELETE CASCADE ON UPDATE CASCADE;

--
-- Tablo kısıtlamaları `sitebakim`
--
ALTER TABLE `sitebakim`
  ADD CONSTRAINT `langsitebakim` FOREIGN KEY (`sitebakim_dil`) REFERENCES `dil` (`dil_id`) ON DELETE CASCADE ON UPDATE CASCADE;

--
-- Tablo kısıtlamaları `slider`
--
ALTER TABLE `slider`
  ADD CONSTRAINT `langslider` FOREIGN KEY (`slider_dil`) REFERENCES `dil` (`dil_id`) ON DELETE CASCADE ON UPDATE CASCADE;

--
-- Tablo kısıtlamaları `slogan`
--
ALTER TABLE `slogan`
  ADD CONSTRAINT `sloganlang` FOREIGN KEY (`slogan_dil`) REFERENCES `dil` (`dil_id`) ON DELETE CASCADE ON UPDATE CASCADE;

--
-- Tablo kısıtlamaları `sss`
--
ALTER TABLE `sss`
  ADD CONSTRAINT `langsss` FOREIGN KEY (`sss_dil`) REFERENCES `dil` (`dil_id`) ON DELETE CASCADE ON UPDATE CASCADE;

--
-- Tablo kısıtlamaları `sube`
--
ALTER TABLE `sube`
  ADD CONSTRAINT `langsube` FOREIGN KEY (`sube_dil`) REFERENCES `dil` (`dil_id`) ON DELETE CASCADE ON UPDATE CASCADE;

--
-- Tablo kısıtlamaları `urun`
--
ALTER TABLE `urun`
  ADD CONSTRAINT `langurun` FOREIGN KEY (`urun_dil`) REFERENCES `dil` (`dil_id`) ON DELETE CASCADE ON UPDATE CASCADE,
  ADD CONSTRAINT `langurunkat` FOREIGN KEY (`urun_kategori`) REFERENCES `urunkategori` (`urunkategori_id`) ON DELETE CASCADE ON UPDATE CASCADE;

--
-- Tablo kısıtlamaları `urunhizmet`
--
ALTER TABLE `urunhizmet`
  ADD CONSTRAINT `langurunhizmet` FOREIGN KEY (`urunhizmet_dil`) REFERENCES `dil` (`dil_id`) ON DELETE CASCADE ON UPDATE CASCADE;

--
-- Tablo kısıtlamaları `urunkategori`
--
ALTER TABLE `urunkategori`
  ADD CONSTRAINT `langurunkategori` FOREIGN KEY (`urunkategori_dil`) REFERENCES `dil` (`dil_id`) ON DELETE CASCADE ON UPDATE CASCADE;

--
-- Tablo kısıtlamaları `video`
--
ALTER TABLE `video`
  ADD CONSTRAINT `langvideo` FOREIGN KEY (`video_dil`) REFERENCES `dil` (`dil_id`) ON DELETE CASCADE ON UPDATE CASCADE;

--
-- Tablo kısıtlamaları `yorum`
--
ALTER TABLE `yorum`
  ADD CONSTRAINT `langyorum` FOREIGN KEY (`yorum_dil`) REFERENCES `dil` (`dil_id`) ON DELETE CASCADE ON UPDATE CASCADE;
COMMIT;

